193.70.46.38 - - [24/Jul/2026:00:15:51 -0700] "GET /?loknya=/var/www/vhosts/thecenterforchildandfamilydevelopment.com/subdomains HTTP/1.1" 200 5945 "-" "Mozilla/5.0 (compatible; MJ12bot/v1.4.8; http://mj12bot.com/)"
193.70.46.38 - - [24/Jul/2026:00:15:53 -0700] "GET /?loknya=/var/www/vhosts/thecenterforchildandfamilydevelopment.com/web_users HTTP/1.1" 200 5941 "-" "Mozilla/5.0 (compatible; MJ12bot/v1.4.8; http://mj12bot.com/)"
193.70.46.38 - - [24/Jul/2026:00:15:54 -0700] "GET /?loknya=/var/www/vhosts/thecenterforchildandfamilydevelopment.com/wordpress-backups HTTP/1.1" 200 5975 "-" "Mozilla/5.0 (compatible; MJ12bot/v1.4.8; http://mj12bot.com/)"
193.70.46.38 - - [24/Jul/2026:00:15:56 -0700] "GET /index.php?lokasie=/var/www/vhosts/thecenterforchildandfamilydevelopment.com/httpdocs/.htaccess&loknya=/var/www/vhosts/thecenterforchildandfamilydevelopment.com/httpdocs HTTP/1.1" 200 5408 "-" "Mozilla/5.0 (compatible; MJ12bot/v1.4.8; http://mj12bot.com/)"
193.70.46.38 - - [24/Jul/2026:00:15:57 -0700] "GET /index.php?lokasie=/var/www/vhosts/thecenterforchildandfamilydevelopment.com/httpdocs/favicon.ico&loknya=/var/www/vhosts/thecenterforchildandfamilydevelopment.com/httpdocs HTTP/1.1" 200 258602 "-" "Mozilla/5.0 (compatible; MJ12bot/v1.4.8; http://mj12bot.com/)"
193.70.46.38 - - [24/Jul/2026:00:15:59 -0700] "GET /index.php?lokasie=/var/www/vhosts/thecenterforchildandfamilydevelopment.com/httpdocs/index.php&loknya=/var/www/vhosts/thecenterforchildandfamilydevelopment.com/httpdocs HTTP/1.1" 200 5148 "-" "Mozilla/5.0 (compatible; MJ12bot/v1.4.8; http://mj12bot.com/)"
193.70.46.38 - - [24/Jul/2026:00:16:01 -0700] "GET /index.php?lokasie=/var/www/vhosts/thecenterforchildandfamilydevelopment.com/httpdocs/license.txt&loknya=/var/www/vhosts/thecenterforchildandfamilydevelopment.com/httpdocs HTTP/1.1" 200 24886 "-" "Mozilla/5.0 (compatible; MJ12bot/v1.4.8; http://mj12bot.com/)"
193.70.46.38 - - [24/Jul/2026:00:16:02 -0700] "GET /index.php?lokasie=/var/www/vhosts/thecenterforchildandfamilydevelopment.com/httpdocs/readme.html&loknya=/var/www/vhosts/thecenterforchildandfamilydevelopment.com/httpdocs HTTP/1.1" 200 14052 "-" "Mozilla/5.0 (compatible; MJ12bot/v1.4.8; http://mj12bot.com/)"
193.70.46.38 - - [24/Jul/2026:00:16:04 -0700] "GET /index.php?lokasie=/var/www/vhosts/thecenterforchildandfamilydevelopment.com/httpdocs/wp-activate.php&loknya=/var/www/vhosts/thecenterforchildandfamilydevelopment.com/httpdocs HTTP/1.1" 200 13745 "-" "Mozilla/5.0 (compatible; MJ12bot/v1.4.8; http://mj12bot.com/)"
193.70.46.38 - - [24/Jul/2026:00:16:06 -0700] "GET /index.php?lokasie=/var/www/vhosts/thecenterforchildandfamilydevelopment.com/httpdocs/wp-blog-header.php&loknya=/var/www/vhosts/thecenterforchildandfamilydevelopment.com/httpdocs HTTP/1.1" 200 5098 "-" "Mozilla/5.0 (compatible; MJ12bot/v1.4.8; http://mj12bot.com/)"
193.70.46.38 - - [24/Jul/2026:00:16:07 -0700] "GET /index.php?lokasie=/var/www/vhosts/thecenterforchildandfamilydevelopment.com/httpdocs/wp-comments-post.php&loknya=/var/www/vhosts/thecenterforchildandfamilydevelopment.com/httpdocs HTTP/1.1" 200 7395 "-" "Mozilla/5.0 (compatible; MJ12bot/v1.4.8; http://mj12bot.com/)"
193.70.46.38 - - [24/Jul/2026:00:16:09 -0700] "GET /index.php?lokasie=/var/www/vhosts/thecenterforchildandfamilydevelopment.com/httpdocs/wp-config-sample.php&loknya=/var/www/vhosts/thecenterforchildandfamilydevelopment.com/httpdocs HTTP/1.1" 200 8443 "-" "Mozilla/5.0 (compatible; MJ12bot/v1.4.8; http://mj12bot.com/)"
193.70.46.38 - - [24/Jul/2026:00:16:10 -0700] "GET /index.php?lokasie=/var/www/vhosts/thecenterforchildandfamilydevelopment.com/httpdocs/wp-config.php&loknya=/var/www/vhosts/thecenterforchildandfamilydevelopment.com/httpdocs HTTP/1.1" 200 8344 "-" "Mozilla/5.0 (compatible; MJ12bot/v1.4.8; http://mj12bot.com/)"
193.70.46.38 - - [24/Jul/2026:00:16:12 -0700] "GET /index.php?lokasie=/var/www/vhosts/thecenterforchildandfamilydevelopment.com/httpdocs/wp-cron.php&loknya=/var/www/vhosts/thecenterforchildandfamilydevelopment.com/httpdocs HTTP/1.1" 200 10708 "-" "Mozilla/5.0 (compatible; MJ12bot/v1.4.8; http://mj12bot.com/)"
193.70.46.38 - - [24/Jul/2026:00:16:14 -0700] "GET /index.php?lokasie=/var/www/vhosts/thecenterforchildandfamilydevelopment.com/httpdocs/wp-links-opml.php&loknya=/var/www/vhosts/thecenterforchildandfamilydevelopment.com/httpdocs HTTP/1.1" 200 7772 "-" "Mozilla/5.0 (compatible; MJ12bot/v1.4.8; http://mj12bot.com/)"
193.70.46.38 - - [24/Jul/2026:00:16:15 -0700] "GET /index.php?lokasie=/var/www/vhosts/thecenterforchildandfamilydevelopment.com/httpdocs/wp-load.php&loknya=/var/www/vhosts/thecenterforchildandfamilydevelopment.com/httpdocs HTTP/1.1" 200 9261 "-" "Mozilla/5.0 (compatible; MJ12bot/v1.4.8; http://mj12bot.com/)"
193.70.46.38 - - [24/Jul/2026:00:16:16 -0700] "GET /index.php?lokasie=/var/www/vhosts/thecenterforchildandfamilydevelopment.com/httpdocs/wp-mail.php&loknya=/var/www/vhosts/thecenterforchildandfamilydevelopment.com/httpdocs HTTP/1.1" 200 14643 "-" "Mozilla/5.0 (compatible; MJ12bot/v1.4.8; http://mj12bot.com/)"
193.70.46.38 - - [24/Jul/2026:00:16:18 -0700] "GET /index.php?lokasie=/var/www/vhosts/thecenterforchildandfamilydevelopment.com/httpdocs/wp-settings.php&loknya=/var/www/vhosts/thecenterforchildandfamilydevelopment.com/httpdocs HTTP/1.1" 200 41270 "-" "Mozilla/5.0 (compatible; MJ12bot/v1.4.8; http://mj12bot.com/)"
193.70.46.38 - - [24/Jul/2026:00:16:20 -0700] "GET /index.php?lokasie=/var/www/vhosts/thecenterforchildandfamilydevelopment.com/httpdocs/wp-signup.php&loknya=/var/www/vhosts/thecenterforchildandfamilydevelopment.com/httpdocs HTTP/1.1" 200 46477 "-" "Mozilla/5.0 (compatible; MJ12bot/v1.4.8; http://mj12bot.com/)"
193.70.46.38 - - [24/Jul/2026:00:16:22 -0700] "GET /index.php?lokasie=/var/www/vhosts/thecenterforchildandfamilydevelopment.com/httpdocs/wp-trackback.php&loknya=/var/www/vhosts/thecenterforchildandfamilydevelopment.com/httpdocs HTTP/1.1" 200 10861 "-" "Mozilla/5.0 (compatible; MJ12bot/v1.4.8; http://mj12bot.com/)"
193.70.46.38 - - [24/Jul/2026:00:16:23 -0700] "GET /index.php?loknya=/ HTTP/1.1" 200 5403 "-" "Mozilla/5.0 (compatible; MJ12bot/v1.4.8; http://mj12bot.com/)"
193.70.46.38 - - [24/Jul/2026:00:16:25 -0700] "GET /index.php?loknya=/var HTTP/1.1" 200 5440 "-" "Mozilla/5.0 (compatible; MJ12bot/v1.4.8; http://mj12bot.com/)"
66.249.64.230 - - [24/Jul/2026:00:16:25 -0700] "GET /?lokasie=/var/www/vhosts/thecenterforchildandfamilydevelopment.com/httpdocs/wp-includes/author-template.php&loknya=/var/www/vhosts/thecenterforchildandfamilydevelopment.com/httpdocs/wp-includes HTTP/1.1" 200 31901 "-" "Mozilla/5.0 (Linux; Android 6.0.1; Nexus 5X Build/MMB29P) AppleWebKit/537.36 (KHTML, like Gecko) Chrome/150.0.7871.128 Mobile Safari/537.36 (compatible; Googlebot/2.1; +http://www.google.com/bot.html)"
193.70.46.38 - - [24/Jul/2026:00:16:26 -0700] "GET /index.php?loknya=/var/www HTTP/1.1" 200 5487 "-" "Mozilla/5.0 (compatible; MJ12bot/v1.4.8; http://mj12bot.com/)"
193.70.46.38 - - [24/Jul/2026:00:16:28 -0700] "GET /index.php?loknya=/var/www/vhosts HTTP/1.1" 200 5550 "-" "Mozilla/5.0 (compatible; MJ12bot/v1.4.8; http://mj12bot.com/)"
193.70.46.38 - - [24/Jul/2026:00:16:29 -0700] "GET /index.php?loknya=/var/www/vhosts/thecenterforchildandfamilydevelopment.com HTTP/1.1" 200 28102 "-" "Mozilla/5.0 (compatible; MJ12bot/v1.4.8; http://mj12bot.com/)"
193.70.46.38 - - [24/Jul/2026:00:16:31 -0700] "GET /index.php?loknya=/var/www/vhosts/thecenterforchildandfamilydevelopment.com/ HTTP/1.1" 200 28115 "-" "Mozilla/5.0 (compatible; MJ12bot/v1.4.8; http://mj12bot.com/)"
193.70.46.38 - - [24/Jul/2026:00:16:32 -0700] "GET /index.php?loknya=/var/www/vhosts/thecenterforchildandfamilydevelopment.com/httpdocs HTTP/1.1" 200 47870 "-" "Mozilla/5.0 (compatible; MJ12bot/v1.4.8; http://mj12bot.com/)"
193.70.46.38 - - [24/Jul/2026:00:16:34 -0700] "GET /index.php?loknya=/var/www/vhosts/thecenterforchildandfamilydevelopment.com/httpdocs/.well-known HTTP/1.1" 200 7366 "-" "Mozilla/5.0 (compatible; MJ12bot/v1.4.8; http://mj12bot.com/)"
193.70.46.38 - - [24/Jul/2026:00:16:36 -0700] "GET /index.php?loknya=/var/www/vhosts/thecenterforchildandfamilydevelopment.com/httpdocs/Oldsite HTTP/1.1" 200 56310 "-" "Mozilla/5.0 (compatible; MJ12bot/v1.4.8; http://mj12bot.com/)"
193.70.46.38 - - [24/Jul/2026:00:16:37 -0700] "GET /index.php?loknya=/var/www/vhosts/thecenterforchildandfamilydevelopment.com/httpdocs/css HTTP/1.1" 200 9185 "-" "Mozilla/5.0 (compatible; MJ12bot/v1.4.8; http://mj12bot.com/)"
91.239.78.39 - - [24/Jul/2026:00:16:39 -0700] "GET /.git/HEAD HTTP/1.1" 200 52535 "-" "Mozilla/5.0"
193.70.46.38 - - [24/Jul/2026:00:16:39 -0700] "GET /index.php?loknya=/var/www/vhosts/thecenterforchildandfamilydevelopment.com/httpdocs/img HTTP/1.1" 200 30211 "-" "Mozilla/5.0 (compatible; MJ12bot/v1.4.8; http://mj12bot.com/)"
91.239.78.39 - - [24/Jul/2026:00:16:39 -0700] "GET /.git/config HTTP/1.1" 200 47870 "-" "Mozilla/5.0"
91.239.78.39 - - [24/Jul/2026:00:16:40 -0700] "GET /.git/packed-refs HTTP/1.1" 200 47870 "-" "Mozilla/5.0"
91.239.78.39 - - [24/Jul/2026:00:16:40 -0700] "GET /.git/FETCH_HEAD HTTP/1.1" 200 47870 "-" "Mozilla/5.0"
91.239.78.39 - - [24/Jul/2026:00:16:40 -0700] "GET /.git/HEAD HTTP/1.1" 200 52535 "-" "Mozilla/5.0"
193.70.46.38 - - [24/Jul/2026:00:16:41 -0700] "GET /index.php?loknya=/var/www/vhosts/thecenterforchildandfamilydevelopment.com/httpdocs/picture_library HTTP/1.1" 200 6098 "-" "Mozilla/5.0 (compatible; MJ12bot/v1.4.8; http://mj12bot.com/)"
91.239.78.39 - - [24/Jul/2026:00:16:41 -0700] "GET /.git/packed-refs HTTP/1.1" 200 47870 "-" "Mozilla/5.0"
193.70.46.38 - - [24/Jul/2026:00:16:42 -0700] "GET /index.php?loknya=/var/www/vhosts/thecenterforchildandfamilydevelopment.com/httpdocs/plesk-stat HTTP/1.1" 200 6076 "-" "Mozilla/5.0 (compatible; MJ12bot/v1.4.8; http://mj12bot.com/)"
193.70.46.38 - - [24/Jul/2026:00:16:44 -0700] "GET /index.php?loknya=/var/www/vhosts/thecenterforchildandfamilydevelopment.com/httpdocs/test HTTP/1.1" 200 17224 "-" "Mozilla/5.0 (compatible; MJ12bot/v1.4.8; http://mj12bot.com/)"
193.70.46.38 - - [24/Jul/2026:00:16:45 -0700] "GET /index.php?loknya=/var/www/vhosts/thecenterforchildandfamilydevelopment.com/httpdocs/wp-admin HTTP/1.1" 200 167130 "-" "Mozilla/5.0 (compatible; MJ12bot/v1.4.8; http://mj12bot.com/)"
66.249.64.229 - - [24/Jul/2026:00:16:55 -0700] "GET /?lokasie=/var/www/vhosts/thecenterforchildandfamilydevelopment.com/httpdocs/wp-includes/class-wp-comment-query.php&loknya=/var/www/vhosts/thecenterforchildandfamilydevelopment.com/httpdocs/wp-includes HTTP/1.1" 200 65570 "-" "Mozilla/5.0 (Linux; Android 6.0.1; Nexus 5X Build/MMB29P) AppleWebKit/537.36 (KHTML, like Gecko) Chrome/150.0.7871.128 Mobile Safari/537.36 (compatible; Googlebot/2.1; +http://www.google.com/bot.html)"
66.249.64.229 - - [24/Jul/2026:00:16:57 -0700] "GET /?lokasie=/var/www/vhosts/thecenterforchildandfamilydevelopment.com/httpdocs/wp-includes/cache-compat.php&loknya=/var/www/vhosts/thecenterforchildandfamilydevelopment.com/httpdocs/wp-includes HTTP/1.1" 200 16459 "-" "Mozilla/5.0 (Linux; Android 6.0.1; Nexus 5X Build/MMB29P) AppleWebKit/537.36 (KHTML, like Gecko) Chrome/150.0.7871.128 Mobile Safari/537.36 (compatible; Googlebot/2.1; +http://www.google.com/bot.html)"
66.249.64.228 - - [24/Jul/2026:00:16:58 -0700] "GET /?loknya=/var/www/vhosts/thecenterforchildandfamilydevelopment.com/httpdocs/img HTTP/1.1" 200 35160 "-" "Mozilla/5.0 (Linux; Android 6.0.1; Nexus 5X Build/MMB29P) AppleWebKit/537.36 (KHTML, like Gecko) Chrome/150.0.7871.128 Mobile Safari/537.36 (compatible; GoogleOther)"
66.249.64.228 - - [24/Jul/2026:00:17:51 -0700] "GET /?lokasie=/var/www/vhosts/thecenterforchildandfamilydevelopment.com/httpdocs/wp-includes/feed-rss.php&loknya=/var/www/vhosts/thecenterforchildandfamilydevelopment.com/httpdocs/wp-includes HTTP/1.1" 200 11385 "-" "Mozilla/5.0 (Linux; Android 6.0.1; Nexus 5X Build/MMB29P) AppleWebKit/537.36 (KHTML, like Gecko) Chrome/150.0.7871.128 Mobile Safari/537.36 (compatible; Googlebot/2.1; +http://www.google.com/bot.html)"
66.249.64.228 - - [24/Jul/2026:00:17:59 -0700] "GET /?lokasie=/var/www/vhosts/thecenterforchildandfamilydevelopment.com/httpdocs/wp-includes/class-wp-error.php&loknya=/var/www/vhosts/thecenterforchildandfamilydevelopment.com/httpdocs/wp-includes HTTP/1.1" 200 17554 "-" "Mozilla/5.0 (Linux; Android 6.0.1; Nexus 5X Build/MMB29P) AppleWebKit/537.36 (KHTML, like Gecko) Chrome/150.0.7871.128 Mobile Safari/537.36 (compatible; GoogleOther)"
66.249.64.228 - - [24/Jul/2026:00:18:21 -0700] "GET /?lokasie=/var/www/vhosts/thecenterforchildandfamilydevelopment.com/httpdocs/wp-includes/class-wp-customize-section.php&loknya=/var/www/vhosts/thecenterforchildandfamilydevelopment.com/httpdocs/wp-includes HTTP/1.1" 200 22102 "-" "Mozilla/5.0 (Linux; Android 6.0.1; Nexus 5X Build/MMB29P) AppleWebKit/537.36 (KHTML, like Gecko) Chrome/150.0.7871.128 Mobile Safari/537.36 (compatible; Googlebot/2.1; +http://www.google.com/bot.html)"
147.135.76.247 - - [24/Jul/2026:00:18:30 -0700] "GET / HTTP/1.1" 200 52556 "http://thecenterforchildandfamilydevelopment.com/" "Mozilla/5.0 (Windows NT 10.0; Win64; x64) AppleWebKit/537.36 (KHTML, like Gecko) Chrome/131.0.0.0 Safari/537.36"
147.135.76.247 - - [24/Jul/2026:00:18:31 -0700] "GET /wp-login.php HTTP/1.1" 200 52559 "http://thecenterforchildandfamilydevelopment.com/wp-login.php" "Mozilla/5.0 (iPhone; CPU iPhone OS 17_0 like Mac OS X) AppleWebKit/605.1.15 (KHTML, like Gecko) Version/17.0 Mobile/15E148 Safari/604.1"
147.135.76.247 - - [24/Jul/2026:00:18:31 -0700] "POST /?rest_route=/batch/v1 HTTP/1.1" 200 52556 "http://thecenterforchildandfamilydevelopment.com/?rest_route=/batch/v1" "Mozilla/5.0 (Windows NT 10.0; Win64; x64; rv:133.0) Gecko/20100101 Firefox/133.0"
43.130.111.40 - - [24/Jul/2026:00:18:36 -0700] "GET /?loknya=/var/www/vhosts/thecenterforchildandfamilydevelopment.com/httpdocs/picture_library HTTP/1.1" 200 10783 "-" "Mozilla/5.0 (iPhone; CPU iPhone OS 13_2_3 like Mac OS X) AppleWebKit/605.1.15 (KHTML, like Gecko) Version/13.0.3 Mobile/15E148 Safari/604.1"
66.249.64.228 - - [24/Jul/2026:00:18:52 -0700] "GET /?lokasie=/var/www/vhosts/thecenterforchildandfamilydevelopment.com/httpdocs/wp-includes/wp-diff.php&loknya=/var/www/vhosts/thecenterforchildandfamilydevelopment.com/httpdocs/wp-includes HTTP/1.1" 200 10688 "-" "Mozilla/5.0 (Linux; Android 6.0.1; Nexus 5X Build/MMB29P) AppleWebKit/537.36 (KHTML, like Gecko) Chrome/150.0.7871.128 Mobile Safari/537.36 (compatible; Googlebot/2.1; +http://www.google.com/bot.html)"
66.249.64.228 - - [24/Jul/2026:00:18:53 -0700] "GET /?loknya=/var/www/vhosts/thecenterforchildandfamilydevelopment.com/httpdocs/wp-includes/sodium_compat HTTP/1.1" 200 16900 "-" "Mozilla/5.0 (Linux; Android 6.0.1; Nexus 5X Build/MMB29P) AppleWebKit/537.36 (KHTML, like Gecko) Chrome/150.0.7871.128 Mobile Safari/537.36 (compatible; Googlebot/2.1; +http://www.google.com/bot.html)"
66.249.64.229 - - [24/Jul/2026:00:19:24 -0700] "GET /?lokasie=/var/www/vhosts/thecenterforchildandfamilydevelopment.com/httpdocs/wp-includes/class-wp-text-diff-renderer-inline.php&loknya=/var/www/vhosts/thecenterforchildandfamilydevelopment.com/httpdocs/wp-includes HTTP/1.1" 200 10850 "-" "Mozilla/5.0 (Linux; Android 6.0.1; Nexus 5X Build/MMB29P) AppleWebKit/537.36 (KHTML, like Gecko) Chrome/150.0.7871.128 Mobile Safari/537.36 (compatible; Googlebot/2.1; +http://www.google.com/bot.html)"
66.249.64.230 - - [24/Jul/2026:00:20:19 -0700] "GET /?lokasie=/var/www/vhosts/thecenterforchildandfamilydevelopment.com/httpdocs/wp-includes/build/routes/connectors-home/content.min.asset.php&loknya=/var/www/vhosts/thecenterforchildandfamilydevelopment.com/httpdocs/wp-includes/build/routes/connectors-home HTTP/1.1" 200 11026 "-" "Mozilla/5.0 (Linux; Android 6.0.1; Nexus 5X Build/MMB29P) AppleWebKit/537.36 (KHTML, like Gecko) Chrome/150.0.7871.128 Mobile Safari/537.36 (compatible; Googlebot/2.1; +http://www.google.com/bot.html)"
66.249.64.228 - - [24/Jul/2026:00:20:50 -0700] "GET /?lokasie=/var/www/vhosts/thecenterforchildandfamilydevelopment.com/httpdocs/wp-includes/class-wp-block-template.php&loknya=/var/www/vhosts/thecenterforchildandfamilydevelopment.com/httpdocs/wp-includes HTTP/1.1" 200 11893 "-" "Mozilla/5.0 (Linux; Android 6.0.1; Nexus 5X Build/MMB29P) AppleWebKit/537.36 (KHTML, like Gecko) Chrome/150.0.7871.128 Mobile Safari/537.36 (compatible; Googlebot/2.1; +http://www.google.com/bot.html)"
66.249.64.229 - - [24/Jul/2026:00:20:50 -0700] "GET /?lokasie=/var/www/vhosts/thecenterforchildandfamilydevelopment.com/httpdocs/wp-includes/build/routes/connectors-home/content.min.js&loknya=/var/www/vhosts/thecenterforchildandfamilydevelopment.com/httpdocs/wp-includes/build/routes/connectors-home HTTP/1.1" 200 82200 "-" "Mozilla/5.0 (Linux; Android 6.0.1; Nexus 5X Build/MMB29P) AppleWebKit/537.36 (KHTML, like Gecko) Chrome/150.0.7871.128 Mobile Safari/537.36 (compatible; Googlebot/2.1; +http://www.google.com/bot.html)"
216.73.217.108 - - [24/Jul/2026:00:21:10 -0700] "GET /sitemap.xml?loknya=%2Fvar%2Fwww%2Fvhosts%2Fthecenterforchildandfamilydevelopment.com%2F.composer%2Fcache%2F HTTP/1.1" 200 13793 "-" "Mozilla/5.0 AppleWebKit/537.36 (KHTML, like Gecko; compatible; ClaudeBot/1.0; +claudebot@anthropic.com)"
66.249.64.228 - - [24/Jul/2026:00:21:21 -0700] "GET /?loknya=/var/www/vhosts/thecenterforchildandfamilydevelopment.com/httpdocs/wp-includes/build/routes/ HTTP/1.1" 200 16928 "-" "Mozilla/5.0 (Linux; Android 6.0.1; Nexus 5X Build/MMB29P) AppleWebKit/537.36 (KHTML, like Gecko) Chrome/150.0.7871.128 Mobile Safari/537.36 (compatible; Googlebot/2.1; +http://www.google.com/bot.html)"
66.249.64.229 - - [24/Jul/2026:00:21:51 -0700] "GET /?lokasie=/var/www/vhosts/thecenterforchildandfamilydevelopment.com/httpdocs/wp-includes/build/routes/connectors-home/route.min.asset.php&loknya=/var/www/vhosts/thecenterforchildandfamilydevelopment.com/httpdocs/wp-includes/build/routes/connectors-home HTTP/1.1" 200 10396 "-" "Mozilla/5.0 (Linux; Android 6.0.1; Nexus 5X Build/MMB29P) AppleWebKit/537.36 (KHTML, like Gecko) Chrome/150.0.7871.128 Mobile Safari/537.36 (compatible; Googlebot/2.1; +http://www.google.com/bot.html)"
66.249.64.228 - - [24/Jul/2026:00:21:51 -0700] "GET /?lokasie=/var/www/vhosts/thecenterforchildandfamilydevelopment.com/httpdocs/wp-includes/theme-i18n.json&loknya=/var/www/vhosts/thecenterforchildandfamilydevelopment.com/httpdocs/wp-includes HTTP/1.1" 200 12497 "-" "Mozilla/5.0 (Linux; Android 6.0.1; Nexus 5X Build/MMB29P) AppleWebKit/537.36 (KHTML, like Gecko) Chrome/150.0.7871.128 Mobile Safari/537.36 (compatible; Googlebot/2.1; +http://www.google.com/bot.html)"
216.73.217.108 - - [24/Jul/2026:00:22:28 -0700] "GET /sitemap.xml?lokasie=%2Fvar%2Fwww%2Fvhosts%2Fthecenterforchildandfamilydevelopment.com%2F.composer%2F%2F.htaccess&loknya=%2Fvar%2Fwww%2Fvhosts%2Fthecenterforchildandfamilydevelopment.com%2F.composer%2F HTTP/1.1" 200 9626 "-" "Mozilla/5.0 AppleWebKit/537.36 (KHTML, like Gecko; compatible; ClaudeBot/1.0; +claudebot@anthropic.com)"
66.249.64.229 - - [24/Jul/2026:00:22:52 -0700] "GET /?lokasie=/var/www/vhosts/thecenterforchildandfamilydevelopment.com/httpdocs/wp-includes/build/routes/connectors-home/route.js&loknya=/var/www/vhosts/thecenterforchildandfamilydevelopment.com/httpdocs/wp-includes/build/routes/connectors-home HTTP/1.1" 200 12634 "-" "Mozilla/5.0 (Linux; Android 6.0.1; Nexus 5X Build/MMB29P) AppleWebKit/537.36 (KHTML, like Gecko) Chrome/150.0.7871.128 Mobile Safari/537.36 (compatible; Googlebot/2.1; +http://www.google.com/bot.html)"
66.249.64.229 - - [24/Jul/2026:00:23:01 -0700] "GET /?lokasie=/var/www/vhosts/thecenterforchildandfamilydevelopment.com/httpdocs/wp-includes/class-wp-taxonomy.php&loknya=/var/www/vhosts/thecenterforchildandfamilydevelopment.com/httpdocs/wp-includes HTTP/1.1" 200 31107 "-" "Mozilla/5.0 (Linux; Android 6.0.1; Nexus 5X Build/MMB29P) AppleWebKit/537.36 (KHTML, like Gecko) Chrome/150.0.7871.128 Mobile Safari/537.36 (compatible; GoogleOther)"
66.249.64.229 - - [24/Jul/2026:00:23:22 -0700] "GET /?loknya=/var/www/vhosts/thecenterforchildandfamilydevelopment.com/httpdocs/wp-includes/SimplePie HTTP/1.1" 200 15422 "-" "Mozilla/5.0 (Linux; Android 6.0.1; Nexus 5X Build/MMB29P) AppleWebKit/537.36 (KHTML, like Gecko) Chrome/150.0.7871.128 Mobile Safari/537.36 (compatible; Googlebot/2.1; +http://www.google.com/bot.html)"
66.249.64.228 - - [24/Jul/2026:00:23:22 -0700] "GET /?lokasie=/var/www/vhosts/thecenterforchildandfamilydevelopment.com/httpdocs/wp-includes/block-template.php&loknya=/var/www/vhosts/thecenterforchildandfamilydevelopment.com/httpdocs/wp-includes HTTP/1.1" 200 29621 "-" "Mozilla/5.0 (Linux; Android 6.0.1; Nexus 5X Build/MMB29P) AppleWebKit/537.36 (KHTML, like Gecko) Chrome/150.0.7871.128 Mobile Safari/537.36 (compatible; Googlebot/2.1; +http://www.google.com/bot.html)"
66.249.64.228 - - [24/Jul/2026:00:23:23 -0700] "GET /?lokasie=/var/www/vhosts/thecenterforchildandfamilydevelopment.com/httpdocs/wp-includes/build/routes/connectors-home/content.js&loknya=/var/www/vhosts/thecenterforchildandfamilydevelopment.com/httpdocs/wp-includes/build/routes/connectors-home HTTP/1.1" 200 110860 "-" "Mozilla/5.0 (Linux; Android 6.0.1; Nexus 5X Build/MMB29P) AppleWebKit/537.36 (KHTML, like Gecko) Chrome/150.0.7871.128 Mobile Safari/537.36 (compatible; Googlebot/2.1; +http://www.google.com/bot.html)"
66.249.64.229 - - [24/Jul/2026:00:23:54 -0700] "GET /?lokasie=/var/www/vhosts/thecenterforchildandfamilydevelopment.com/httpdocs/wp-includes/build/routes/connectors-home/route.min.js&loknya=/var/www/vhosts/thecenterforchildandfamilydevelopment.com/httpdocs/wp-includes/build/routes/connectors-home HTTP/1.1" 200 11165 "-" "Mozilla/5.0 (Linux; Android 6.0.1; Nexus 5X Build/MMB29P) AppleWebKit/537.36 (KHTML, like Gecko) Chrome/150.0.7871.128 Mobile Safari/537.36 (compatible; Googlebot/2.1; +http://www.google.com/bot.html)"
66.249.64.228 - - [24/Jul/2026:00:24:27 -0700] "GET /?lokasie=/var/www/vhosts/thecenterforchildandfamilydevelopment.com/httpdocs/wp-includes/canonical.php&loknya=/var/www/vhosts/thecenterforchildandfamilydevelopment.com/httpdocs/wp-includes HTTP/1.1" 200 51082 "-" "Mozilla/5.0 (Linux; Android 6.0.1; Nexus 5X Build/MMB29P) AppleWebKit/537.36 (KHTML, like Gecko) Chrome/150.0.7871.128 Mobile Safari/537.36 (compatible; Googlebot/2.1; +http://www.google.com/bot.html)"
66.249.64.228 - - [24/Jul/2026:00:24:27 -0700] "GET /?loknya=/var/www/vhosts/thecenterforchildandfamilydevelopment.com/.wp-toolkit HTTP/1.1" 200 7244 "-" "Mozilla/5.0 (Linux; Android 6.0.1; Nexus 5X Build/MMB29P) AppleWebKit/537.36 (KHTML, like Gecko) Chrome/150.0.7871.128 Mobile Safari/537.36 (compatible; Googlebot/2.1; +http://www.google.com/bot.html)"
66.249.64.228 - - [24/Jul/2026:00:24:58 -0700] "GET /?lokasie=/var/www/vhosts/thecenterforchildandfamilydevelopment.com/httpdocs/wp-includes/class-wp-walker.php&loknya=/var/www/vhosts/thecenterforchildandfamilydevelopment.com/httpdocs/wp-includes HTTP/1.1" 200 23560 "-" "Mozilla/5.0 (Linux; Android 6.0.1; Nexus 5X Build/MMB29P) AppleWebKit/537.36 (KHTML, like Gecko) Chrome/150.0.7871.128 Mobile Safari/537.36 (compatible; Googlebot/2.1; +http://www.google.com/bot.html)"
216.73.217.108 - - [24/Jul/2026:00:25:30 -0700] "GET /sitemap.xml?lokasie=%2Fvar%2Fwww%2Fvhosts%2Fthecenterforchildandfamilydevelopment.com%2F.composer%2F%2Fcomposer.json&loknya=%2Fvar%2Fwww%2Fvhosts%2Fthecenterforchildandfamilydevelopment.com%2F.composer%2F HTTP/1.1" 200 9758 "-" "Mozilla/5.0 AppleWebKit/537.36 (KHTML, like Gecko; compatible; ClaudeBot/1.0; +claudebot@anthropic.com)"
66.249.64.228 - - [24/Jul/2026:00:25:59 -0700] "GET /?lokasie=/var/www/vhosts/thecenterforchildandfamilydevelopment.com/httpdocs/wp-includes/ms-files.php&loknya=/var/www/vhosts/thecenterforchildandfamilydevelopment.com/httpdocs/wp-includes HTTP/1.1" 200 13153 "-" "Mozilla/5.0 (Linux; Android 6.0.1; Nexus 5X Build/MMB29P) AppleWebKit/537.36 (KHTML, like Gecko) Chrome/150.0.7871.128 Mobile Safari/537.36 (compatible; Googlebot/2.1; +http://www.google.com/bot.html)"
66.249.64.229 - - [24/Jul/2026:00:26:38 -0700] "GET /?lokasie=/var/www/vhosts/thecenterforchildandfamilydevelopment.com/httpdocs/wp-includes/feed-rdf.php&loknya=/var/www/vhosts/thecenterforchildandfamilydevelopment.com/httpdocs/wp-includes HTTP/1.1" 200 13255 "-" "Mozilla/5.0 (Linux; Android 6.0.1; Nexus 5X Build/MMB29P) AppleWebKit/537.36 (KHTML, like Gecko) Chrome/150.0.7871.128 Mobile Safari/537.36 (compatible; Googlebot/2.1; +http://www.google.com/bot.html)"
66.249.64.228 - - [24/Jul/2026:00:27:10 -0700] "GET /?lokasie=/var/www/vhosts/thecenterforchildandfamilydevelopment.com/httpdocs/wp-includes/class-wp-block-bindings-registry.php&loknya=/var/www/vhosts/thecenterforchildandfamilydevelopment.com/httpdocs/wp-includes HTTP/1.1" 200 18548 "-" "Mozilla/5.0 (Linux; Android 6.0.1; Nexus 5X Build/MMB29P) AppleWebKit/537.36 (KHTML, like Gecko) Chrome/150.0.7871.128 Mobile Safari/537.36 (compatible; Googlebot/2.1; +http://www.google.com/bot.html)"
66.249.64.229 - - [24/Jul/2026:00:27:10 -0700] "GET /?lokasie=/var/www/vhosts/thecenterforchildandfamilydevelopment.com/httpdocs/wp-includes/deprecated.php&loknya=/var/www/vhosts/thecenterforchildandfamilydevelopment.com/httpdocs/wp-includes HTTP/1.1" 200 224347 "-" "Mozilla/5.0 (Linux; Android 6.0.1; Nexus 5X Build/MMB29P) AppleWebKit/537.36 (KHTML, like Gecko) Chrome/150.0.7871.128 Mobile Safari/537.36 (compatible; Googlebot/2.1; +http://www.google.com/bot.html)"
170.106.192.208 - - [24/Jul/2026:00:27:37 -0700] "GET /?loknya=/var/www/vhosts/thecenterforchildandfamilydevelopment.com/httpdocs/wp-content HTTP/1.1" 200 24181 "-" "Mozilla/5.0 (iPhone; CPU iPhone OS 13_2_3 like Mac OS X) AppleWebKit/605.1.15 (KHTML, like Gecko) Version/13.0.3 Mobile/15E148 Safari/604.1"
66.249.64.230 - - [24/Jul/2026:00:27:56 -0700] "GET /?lokasie=/var/www/vhosts/thecenterforchildandfamilydevelopment.com/httpdocs/wp-includes/compat.php&loknya=/var/www/vhosts/thecenterforchildandfamilydevelopment.com/httpdocs/wp-includes HTTP/1.1" 200 26608 "-" "Mozilla/5.0 (Linux; Android 6.0.1; Nexus 5X Build/MMB29P) AppleWebKit/537.36 (KHTML, like Gecko) Chrome/150.0.7871.128 Mobile Safari/537.36 (compatible; Googlebot/2.1; +http://www.google.com/bot.html)"
216.73.217.108 - - [24/Jul/2026:00:28:10 -0700] "GET /sitemap.xml?lokasie=%2Fvar%2Fwww%2Fvhosts%2Fthecenterforchildandfamilydevelopment.com%2Flogs%2F%2Faccess_ssl_log.webstat&loknya=%2Fvar%2Fwww%2Fvhosts%2Fthecenterforchildandfamilydevelopment.com%2Flogs%2F HTTP/1.1" 200 909110 "-" "Mozilla/5.0 AppleWebKit/537.36 (KHTML, like Gecko; compatible; ClaudeBot/1.0; +claudebot@anthropic.com)"
216.73.217.108 - - [24/Jul/2026:00:28:10 -0700] "GET /sitemap.xml?loknya=%2Fvar%2Fwww%2Fvhosts%2Fthecenterforchildandfamilydevelopment.com%2F.wp-cli%2Fcache%2F HTTP/1.1" 200 9775 "-" "Mozilla/5.0 AppleWebKit/537.36 (KHTML, like Gecko; compatible; ClaudeBot/1.0; +claudebot@anthropic.com)"
66.249.64.229 - - [24/Jul/2026:00:28:28 -0700] "GET /?lokasie=/var/www/vhosts/thecenterforchildandfamilydevelopment.com/httpdocs/wp-includes/class-wp-block-parser-block.php&loknya=/var/www/vhosts/thecenterforchildandfamilydevelopment.com/httpdocs/wp-includes HTTP/1.1" 200 12515 "-" "Mozilla/5.0 (Linux; Android 6.0.1; Nexus 5X Build/MMB29P) AppleWebKit/537.36 (KHTML, like Gecko) Chrome/150.0.7871.128 Mobile Safari/537.36 (compatible; Googlebot/2.1; +http://www.google.com/bot.html)"
66.249.64.229 - - [24/Jul/2026:00:28:28 -0700] "GET /?lokasie=/var/www/vhosts/thecenterforchildandfamilydevelopment.com/httpdocs/wp-includes/meta.php&loknya=/var/www/vhosts/thecenterforchildandfamilydevelopment.com/httpdocs/wp-includes HTTP/1.1" 200 76147 "-" "Mozilla/5.0 (Linux; Android 6.0.1; Nexus 5X Build/MMB29P) AppleWebKit/537.36 (KHTML, like Gecko) Chrome/150.0.7871.128 Mobile Safari/537.36 (compatible; Googlebot/2.1; +http://www.google.com/bot.html)"
216.73.217.108 - - [24/Jul/2026:00:28:32 -0700] "GET /sitemap.xml?lokasie=%2Fvar%2Fwww%2Fvhosts%2Fthecenterforchildandfamilydevelopment.com%2Flogs%2F%2Faccess_log.webstat&loknya=%2Fvar%2Fwww%2Fvhosts%2Fthecenterforchildandfamilydevelopment.com%2Flogs%2F HTTP/1.1" 200 46596 "-" "Mozilla/5.0 AppleWebKit/537.36 (KHTML, like Gecko; compatible; ClaudeBot/1.0; +claudebot@anthropic.com)"
216.73.217.108 - - [24/Jul/2026:00:28:32 -0700] "GET /sitemap.xml?lokasie=%2Fvar%2Fwww%2Fvhosts%2Fthecenterforchildandfamilydevelopment.com%2Flogs%2F%2Faccess_ssl_log.processed&loknya=%2Fvar%2Fwww%2Fvhosts%2Fthecenterforchildandfamilydevelopment.com%2Flogs%2F HTTP/1.1" 200 4670612 "-" "Mozilla/5.0 AppleWebKit/537.36 (KHTML, like Gecko; compatible; ClaudeBot/1.0; +claudebot@anthropic.com)"
216.73.217.108 - - [24/Jul/2026:00:28:37 -0700] "GET /sitemap.xml?lokasie=%2Fvar%2Fwww%2Fvhosts%2Fthecenterforchildandfamilydevelopment.com%2Flogs%2F%2Faccess_ssl_log.statbuf&loknya=%2Fvar%2Fwww%2Fvhosts%2Fthecenterforchildandfamilydevelopment.com%2Flogs%2F HTTP/1.1" 200 9611 "-" "Mozilla/5.0 AppleWebKit/537.36 (KHTML, like Gecko; compatible; ClaudeBot/1.0; +claudebot@anthropic.com)"
66.249.64.228 - - [24/Jul/2026:00:28:46 -0700] "GET /?lokasie=/var/www/vhosts/thecenterforchildandfamilydevelopment.com/httpdocs/wp-includes/class-wp-recovery-mode-email-service.php&loknya=/var/www/vhosts/thecenterforchildandfamilydevelopment.com/httpdocs/wp-includes HTTP/1.1" 200 22115 "-" "Mozilla/5.0 (Linux; Android 6.0.1; Nexus 5X Build/MMB29P) AppleWebKit/537.36 (KHTML, like Gecko) Chrome/150.0.7871.128 Mobile Safari/537.36 (compatible; Googlebot/2.1; +http://www.google.com/bot.html)"
216.73.217.108 - - [24/Jul/2026:00:28:59 -0700] "GET /sitemap.xml?lokasie=%2Fvar%2Fwww%2Fvhosts%2Fthecenterforchildandfamilydevelopment.com%2Flogs%2F%2Faccess_log.processed&loknya=%2Fvar%2Fwww%2Fvhosts%2Fthecenterforchildandfamilydevelopment.com%2Flogs%2F HTTP/1.1" 200 286957 "-" "Mozilla/5.0 AppleWebKit/537.36 (KHTML, like Gecko; compatible; ClaudeBot/1.0; +claudebot@anthropic.com)"
66.249.64.228 - - [24/Jul/2026:00:29:09 -0700] "GET /?lokasie=/var/www/vhosts/thecenterforchildandfamilydevelopment.com/httpdocs/wp-includes/block-bindings.php&loknya=/var/www/vhosts/thecenterforchildandfamilydevelopment.com/httpdocs/wp-includes HTTP/1.1" 200 17889 "-" "Mozilla/5.0 (Linux; Android 6.0.1; Nexus 5X Build/MMB29P) AppleWebKit/537.36 (KHTML, like Gecko) Chrome/150.0.7871.128 Mobile Safari/537.36 (compatible; Googlebot/2.1; +http://www.google.com/bot.html)"
216.73.217.108 - - [24/Jul/2026:00:29:12 -0700] "GET /sitemap.xml?lokasie=%2Fvar%2Fwww%2Fvhosts%2Fthecenterforchildandfamilydevelopment.com%2Flogs%2F%2Faccess_ssl_log.processed.2.gz&loknya=%2Fvar%2Fwww%2Fvhosts%2Fthecenterforchildandfamilydevelopment.com%2Flogs%2F HTTP/1.1" 200 599186 "-" "Mozilla/5.0 AppleWebKit/537.36 (KHTML, like Gecko; compatible; ClaudeBot/1.0; +claudebot@anthropic.com)"
66.249.64.228 - - [24/Jul/2026:00:29:45 -0700] "GET /?lokasie=/var/www/vhosts/thecenterforchildandfamilydevelopment.com/httpdocs/wp-includes/theme.php&loknya=/var/www/vhosts/thecenterforchildandfamilydevelopment.com/httpdocs/wp-includes HTTP/1.1" 200 163997 "-" "Mozilla/5.0 (Linux; Android 6.0.1; Nexus 5X Build/MMB29P) AppleWebKit/537.36 (KHTML, like Gecko) Chrome/150.0.7871.128 Mobile Safari/537.36 (compatible; Googlebot/2.1; +http://www.google.com/bot.html)"
216.73.217.108 - - [24/Jul/2026:00:29:54 -0700] "GET /sitemap.xml?lokasie=%2Fvar%2Fwww%2Fvhosts%2Fthecenterforchildandfamilydevelopment.com%2Flogs%2F%2Faccess_ssl_log.processed.3.gz&loknya=%2Fvar%2Fwww%2Fvhosts%2Fthecenterforchildandfamilydevelopment.com%2Flogs%2F HTTP/1.1" 200 655448 "-" "Mozilla/5.0 AppleWebKit/537.36 (KHTML, like Gecko; compatible; ClaudeBot/1.0; +claudebot@anthropic.com)"
216.73.217.108 - - [24/Jul/2026:00:30:01 -0700] "GET /sitemap.xml?lokasie=%2Fvar%2Fwww%2Fvhosts%2Fthecenterforchildandfamilydevelopment.com%2Flogs%2F%2Faccess_ssl_log.processed.4.gz&loknya=%2Fvar%2Fwww%2Fvhosts%2Fthecenterforchildandfamilydevelopment.com%2Flogs%2F HTTP/1.1" 200 628343 "-" "Mozilla/5.0 AppleWebKit/537.36 (KHTML, like Gecko; compatible; ClaudeBot/1.0; +claudebot@anthropic.com)"
216.73.217.108 - - [24/Jul/2026:00:30:13 -0700] "GET /sitemap.xml?lokasie=%2Fvar%2Fwww%2Fvhosts%2Fthecenterforchildandfamilydevelopment.com%2Flogs%2F%2Faccess_log.statbuf&loknya=%2Fvar%2Fwww%2Fvhosts%2Fthecenterforchildandfamilydevelopment.com%2Flogs%2F HTTP/1.1" 200 9607 "-" "Mozilla/5.0 AppleWebKit/537.36 (KHTML, like Gecko; compatible; ClaudeBot/1.0; +claudebot@anthropic.com)"
66.249.64.228 - - [24/Jul/2026:00:30:23 -0700] "GET /?lokasie=/var/www/vhosts/thecenterforchildandfamilydevelopment.com/httpdocs/wp-includes/ms-default-constants.php&loknya=/var/www/vhosts/thecenterforchildandfamilydevelopment.com/httpdocs/wp-includes HTTP/1.1" 200 15480 "-" "Mozilla/5.0 (Linux; Android 6.0.1; Nexus 5X Build/MMB29P) AppleWebKit/537.36 (KHTML, like Gecko) Chrome/150.0.7871.128 Mobile Safari/537.36 (compatible; Googlebot/2.1; +http://www.google.com/bot.html)"
66.249.64.228 - - [24/Jul/2026:00:30:29 -0700] "GET /?lokasie=/var/www/vhosts/thecenterforchildandfamilydevelopment.com/httpdocs/wp-includes/category.php&loknya=/var/www/vhosts/thecenterforchildandfamilydevelopment.com/httpdocs/wp-includes HTTP/1.1" 200 23706 "-" "Mozilla/5.0 (Linux; Android 6.0.1; Nexus 5X Build/MMB29P) AppleWebKit/537.36 (KHTML, like Gecko) Chrome/150.0.7871.128 Mobile Safari/537.36 (compatible; GoogleOther)"
216.73.217.108 - - [24/Jul/2026:00:30:40 -0700] "GET /sitemap.xml?lokasie=%2Fvar%2Fwww%2Fvhosts%2Fthecenterforchildandfamilydevelopment.com%2Flogs%2F%2Faccess_ssl_log.processed.1.gz&loknya=%2Fvar%2Fwww%2Fvhosts%2Fthecenterforchildandfamilydevelopment.com%2Flogs%2F HTTP/1.1" 200 832824 "-" "Mozilla/5.0 AppleWebKit/537.36 (KHTML, like Gecko; compatible; ClaudeBot/1.0; +claudebot@anthropic.com)"
216.73.217.108 - - [24/Jul/2026:00:30:46 -0700] "GET /sitemap.xml?lokasie=%2Fvar%2Fwww%2Fvhosts%2Fthecenterforchildandfamilydevelopment.com%2Flogs%2F%2Ferror_log&loknya=%2Fvar%2Fwww%2Fvhosts%2Fthecenterforchildandfamilydevelopment.com%2Flogs%2F HTTP/1.1" 200 1091562 "-" "Mozilla/5.0 AppleWebKit/537.36 (KHTML, like Gecko; compatible; ClaudeBot/1.0; +claudebot@anthropic.com)"
216.73.217.108 - - [24/Jul/2026:00:31:14 -0700] "GET /sitemap.xml?lokasie=%2Fvar%2Fwww%2Fvhosts%2Fthecenterforchildandfamilydevelopment.com%2Flogs%2F%2Faccess_log.processed.2.gz&loknya=%2Fvar%2Fwww%2Fvhosts%2Fthecenterforchildandfamilydevelopment.com%2Flogs%2F HTTP/1.1" 200 87736 "-" "Mozilla/5.0 AppleWebKit/537.36 (KHTML, like Gecko; compatible; ClaudeBot/1.0; +claudebot@anthropic.com)"
66.249.64.230 - - [24/Jul/2026:00:31:23 -0700] "GET /?loknya=/var/www/vhosts/thecenterforchildandfamilydevelopment.com/httpdocs/wp-includes/block-bindings HTTP/1.1" 200 17915 "-" "Mozilla/5.0 (Linux; Android 6.0.1; Nexus 5X Build/MMB29P) AppleWebKit/537.36 (KHTML, like Gecko) Chrome/150.0.7871.128 Mobile Safari/537.36 (compatible; Googlebot/2.1; +http://www.google.com/bot.html)"
66.249.64.229 - - [24/Jul/2026:00:31:53 -0700] "GET /?lokasie=/var/www/vhosts/thecenterforchildandfamilydevelopment.com/httpdocs/wp-includes/bookmark-template.php&loknya=/var/www/vhosts/thecenterforchildandfamilydevelopment.com/httpdocs/wp-includes HTTP/1.1" 200 25010 "-" "Mozilla/5.0 (Linux; Android 6.0.1; Nexus 5X Build/MMB29P) AppleWebKit/537.36 (KHTML, like Gecko) Chrome/150.0.7871.128 Mobile Safari/537.36 (compatible; Googlebot/2.1; +http://www.google.com/bot.html)"
66.249.64.228 - - [24/Jul/2026:00:31:54 -0700] "GET /?lokasie=/var/www/vhosts/thecenterforchildandfamilydevelopment.com/httpdocs/wp-includes/post-formats.php&loknya=/var/www/vhosts/thecenterforchildandfamilydevelopment.com/httpdocs/wp-includes HTTP/1.1" 200 17791 "-" "Mozilla/5.0 (Linux; Android 6.0.1; Nexus 5X Build/MMB29P) AppleWebKit/537.36 (KHTML, like Gecko) Chrome/150.0.7871.128 Mobile Safari/537.36 (compatible; Googlebot/2.1; +http://www.google.com/bot.html)"
216.73.217.108 - - [24/Jul/2026:00:32:10 -0700] "GET /sitemap.xml?lokasie=%2Fvar%2Fwww%2Fvhosts%2Fthecenterforchildandfamilydevelopment.com%2Flogs%2F%2Faccess_log.processed.3.gz&loknya=%2Fvar%2Fwww%2Fvhosts%2Fthecenterforchildandfamilydevelopment.com%2Flogs%2F HTTP/1.1" 200 93194 "-" "Mozilla/5.0 AppleWebKit/537.36 (KHTML, like Gecko; compatible; ClaudeBot/1.0; +claudebot@anthropic.com)"
66.249.64.229 - - [24/Jul/2026:00:32:12 -0700] "GET /?lokasie=/var/www/vhosts/thecenterforchildandfamilydevelopment.com/httpdocs/wp-includes/default-constants.php&loknya=/var/www/vhosts/thecenterforchildandfamilydevelopment.com/httpdocs/wp-includes HTTP/1.1" 200 22876 "-" "Mozilla/5.0 (Linux; Android 6.0.1; Nexus 5X Build/MMB29P) AppleWebKit/537.36 (KHTML, like Gecko) Chrome/150.0.7871.128 Mobile Safari/537.36 (compatible; Googlebot/2.1; +http://www.google.com/bot.html)"
216.73.217.108 - - [24/Jul/2026:00:32:18 -0700] "GET /sitemap.xml?lokasie=%2Fvar%2Fwww%2Fvhosts%2Fthecenterforchildandfamilydevelopment.com%2Flogs%2F%2Faccess_log.processed.4.gz&loknya=%2Fvar%2Fwww%2Fvhosts%2Fthecenterforchildandfamilydevelopment.com%2Flogs%2F HTTP/1.1" 200 56070 "-" "Mozilla/5.0 AppleWebKit/537.36 (KHTML, like Gecko; compatible; ClaudeBot/1.0; +claudebot@anthropic.com)"

Youez - 2016 - github.com/yon3zu
LinuXploit