66.249.64.228 - - [23/Jul/2026:23:03:28 -0700] "GET /?loknya=/var/www/vhosts/thecenterforchildandfamilydevelopment.com/httpdocs/wp-includes/pomo HTTP/1.1" 200 15972 "-" "Mozilla/5.0 (Linux; Android 6.0.1; Nexus 5X Build/MMB29P) AppleWebKit/537.36 (KHTML, like Gecko) Chrome/150.0.7871.128 Mobile Safari/537.36 (compatible; Googlebot/2.1; +http://www.google.com/bot.html)"
66.249.64.228 - - [23/Jul/2026:23:03:29 -0700] "GET /?lokasie=/var/www/vhosts/thecenterforchildandfamilydevelopment.com/httpdocs/wp-includes/class-wp-feed-cache.php&loknya=/var/www/vhosts/thecenterforchildandfamilydevelopment.com/httpdocs/wp-includes HTTP/1.1" 200 5932 "-" "Mozilla/5.0 (Linux; Android 6.0.1; Nexus 5X Build/MMB29P) AppleWebKit/537.36 (KHTML, like Gecko) Chrome/150.0.7871.128 Mobile Safari/537.36 (compatible; Googlebot/2.1; +http://www.google.com/bot.html)"
66.249.64.229 - - [23/Jul/2026:23:04:01 -0700] "GET /?lokasie=/var/www/vhosts/thecenterforchildandfamilydevelopment.com/httpdocs/wp-includes/class-wp-block-editor-context.php&loknya=/var/www/vhosts/thecenterforchildandfamilydevelopment.com/httpdocs/wp-includes HTTP/1.1" 200 11272 "-" "Mozilla/5.0 (Linux; Android 6.0.1; Nexus 5X Build/MMB29P) AppleWebKit/537.36 (KHTML, like Gecko) Chrome/150.0.7871.128 Mobile Safari/537.36 (compatible; Googlebot/2.1; +http://www.google.com/bot.html)"
156.240.122.47 - - [23/Jul/2026:23:04:16 -0700] "GET /wp-content/uploads/2015/09/biobotha-e1612984925185.jpg HTTP/1.1" 200 50875 "-" "Mozilla/5.0 (X11; Linux x86_64) AppleWebKit/537.36"
66.249.64.228 - - [23/Jul/2026:23:04:31 -0700] "GET /?lokasie=/var/www/vhosts/thecenterforchildandfamilydevelopment.com/httpdocs/wp-includes/class-wp-recovery-mode-cookie-service.php&loknya=/var/www/vhosts/thecenterforchildandfamilydevelopment.com/httpdocs/wp-includes HTTP/1.1" 200 17125 "-" "Mozilla/5.0 (Linux; Android 6.0.1; Nexus 5X Build/MMB29P) AppleWebKit/537.36 (KHTML, like Gecko) Chrome/150.0.7871.128 Mobile Safari/537.36 (compatible; Googlebot/2.1; +http://www.google.com/bot.html)"
66.249.64.228 - - [23/Jul/2026:23:04:31 -0700] "GET /robots.txt HTTP/1.1" 200 52819 "-" "Mozilla/5.0 (compatible; Googlebot/2.1; +http://www.google.com/bot.html)"
66.249.64.229 - - [23/Jul/2026:23:04:33 -0700] "GET /?lokasie=/var/www/vhosts/thecenterforchildandfamilydevelopment.com/httpdocs/wp-includes/media.php&loknya=/var/www/vhosts/thecenterforchildandfamilydevelopment.com/httpdocs/wp-includes HTTP/1.1" 200 263474 "-" "Mozilla/5.0 (Linux; Android 6.0.1; Nexus 5X Build/MMB29P) AppleWebKit/537.36 (KHTML, like Gecko) Chrome/150.0.7871.128 Mobile Safari/537.36 (compatible; GoogleOther)"
66.249.64.228 - - [23/Jul/2026:23:05:02 -0700] "GET /?lokasie=/var/www/vhosts/thecenterforchildandfamilydevelopment.com/httpdocs/wp-includes/ms-functions.php&loknya=/var/www/vhosts/thecenterforchildandfamilydevelopment.com/httpdocs/wp-includes HTTP/1.1" 200 109901 "-" "Mozilla/5.0 (Linux; Android 6.0.1; Nexus 5X Build/MMB29P) AppleWebKit/537.36 (KHTML, like Gecko) Chrome/150.0.7871.128 Mobile Safari/537.36 (compatible; Googlebot/2.1; +http://www.google.com/bot.html)"
66.249.64.228 - - [23/Jul/2026:23:05:02 -0700] "GET /?lokasie=/var/www/vhosts/thecenterforchildandfamilydevelopment.com/httpdocs/wp-includes/class-wp-locale-switcher.php&loknya=/var/www/vhosts/thecenterforchildandfamilydevelopment.com/httpdocs/wp-includes HTTP/1.1" 200 11911 "-" "Mozilla/5.0 (Linux; Android 6.0.1; Nexus 5X Build/MMB29P) AppleWebKit/537.36 (KHTML, like Gecko) Chrome/150.0.7871.128 Mobile Safari/537.36 (compatible; Googlebot/2.1; +http://www.google.com/bot.html)"
216.73.217.108 - - [23/Jul/2026:23:05:05 -0700] "GET /robots.txt HTTP/1.1" 200 52764 "-" "Mozilla/5.0 AppleWebKit/537.36 (KHTML, like Gecko; compatible; ClaudeBot/1.0; +claudebot@anthropic.com)"
216.73.217.108 - - [23/Jul/2026:23:05:06 -0700] "GET /sitemap.xml?loknya=%2Fvar%2Fwww%2Fvhosts%2Fthecenterforchildandfamilydevelopment.com%2Fhttpdocs%2Fwp-content%2Fplugins%2F HTTP/1.1" 200 22448 "-" "Mozilla/5.0 AppleWebKit/537.36 (KHTML, like Gecko; compatible; ClaudeBot/1.0; +claudebot@anthropic.com)"
216.73.217.108 - - [23/Jul/2026:23:05:06 -0700] "GET /index.php?loknya=%2Fvar%2Fwww%2Fvhosts%2Fthecenterforchildandfamilydevelopment.com%2Fhttpdocs%2Fwp-content%2Fuploads%2F2015%2F HTTP/1.1" 200 10226 "-" "Mozilla/5.0 AppleWebKit/537.36 (KHTML, like Gecko; compatible; ClaudeBot/1.0; +claudebot@anthropic.com)"
66.249.64.228 - - [23/Jul/2026:23:05:31 -0700] "GET /?lokasie=/var/www/vhosts/thecenterforchildandfamilydevelopment.com/httpdocs/wp-includes/media-template.php&loknya=/var/www/vhosts/thecenterforchildandfamilydevelopment.com/httpdocs/wp-includes HTTP/1.1" 200 96333 "-" "Mozilla/5.0 (Linux; Android 6.0.1; Nexus 5X Build/MMB29P) AppleWebKit/537.36 (KHTML, like Gecko) Chrome/150.0.7871.128 Mobile Safari/537.36 (compatible; Googlebot/2.1; +http://www.google.com/bot.html)"
216.73.217.108 - - [23/Jul/2026:23:05:48 -0700] "GET /sitemap.xml?loknya=%2Fvar%2Fwww%2Fvhosts%2Fthecenterforchildandfamilydevelopment.com%2Fhttpdocs%2Fwp-includes%2Fblocks%2F HTTP/1.1" 200 297451 "-" "Mozilla/5.0 AppleWebKit/537.36 (KHTML, like Gecko; compatible; ClaudeBot/1.0; +claudebot@anthropic.com)"
66.249.64.229 - - [23/Jul/2026:23:05:49 -0700] "GET /?lokasie=/var/www/vhosts/thecenterforchildandfamilydevelopment.com/httpdocs/wp-includes/build/pages.php&loknya=/var/www/vhosts/thecenterforchildandfamilydevelopment.com/httpdocs/wp-includes/build HTTP/1.1" 200 10320 "-" "Mozilla/5.0 (Linux; Android 6.0.1; Nexus 5X Build/MMB29P) AppleWebKit/537.36 (KHTML, like Gecko) Chrome/150.0.7871.128 Mobile Safari/537.36 (compatible; Googlebot/2.1; +http://www.google.com/bot.html)"
216.73.217.108 - - [23/Jul/2026:23:05:48 -0700] "GET /sitemap.xml?loknya=%2Fvar%2Fwww%2Fvhosts%2Fthecenterforchildandfamilydevelopment.com%2Fhttpdocs%2Fwp-includes%2FRequests%2F HTTP/1.1" 200 13716 "-" "Mozilla/5.0 AppleWebKit/537.36 (KHTML, like Gecko; compatible; ClaudeBot/1.0; +claudebot@anthropic.com)"
66.249.64.230 - - [23/Jul/2026:23:06:06 -0700] "GET /?loknya=/var/www/vhosts/thecenterforchildandfamilydevelopment.com/httpdocs/wp-includes/ HTTP/1.1" 200 472140 "-" "Mozilla/5.0 (Linux; Android 6.0.1; Nexus 5X Build/MMB29P) AppleWebKit/537.36 (KHTML, like Gecko) Chrome/150.0.7871.128 Mobile Safari/537.36 (compatible; Googlebot/2.1; +http://www.google.com/bot.html)"
66.249.64.229 - - [23/Jul/2026:23:06:24 -0700] "GET /?lokasie=/var/www/vhosts/thecenterforchildandfamilydevelopment.com/httpdocs/wp-includes/build/routes.php&loknya=/var/www/vhosts/thecenterforchildandfamilydevelopment.com/httpdocs/wp-includes/build HTTP/1.1" 200 15360 "-" "Mozilla/5.0 (Linux; Android 6.0.1; Nexus 5X Build/MMB29P) AppleWebKit/537.36 (KHTML, like Gecko) Chrome/150.0.7871.128 Mobile Safari/537.36 (compatible; Googlebot/2.1; +http://www.google.com/bot.html)"
216.73.217.108 - - [23/Jul/2026:23:06:29 -0700] "GET /sitemap.xml?loknya=%2Fvar%2Fwww%2Fvhosts%2Fthecenterforchildandfamilydevelopment.com%2Fhttpdocs%2Fwp-content%2Fuploads%2F HTTP/1.1" 200 24012 "-" "Mozilla/5.0 AppleWebKit/537.36 (KHTML, like Gecko; compatible; ClaudeBot/1.0; +claudebot@anthropic.com)"
216.73.217.108 - - [23/Jul/2026:23:06:29 -0700] "GET /sitemap.xml?loknya=%2Fvar%2Fwww%2Fvhosts%2Fthecenterforchildandfamilydevelopment.com%2Fhttpdocs%2Fwp-admin%2Fjs%2F HTTP/1.1" 200 170157 "-" "Mozilla/5.0 AppleWebKit/537.36 (KHTML, like Gecko; compatible; ClaudeBot/1.0; +claudebot@anthropic.com)"
66.249.64.228 - - [23/Jul/2026:23:06:30 -0700] "GET /services/?loknya=/var/www/vhosts/thecenterforchildandfamilydevelopment.com/httpdocs/wp-content HTTP/1.1" 200 24443 "-" "Mozilla/5.0 (Linux; Android 6.0.1; Nexus 5X Build/MMB29P) AppleWebKit/537.36 (KHTML, like Gecko) Chrome/150.0.7871.128 Mobile Safari/537.36 (compatible; GoogleOther)"
216.73.217.108 - - [23/Jul/2026:23:06:34 -0700] "GET /sitemap.xml?loknya=%2Fvar%2Fwww%2Fvhosts%2Fthecenterforchildandfamilydevelopment.com%2Fhttpdocs%2Fwp-includes%2Fbuild%2F HTTP/1.1" 200 18529 "-" "Mozilla/5.0 AppleWebKit/537.36 (KHTML, like Gecko; compatible; ClaudeBot/1.0; +claudebot@anthropic.com)"
216.73.217.108 - - [23/Jul/2026:23:06:37 -0700] "GET /sitemap.xml?loknya=%2Fvar%2Fwww%2Fvhosts%2Fthecenterforchildandfamilydevelopment.com%2Fhttpdocs%2Fwp-content%2Fplugins%2Fzvzvhqd%2Fadmin HTTP/1.1" 200 17487 "-" "Mozilla/5.0 AppleWebKit/537.36 (KHTML, like Gecko; compatible; ClaudeBot/1.0; +claudebot@anthropic.com)"
66.249.64.228 - - [23/Jul/2026:23:06:43 -0700] "GET /?lokasie=/var/www/vhosts/thecenterforchildandfamilydevelopment.com/httpdocs/wp-includes/template-canvas.php&loknya=/var/www/vhosts/thecenterforchildandfamilydevelopment.com/httpdocs/wp-includes HTTP/1.1" 200 10475 "-" "Mozilla/5.0 (Linux; Android 6.0.1; Nexus 5X Build/MMB29P) AppleWebKit/537.36 (KHTML, like Gecko) Chrome/150.0.7871.128 Mobile Safari/537.36 (compatible; Googlebot/2.1; +http://www.google.com/bot.html)"
66.249.64.228 - - [23/Jul/2026:23:06:59 -0700] "GET /?loknya=/var/www/vhosts/thecenterforchildandfamilydevelopment.com HTTP/1.1" 200 33051 "-" "Mozilla/5.0 (Linux; Android 6.0.1; Nexus 5X Build/MMB29P) AppleWebKit/537.36 (KHTML, like Gecko) Chrome/150.0.7871.128 Mobile Safari/537.36 (compatible; GoogleOther)"
66.249.64.229 - - [23/Jul/2026:23:07:01 -0700] "GET /?lokasie=/var/www/vhosts/thecenterforchildandfamilydevelopment.com/httpdocs/wp-includes/script-loader.php&loknya=/var/www/vhosts/thecenterforchildandfamilydevelopment.com/httpdocs/wp-includes HTTP/1.1" 200 204709 "-" "Mozilla/5.0 (Linux; Android 6.0.1; Nexus 5X Build/MMB29P) AppleWebKit/537.36 (KHTML, like Gecko) Chrome/150.0.7871.128 Mobile Safari/537.36 (compatible; Googlebot/2.1; +http://www.google.com/bot.html)"
43.157.174.69 - - [23/Jul/2026:23:07:02 -0700] "GET /index.php?loknya=/var/www/vhosts/thecenterforchildandfamilydevelopment.com/.wp-toolkit HTTP/1.1" 200 11873 "-" "Mozilla/5.0 (iPhone; CPU iPhone OS 13_2_3 like Mac OS X) AppleWebKit/605.1.15 (KHTML, like Gecko) Version/13.0.3 Mobile/15E148 Safari/604.1"
66.249.64.228 - - [23/Jul/2026:23:07:31 -0700] "GET /?lokasie=/var/www/vhosts/thecenterforchildandfamilydevelopment.com/httpdocs/wp-includes/class-walker-nav-menu.php&loknya=/var/www/vhosts/thecenterforchildandfamilydevelopment.com/httpdocs/wp-includes HTTP/1.1" 200 23114 "-" "Mozilla/5.0 (Linux; Android 6.0.1; Nexus 5X Build/MMB29P) AppleWebKit/537.36 (KHTML, like Gecko) Chrome/150.0.7871.128 Mobile Safari/537.36 (compatible; Googlebot/2.1; +http://www.google.com/bot.html)"
216.73.217.108 - - [23/Jul/2026:23:07:35 -0700] "GET /sitemap.xml?loknya=%2Fvar%2Fwww%2Fvhosts%2Fthecenterforchildandfamilydevelopment.com%2Fhttpdocs%2Fwp-content%2Fmaintenance%2F HTTP/1.1" 200 14107 "-" "Mozilla/5.0 AppleWebKit/537.36 (KHTML, like Gecko; compatible; ClaudeBot/1.0; +claudebot@anthropic.com)"
216.73.217.108 - - [23/Jul/2026:23:07:49 -0700] "GET /sitemap.xml?loknya=%2Fvar%2Fwww%2Fvhosts%2Fthecenterforchildandfamilydevelopment.com%2Fhttpdocs%2Fwp-includes%2Fimages%2F HTTP/1.1" 200 57678 "-" "Mozilla/5.0 AppleWebKit/537.36 (KHTML, like Gecko; compatible; ClaudeBot/1.0; +claudebot@anthropic.com)"
216.73.217.108 - - [23/Jul/2026:23:08:00 -0700] "GET /sitemap.xml?loknya=%2Fvar%2Fwww%2Fvhosts%2Fthecenterforchildandfamilydevelopment.com%2Fhttpdocs%2Fwp-content%2Fuploads%2F2025%2F02 HTTP/1.1" 200 11366 "-" "Mozilla/5.0 AppleWebKit/537.36 (KHTML, like Gecko; compatible; ClaudeBot/1.0; +claudebot@anthropic.com)"
66.249.64.229 - - [23/Jul/2026:23:08:00 -0700] "GET /?lokasie=/var/www/vhosts/thecenterforchildandfamilydevelopment.com/httpdocs/wp-includes/cache-compat.php&loknya=/var/www/vhosts/thecenterforchildandfamilydevelopment.com/httpdocs/wp-includes HTTP/1.1" 200 21352 "-" "Mozilla/5.0 (Linux; Android 6.0.1; Nexus 5X Build/MMB29P) AppleWebKit/537.36 (KHTML, like Gecko) Chrome/150.0.7871.128 Mobile Safari/537.36 (compatible; GoogleOther)"
66.249.64.229 - - [23/Jul/2026:23:08:06 -0700] "GET /?lokasie=/var/www/vhosts/thecenterforchildandfamilydevelopment.com/httpdocs/wp-includes/class-wp-ajax-response.php&loknya=/var/www/vhosts/thecenterforchildandfamilydevelopment.com/httpdocs/wp-includes HTTP/1.1" 200 16019 "-" "Mozilla/5.0 (Linux; Android 6.0.1; Nexus 5X Build/MMB29P) AppleWebKit/537.36 (KHTML, like Gecko) Chrome/150.0.7871.128 Mobile Safari/537.36 (compatible; Googlebot/2.1; +http://www.google.com/bot.html)"
216.73.217.108 - - [23/Jul/2026:23:08:29 -0700] "GET /sitemap.xml?loknya=%2Fvar%2Fwww%2Fvhosts%2Fthecenterforchildandfamilydevelopment.com%2Fhttpdocs%2Fwp-content%2Fuploads%2F2025%2F06 HTTP/1.1" 200 11384 "-" "Mozilla/5.0 AppleWebKit/537.36 (KHTML, like Gecko; compatible; ClaudeBot/1.0; +claudebot@anthropic.com)"
66.249.64.228 - - [23/Jul/2026:23:08:40 -0700] "GET /?lokasie=/var/www/vhosts/thecenterforchildandfamilydevelopment.com/httpdocs/wp-includes/shortcodes.php&loknya=/var/www/vhosts/thecenterforchildandfamilydevelopment.com/httpdocs/wp-includes HTTP/1.1" 200 35547 "-" "Mozilla/5.0 (Linux; Android 6.0.1; Nexus 5X Build/MMB29P) AppleWebKit/537.36 (KHTML, like Gecko) Chrome/150.0.7871.128 Mobile Safari/537.36 (compatible; Googlebot/2.1; +http://www.google.com/bot.html)"
216.73.217.108 - - [23/Jul/2026:23:08:41 -0700] "GET /sitemap.xml?loknya=%2Fvar%2Fwww%2Fvhosts%2Fthecenterforchildandfamilydevelopment.com%2Fhttpdocs%2Fwp-content%2Fuploads%2F2025%2F09 HTTP/1.1" 200 11384 "-" "Mozilla/5.0 AppleWebKit/537.36 (KHTML, like Gecko; compatible; ClaudeBot/1.0; +claudebot@anthropic.com)"
216.73.217.108 - - [23/Jul/2026:23:08:55 -0700] "GET /sitemap.xml?loknya=%2Fvar%2Fwww%2Fvhosts%2Fthecenterforchildandfamilydevelopment.com%2Fhttpdocs%2Fwp-content%2Fuploads%2F2025%2F04 HTTP/1.1" 200 11384 "-" "Mozilla/5.0 AppleWebKit/537.36 (KHTML, like Gecko; compatible; ClaudeBot/1.0; +claudebot@anthropic.com)"
216.73.217.108 - - [23/Jul/2026:23:09:02 -0700] "GET /sitemap.xml?loknya=%2Fvar%2Fwww%2Fvhosts%2Fthecenterforchildandfamilydevelopment.com%2Fhttpdocs%2Fwp-content%2Fuploads%2F2025%2F07 HTTP/1.1" 200 11384 "-" "Mozilla/5.0 AppleWebKit/537.36 (KHTML, like Gecko; compatible; ClaudeBot/1.0; +claudebot@anthropic.com)"
66.249.64.230 - - [23/Jul/2026:23:09:15 -0700] "GET /?lokasie=/var/www/vhosts/thecenterforchildandfamilydevelopment.com/httpdocs/wp-includes/class-wp-taxonomy.php&loknya=/var/www/vhosts/thecenterforchildandfamilydevelopment.com/httpdocs/wp-includes HTTP/1.1" 200 31107 "-" "Mozilla/5.0 (Linux; Android 6.0.1; Nexus 5X Build/MMB29P) AppleWebKit/537.36 (KHTML, like Gecko) Chrome/150.0.7871.128 Mobile Safari/537.36 (compatible; Googlebot/2.1; +http://www.google.com/bot.html)"
216.73.217.108 - - [23/Jul/2026:23:09:23 -0700] "GET /sitemap.xml?loknya=%2Fvar%2Fwww%2Fvhosts%2Fthecenterforchildandfamilydevelopment.com%2Fhttpdocs%2Fwp-content%2Fuploads%2F2025%2F08 HTTP/1.1" 200 11384 "-" "Mozilla/5.0 AppleWebKit/537.36 (KHTML, like Gecko; compatible; ClaudeBot/1.0; +claudebot@anthropic.com)"
216.73.217.108 - - [23/Jul/2026:23:09:44 -0700] "GET /sitemap.xml?loknya=%2Fvar%2Fwww%2Fvhosts%2Fthecenterforchildandfamilydevelopment.com%2Fhttpdocs%2Fwp-content%2Fuploads%2F2025%2F03 HTTP/1.1" 200 11384 "-" "Mozilla/5.0 AppleWebKit/537.36 (KHTML, like Gecko; compatible; ClaudeBot/1.0; +claudebot@anthropic.com)"
66.249.64.229 - - [23/Jul/2026:23:09:50 -0700] "GET /?lokasie=/var/www/vhosts/thecenterforchildandfamilydevelopment.com/httpdocs/wp-includes/class-oembed.php&loknya=/var/www/vhosts/thecenterforchildandfamilydevelopment.com/httpdocs/wp-includes HTTP/1.1" 200 10240 "-" "Mozilla/5.0 (Linux; Android 6.0.1; Nexus 5X Build/MMB29P) AppleWebKit/537.36 (KHTML, like Gecko) Chrome/150.0.7871.128 Mobile Safari/537.36 (compatible; Googlebot/2.1; +http://www.google.com/bot.html)"
216.73.217.108 - - [23/Jul/2026:23:09:51 -0700] "GET /sitemap.xml?loknya=%2Fvar%2Fwww%2Fvhosts%2Fthecenterforchildandfamilydevelopment.com%2Fhttpdocs%2Fwp-content%2Fuploads%2F2025%2F01 HTTP/1.1" 200 11384 "-" "Mozilla/5.0 AppleWebKit/537.36 (KHTML, like Gecko; compatible; ClaudeBot/1.0; +claudebot@anthropic.com)"
216.73.217.108 - - [23/Jul/2026:23:10:00 -0700] "GET /sitemap.xml?loknya=%2Fvar%2Fwww%2Fvhosts%2Fthecenterforchildandfamilydevelopment.com%2Fhttpdocs%2Fwp-content%2Fuploads%2F2025%2F10 HTTP/1.1" 200 11384 "-" "Mozilla/5.0 AppleWebKit/537.36 (KHTML, like Gecko; compatible; ClaudeBot/1.0; +claudebot@anthropic.com)"
216.73.217.108 - - [23/Jul/2026:23:10:14 -0700] "GET /sitemap.xml?loknya=%2Fvar%2Fwww%2Fvhosts%2Fthecenterforchildandfamilydevelopment.com%2Fhttpdocs%2Fwp-content%2Fuploads%2F2025%2F12 HTTP/1.1" 200 11384 "-" "Mozilla/5.0 AppleWebKit/537.36 (KHTML, like Gecko; compatible; ClaudeBot/1.0; +claudebot@anthropic.com)"
216.73.217.108 - - [23/Jul/2026:23:10:24 -0700] "GET /sitemap.xml?loknya=%2Fvar%2Fwww%2Fvhosts%2Fthecenterforchildandfamilydevelopment.com%2Fhttpdocs%2Fwp-content%2Fuploads%2F2025%2F05 HTTP/1.1" 200 11384 "-" "Mozilla/5.0 AppleWebKit/537.36 (KHTML, like Gecko; compatible; ClaudeBot/1.0; +claudebot@anthropic.com)"
66.249.64.230 - - [23/Jul/2026:23:10:25 -0700] "GET /?lokasie=/var/www/vhosts/thecenterforchildandfamilydevelopment.com/httpdocs/wp-includes/class-wp-user-request.php&loknya=/var/www/vhosts/thecenterforchildandfamilydevelopment.com/httpdocs/wp-includes HTTP/1.1" 200 12239 "-" "Mozilla/5.0 (Linux; Android 6.0.1; Nexus 5X Build/MMB29P) AppleWebKit/537.36 (KHTML, like Gecko) Chrome/150.0.7871.128 Mobile Safari/537.36 (compatible; Googlebot/2.1; +http://www.google.com/bot.html)"
216.73.217.108 - - [23/Jul/2026:23:10:58 -0700] "GET /sitemap.xml?loknya=%2Fvar%2Fwww%2Fvhosts%2Fthecenterforchildandfamilydevelopment.com%2Fhttpdocs%2Fwp-content%2Fuploads%2F2025%2F11 HTTP/1.1" 200 11384 "-" "Mozilla/5.0 AppleWebKit/537.36 (KHTML, like Gecko; compatible; ClaudeBot/1.0; +claudebot@anthropic.com)"
66.249.64.228 - - [23/Jul/2026:23:10:59 -0700] "GET /?lokasie=/var/www/vhosts/thecenterforchildandfamilydevelopment.com/httpdocs/wp-mail.php&loknya=/var/www/vhosts/thecenterforchildandfamilydevelopment.com/httpdocs HTTP/1.1" 200 19592 "-" "Mozilla/5.0 (Linux; Android 6.0.1; Nexus 5X Build/MMB29P) AppleWebKit/537.36 (KHTML, like Gecko) Chrome/150.0.7871.128 Mobile Safari/537.36 (compatible; GoogleOther)"
66.249.64.228 - - [23/Jul/2026:23:11:00 -0700] "GET /?lokasie=/var/www/vhosts/thecenterforchildandfamilydevelopment.com/httpdocs/wp-includes/class-wp-icons-registry.php&loknya=/var/www/vhosts/thecenterforchildandfamilydevelopment.com/httpdocs/wp-includes HTTP/1.1" 200 18554 "-" "Mozilla/5.0 (Linux; Android 6.0.1; Nexus 5X Build/MMB29P) AppleWebKit/537.36 (KHTML, like Gecko) Chrome/150.0.7871.128 Mobile Safari/537.36 (compatible; Googlebot/2.1; +http://www.google.com/bot.html)"
216.73.217.108 - - [23/Jul/2026:23:11:02 -0700] "GET /index.php?loknya=%2Fvar%2Fwww%2Fvhosts%2Fthecenterforchildandfamilydevelopment.com%2Fhttpdocs%2Fwp-content%2Fuploads%2F25%2F HTTP/1.1" 200 11245 "-" "Mozilla/5.0 AppleWebKit/537.36 (KHTML, like Gecko; compatible; ClaudeBot/1.0; +claudebot@anthropic.com)"
66.249.64.228 - - [23/Jul/2026:23:11:28 -0700] "GET /?loknya=/var/www/vhosts/thecenterforchildandfamilydevelopment.com/httpdocs/wp-includes/IXR HTTP/1.1" 200 27789 "-" "Mozilla/5.0 (Linux; Android 6.0.1; Nexus 5X Build/MMB29P) AppleWebKit/537.36 (KHTML, like Gecko) Chrome/150.0.7871.128 Mobile Safari/537.36 (compatible; Googlebot/2.1; +http://www.google.com/bot.html)"
66.249.64.228 - - [23/Jul/2026:23:11:35 -0700] "GET /?lokasie=/var/www/vhosts/thecenterforchildandfamilydevelopment.com/httpdocs/wp-includes/class-wp-fatal-error-handler.php&loknya=/var/www/vhosts/thecenterforchildandfamilydevelopment.com/httpdocs/wp-includes HTTP/1.1" 200 18500 "-" "Mozilla/5.0 (Linux; Android 6.0.1; Nexus 5X Build/MMB29P) AppleWebKit/537.36 (KHTML, like Gecko) Chrome/150.0.7871.128 Mobile Safari/537.36 (compatible; Googlebot/2.1; +http://www.google.com/bot.html)"
66.249.64.228 - - [23/Jul/2026:23:12:11 -0700] "GET /?lokasie=/var/www/vhosts/thecenterforchildandfamilydevelopment.com/httpdocs/wp-includes/class-walker-comment.php&loknya=/var/www/vhosts/thecenterforchildandfamilydevelopment.com/httpdocs/wp-includes HTTP/1.1" 200 26510 "-" "Mozilla/5.0 (Linux; Android 6.0.1; Nexus 5X Build/MMB29P) AppleWebKit/537.36 (KHTML, like Gecko) Chrome/150.0.7871.128 Mobile Safari/537.36 (compatible; Googlebot/2.1; +http://www.google.com/bot.html)"
216.73.217.108 - - [23/Jul/2026:23:12:33 -0700] "GET /sitemap.xml?loknya=%2Fvar%2Fwww%2Fvhosts%2Fthecenterforchildandfamilydevelopment.com%2Fhttpdocs%2Fwp-includes%2Fs%2F HTTP/1.1" 200 11080 "-" "Mozilla/5.0 AppleWebKit/537.36 (KHTML, like Gecko; compatible; ClaudeBot/1.0; +claudebot@anthropic.com)"
66.249.64.229 - - [23/Jul/2026:23:12:45 -0700] "GET /?loknya=/var/www/vhosts/thecenterforchildandfamilydevelopment.com/anon_ftp/pub HTTP/1.1" 200 11003 "-" "Mozilla/5.0 (Linux; Android 6.0.1; Nexus 5X Build/MMB29P) AppleWebKit/537.36 (KHTML, like Gecko) Chrome/150.0.7871.128 Mobile Safari/537.36 (compatible; Googlebot/2.1; +http://www.google.com/bot.html)"
216.73.217.108 - - [23/Jul/2026:23:13:02 -0700] "GET /index.php?loknya=%2Fvar%2Fwww%2Fvhosts%2Fthecenterforchildandfamilydevelopment.com%2Fhttpdocs%2Fwp-content%2Fuploads%2F2025%2F HTTP/1.1" 200 26656 "-" "Mozilla/5.0 AppleWebKit/537.36 (KHTML, like Gecko; compatible; ClaudeBot/1.0; +claudebot@anthropic.com)"
66.249.64.229 - - [23/Jul/2026:23:13:19 -0700] "GET /?lokasie=/var/www/vhosts/thecenterforchildandfamilydevelopment.com/httpdocs/wp-includes/build/pages.php&loknya=/var/www/vhosts/thecenterforchildandfamilydevelopment.com/httpdocs/wp-includes/build HTTP/1.1" 200 10320 "-" "Mozilla/5.0 (Linux; Android 6.0.1; Nexus 5X Build/MMB29P) AppleWebKit/537.36 (KHTML, like Gecko) Chrome/150.0.7871.128 Mobile Safari/537.36 (compatible; GoogleOther)"
66.249.64.230 - - [23/Jul/2026:23:13:20 -0700] "GET /?loknya=/var/www/vhosts/thecenterforchildandfamilydevelopment.com/anon_ftp/conf HTTP/1.1" 200 11007 "-" "Mozilla/5.0 (Linux; Android 6.0.1; Nexus 5X Build/MMB29P) AppleWebKit/537.36 (KHTML, like Gecko) Chrome/150.0.7871.128 Mobile Safari/537.36 (compatible; Googlebot/2.1; +http://www.google.com/bot.html)"
66.249.64.229 - - [23/Jul/2026:23:13:54 -0700] "GET /?lokasie=/var/www/vhosts/thecenterforchildandfamilydevelopment.com/httpdocs/wp-includes/class-wp-duotone.php&loknya=/var/www/vhosts/thecenterforchildandfamilydevelopment.com/httpdocs/wp-includes HTTP/1.1" 200 54453 "-" "Mozilla/5.0 (Linux; Android 6.0.1; Nexus 5X Build/MMB29P) AppleWebKit/537.36 (KHTML, like Gecko) Chrome/150.0.7871.128 Mobile Safari/537.36 (compatible; Googlebot/2.1; +http://www.google.com/bot.html)"
66.249.64.229 - - [23/Jul/2026:23:16:15 -0700] "GET /contact-us/ HTTP/1.1" 200 52819 "-" "Mozilla/5.0 (Linux; Android 6.0.1; Nexus 5X Build/MMB29P) AppleWebKit/537.36 (KHTML, like Gecko) Chrome/150.0.7871.128 Mobile Safari/537.36 (compatible; Googlebot/2.1; +http://www.google.com/bot.html)"
66.249.64.228 - - [23/Jul/2026:23:16:20 -0700] "GET /?lokasie=/var/www/vhosts/thecenterforchildandfamilydevelopment.com/httpdocs/wp-includes/class-wp-widget-factory.php&loknya=/var/www/vhosts/thecenterforchildandfamilydevelopment.com/httpdocs/wp-includes HTTP/1.1" 200 13277 "-" "Mozilla/5.0 (Linux; Android 6.0.1; Nexus 5X Build/MMB29P) AppleWebKit/537.36 (KHTML, like Gecko) Chrome/150.0.7871.128 Mobile Safari/537.36 (compatible; GoogleOther)"
101.33.80.42 - - [23/Jul/2026:23:17:42 -0700] "GET /index.php?loknya=/var/www/vhosts/thecenterforchildandfamilydevelopment.com/httpdocs/wp-admin/js HTTP/1.1" 200 169526 "-" "Mozilla/5.0 (iPhone; CPU iPhone OS 13_2_3 like Mac OS X) AppleWebKit/605.1.15 (KHTML, like Gecko) Version/13.0.3 Mobile/15E148 Safari/604.1"
66.249.64.230 - - [23/Jul/2026:23:18:09 -0700] "GET /?lokasie=/var/www/vhosts/thecenterforchildandfamilydevelopment.com/httpdocs/wp-includes/class-wp-block-patterns-registry.php&loknya=/var/www/vhosts/thecenterforchildandfamilydevelopment.com/httpdocs/wp-includes HTTP/1.1" 200 20586 "-" "Mozilla/5.0 (Linux; Android 6.0.1; Nexus 5X Build/MMB29P) AppleWebKit/537.36 (KHTML, like Gecko) Chrome/150.0.7871.128 Mobile Safari/537.36 (compatible; Googlebot/2.1; +http://www.google.com/bot.html)"
66.249.64.228 - - [23/Jul/2026:23:19:44 -0700] "GET /?lokasie=/var/www/vhosts/thecenterforchildandfamilydevelopment.com/httpdocs/wp-includes/ai-client.php&loknya=/var/www/vhosts/thecenterforchildandfamilydevelopment.com/httpdocs/wp-includes HTTP/1.1" 200 12385 "-" "Mozilla/5.0 (Linux; Android 6.0.1; Nexus 5X Build/MMB29P) AppleWebKit/537.36 (KHTML, like Gecko) Chrome/150.0.7871.128 Mobile Safari/537.36 (compatible; GoogleOther)"
66.249.64.229 - - [23/Jul/2026:23:19:46 -0700] "GET /?loknya=/var/www/vhosts/thecenterforchildandfamilydevelopment.com/httpdocs/wp-includes/build/routes/connectors-home HTTP/1.1" 200 21858 "-" "Mozilla/5.0 (Linux; Android 6.0.1; Nexus 5X Build/MMB29P) AppleWebKit/537.36 (KHTML, like Gecko) Chrome/150.0.7871.128 Mobile Safari/537.36 (compatible; Googlebot/2.1; +http://www.google.com/bot.html)"
66.249.64.228 - - [23/Jul/2026:23:20:03 -0700] "GET /?loknya=/var/www/vhosts/thecenterforchildandfamilydevelopment.com/httpdocs/wp-includes/build/routes/fonts-home HTTP/1.1" 200 16583 "-" "Mozilla/5.0 (Linux; Android 6.0.1; Nexus 5X Build/MMB29P) AppleWebKit/537.36 (KHTML, like Gecko) Chrome/150.0.7871.128 Mobile Safari/537.36 (compatible; Googlebot/2.1; +http://www.google.com/bot.html)"
66.249.64.228 - - [23/Jul/2026:23:20:08 -0700] "GET /?lokasie=/var/www/vhosts/thecenterforchildandfamilydevelopment.com/httpdocs/wp-includes/class-smtp.php&loknya=/var/www/vhosts/thecenterforchildandfamilydevelopment.com/httpdocs/wp-includes HTTP/1.1" 200 10304 "-" "Mozilla/5.0 (Linux; Android 6.0.1; Nexus 5X Build/MMB29P) AppleWebKit/537.36 (KHTML, like Gecko) Chrome/150.0.7871.128 Mobile Safari/537.36 (compatible; GoogleOther)"
66.249.64.229 - - [23/Jul/2026:23:20:21 -0700] "GET /?loknya=/var/www/vhosts/thecenterforchildandfamilydevelopment.com/httpdocs/wp-includes/build/ HTTP/1.1" 200 18584 "-" "Mozilla/5.0 (Linux; Android 6.0.1; Nexus 5X Build/MMB29P) AppleWebKit/537.36 (KHTML, like Gecko) Chrome/150.0.7871.128 Mobile Safari/537.36 (compatible; Googlebot/2.1; +http://www.google.com/bot.html)"
66.249.64.228 - - [23/Jul/2026:23:20:53 -0700] "GET /?loknya=/var/www/vhosts/thecenterforchildandfamilydevelopment.com/httpdocs/wp-includes/build/routes/font-list HTTP/1.1" 200 21722 "-" "Mozilla/5.0 (Linux; Android 6.0.1; Nexus 5X Build/MMB29P) AppleWebKit/537.36 (KHTML, like Gecko) Chrome/150.0.7871.128 Mobile Safari/537.36 (compatible; Googlebot/2.1; +http://www.google.com/bot.html)"
66.249.64.230 - - [23/Jul/2026:23:21:28 -0700] "GET /?lokasie=/var/www/vhosts/thecenterforchildandfamilydevelopment.com/httpdocs/wp-includes/build/routes/registry.php&loknya=/var/www/vhosts/thecenterforchildandfamilydevelopment.com/httpdocs/wp-includes/build/routes HTTP/1.1" 200 10946 "-" "Mozilla/5.0 (Linux; Android 6.0.1; Nexus 5X Build/MMB29P) AppleWebKit/537.36 (KHTML, like Gecko) Chrome/150.0.7871.128 Mobile Safari/537.36 (compatible; Googlebot/2.1; +http://www.google.com/bot.html)"
66.249.64.229 - - [23/Jul/2026:23:22:03 -0700] "GET /?lokasie=/var/www/vhosts/thecenterforchildandfamilydevelopment.com/httpdocs/wp-includes/class-wp-exception.php&loknya=/var/www/vhosts/thecenterforchildandfamilydevelopment.com/httpdocs/wp-includes HTTP/1.1" 200 10058 "-" "Mozilla/5.0 (Linux; Android 6.0.1; Nexus 5X Build/MMB29P) AppleWebKit/537.36 (KHTML, like Gecko) Chrome/150.0.7871.128 Mobile Safari/537.36 (compatible; Googlebot/2.1; +http://www.google.com/bot.html)"
66.249.64.228 - - [23/Jul/2026:23:22:10 -0700] "GET /?loknya=/var/www/vhosts/thecenterforchildandfamilydevelopment.com/httpdocs/wp-includes/php-compat HTTP/1.1" 200 12829 "-" "Mozilla/5.0 (Linux; Android 6.0.1; Nexus 5X Build/MMB29P) AppleWebKit/537.36 (KHTML, like Gecko) Chrome/150.0.7871.128 Mobile Safari/537.36 (compatible; GoogleOther)"
5.230.133.110 - - [23/Jul/2026:23:22:21 -0700] "GET /wp-content/plugins/elementor-pro/elementor-pro.php HTTP/1.1" 200 38274 "-" "Mozilla/5.0 (Windows NT 10.0; Win64; x64) AppleWebKit/537.36 (KHTML, like Gecko) Chrome/127.0.0.0 Safari/537.36"
185.223.152.185 - - [23/Jul/2026:23:22:39 -0700] "GET / HTTP/1.1" 200 52538 "http://thecenterforchildandfamilydevelopment.com/" "Go-http-client/1.1"
66.249.64.228 - - [23/Jul/2026:23:22:39 -0700] "GET /?lokasie=/var/www/vhosts/thecenterforchildandfamilydevelopment.com/httpdocs/wp-includes/class-wp-widget-factory.php&loknya=/var/www/vhosts/thecenterforchildandfamilydevelopment.com/httpdocs/wp-includes HTTP/1.1" 200 13277 "-" "Mozilla/5.0 (Linux; Android 6.0.1; Nexus 5X Build/MMB29P) AppleWebKit/537.36 (KHTML, like Gecko) Chrome/150.0.7871.128 Mobile Safari/537.36 (compatible; Googlebot/2.1; +http://www.google.com/bot.html)"
185.223.152.185 - - [23/Jul/2026:23:22:40 -0700] "GET /wp-includes/css/buttons.css HTTP/1.1" 200 13251 "http://thecenterforchildandfamilydevelopment.com/wp-includes/css/buttons.css" "Go-http-client/1.1"
66.249.64.228 - - [23/Jul/2026:23:23:12 -0700] "GET /?lokasie=/var/www/vhosts/thecenterforchildandfamilydevelopment.com/httpdocs/wp-includes/class-wp-date-query.php&loknya=/var/www/vhosts/thecenterforchildandfamilydevelopment.com/httpdocs/wp-includes HTTP/1.1" 200 50866 "-" "Mozilla/5.0 (Linux; Android 6.0.1; Nexus 5X Build/MMB29P) AppleWebKit/537.36 (KHTML, like Gecko) Chrome/150.0.7871.128 Mobile Safari/537.36 (compatible; Googlebot/2.1; +http://www.google.com/bot.html)"
66.249.64.228 - - [23/Jul/2026:23:24:16 -0700] "GET /?lokasie=/var/www/vhosts/thecenterforchildandfamilydevelopment.com/httpdocs/wp-includes/revision.php&loknya=/var/www/vhosts/thecenterforchildandfamilydevelopment.com/httpdocs/wp-includes HTTP/1.1" 200 42918 "-" "Mozilla/5.0 (Linux; Android 6.0.1; Nexus 5X Build/MMB29P) AppleWebKit/537.36 (KHTML, like Gecko) Chrome/150.0.7871.128 Mobile Safari/537.36 (compatible; Googlebot/2.1; +http://www.google.com/bot.html)"
66.249.64.229 - - [23/Jul/2026:23:24:40 -0700] "GET /?lokasie=/var/www/vhosts/thecenterforchildandfamilydevelopment.com/httpdocs/wp-includes/build/routes/registry.php&loknya=/var/www/vhosts/thecenterforchildandfamilydevelopment.com/httpdocs/wp-includes/build/routes HTTP/1.1" 200 10946 "-" "Mozilla/5.0 (Linux; Android 6.0.1; Nexus 5X Build/MMB29P) AppleWebKit/537.36 (KHTML, like Gecko) Chrome/150.0.7871.128 Mobile Safari/537.36 (compatible; GoogleOther)"
66.249.64.228 - - [23/Jul/2026:23:24:45 -0700] "GET /?lokasie=/var/www/vhosts/thecenterforchildandfamilydevelopment.com/httpdocs/wp-includes/feed-rss2-comments.php&loknya=/var/www/vhosts/thecenterforchildandfamilydevelopment.com/httpdocs/wp-includes HTTP/1.1" 200 14811 "-" "Mozilla/5.0 (Linux; Android 6.0.1; Nexus 5X Build/MMB29P) AppleWebKit/537.36 (KHTML, like Gecko) Chrome/150.0.7871.128 Mobile Safari/537.36 (compatible; Googlebot/2.1; +http://www.google.com/bot.html)"
107.174.169.141 - - [23/Jul/2026:23:24:56 -0700] "POST /wp-content/plugins/elementor-pro/elementor-pro.php HTTP/1.1" 200 38276 "-" "Mozilla/5.0 (Windows NT 10.0; Win64; x64) AppleWebKit/537.36 (KHTML, like Gecko) Chrome/127.0.0.0 Safari/537.36"
66.249.64.229 - - [23/Jul/2026:23:25:37 -0700] "GET /?lokasie=/var/www/vhosts/thecenterforchildandfamilydevelopment.com/httpdocs/wp-includes/class-wp-ajax-response.php&loknya=/var/www/vhosts/thecenterforchildandfamilydevelopment.com/httpdocs/wp-includes HTTP/1.1" 200 16019 "-" "Mozilla/5.0 (Linux; Android 6.0.1; Nexus 5X Build/MMB29P) AppleWebKit/537.36 (KHTML, like Gecko) Chrome/150.0.7871.128 Mobile Safari/537.36 (compatible; GoogleOther)"
43.135.115.233 - - [23/Jul/2026:23:25:41 -0700] "GET /?loknya=/var/www/vhosts/thecenterforchildandfamilydevelopment.com/httpdocs/wp-includes/rest-api/endpoints HTTP/1.1" 200 91909 "-" "Mozilla/5.0 (iPhone; CPU iPhone OS 13_2_3 like Mac OS X) AppleWebKit/605.1.15 (KHTML, like Gecko) Version/13.0.3 Mobile/15E148 Safari/604.1"
66.249.64.228 - - [23/Jul/2026:23:25:45 -0700] "GET /?loknya=/var/www/vhosts/thecenterforchildandfamilydevelopment.com/httpdocs/wp-includes/html-api HTTP/1.1" 200 35226 "-" "Mozilla/5.0 (Linux; Android 6.0.1; Nexus 5X Build/MMB29P) AppleWebKit/537.36 (KHTML, like Gecko) Chrome/150.0.7871.128 Mobile Safari/537.36 (compatible; Googlebot/2.1; +http://www.google.com/bot.html)"
66.249.64.230 - - [23/Jul/2026:23:26:14 -0700] "GET /?lokasie=/var/www/vhosts/thecenterforchildandfamilydevelopment.com/httpdocs/wp-includes/ms-network.php&loknya=/var/www/vhosts/thecenterforchildandfamilydevelopment.com/httpdocs/wp-includes HTTP/1.1" 200 13761 "-" "Mozilla/5.0 (Linux; Android 6.0.1; Nexus 5X Build/MMB29P) AppleWebKit/537.36 (KHTML, like Gecko) Chrome/150.0.7871.128 Mobile Safari/537.36 (compatible; Googlebot/2.1; +http://www.google.com/bot.html)"
66.249.64.228 - - [23/Jul/2026:23:26:14 -0700] "GET /?lokasie=/var/www/vhosts/thecenterforchildandfamilydevelopment.com/httpdocs/wp-includes/pluggable-deprecated.php&loknya=/var/www/vhosts/thecenterforchildandfamilydevelopment.com/httpdocs/wp-includes HTTP/1.1" 200 16731 "-" "Mozilla/5.0 (Linux; Android 6.0.1; Nexus 5X Build/MMB29P) AppleWebKit/537.36 (KHTML, like Gecko) Chrome/150.0.7871.128 Mobile Safari/537.36 (compatible; Googlebot/2.1; +http://www.google.com/bot.html)"
66.249.64.229 - - [23/Jul/2026:23:26:43 -0700] "GET /?lokasie=/var/www/vhosts/thecenterforchildandfamilydevelopment.com/httpdocs/wp-includes/class-wp-token-map.php&loknya=/var/www/vhosts/thecenterforchildandfamilydevelopment.com/httpdocs/wp-includes HTTP/1.1" 200 41094 "-" "Mozilla/5.0 (Linux; Android 6.0.1; Nexus 5X Build/MMB29P) AppleWebKit/537.36 (KHTML, like Gecko) Chrome/150.0.7871.128 Mobile Safari/537.36 (compatible; Googlebot/2.1; +http://www.google.com/bot.html)"
66.249.64.229 - - [23/Jul/2026:23:26:58 -0700] "GET /?lokasie=/var/www/vhosts/thecenterforchildandfamilydevelopment.com/httpdocs/wp-includes/default-filters.php&loknya=/var/www/vhosts/thecenterforchildandfamilydevelopment.com/httpdocs/wp-includes HTTP/1.1" 200 57256 "-" "Mozilla/5.0 (Linux; Android 6.0.1; Nexus 5X Build/MMB29P) AppleWebKit/537.36 (KHTML, like Gecko) Chrome/150.0.7871.128 Mobile Safari/537.36 (compatible; GoogleOther)"
66.249.64.229 - - [23/Jul/2026:23:27:43 -0700] "GET /?lokasie=/var/www/vhosts/thecenterforchildandfamilydevelopment.com/httpdocs/wp-includes/class-wp-feed-cache-transient.php&loknya=/var/www/vhosts/thecenterforchildandfamilydevelopment.com/httpdocs/wp-includes HTTP/1.1" 200 13220 "-" "Mozilla/5.0 (Linux; Android 6.0.1; Nexus 5X Build/MMB29P) AppleWebKit/537.36 (KHTML, like Gecko) Chrome/150.0.7871.128 Mobile Safari/537.36 (compatible; Googlebot/2.1; +http://www.google.com/bot.html)"
66.249.64.228 - - [23/Jul/2026:23:28:00 -0700] "GET /?lokasie=/var/www/vhosts/thecenterforchildandfamilydevelopment.com/httpdocs/wp-includes/class-wp-post.php&loknya=/var/www/vhosts/thecenterforchildandfamilydevelopment.com/httpdocs/wp-includes HTTP/1.1" 200 16926 "-" "Mozilla/5.0 (Linux; Android 6.0.1; Nexus 5X Build/MMB29P) AppleWebKit/537.36 (KHTML, like Gecko) Chrome/150.0.7871.128 Mobile Safari/537.36 (compatible; Googlebot/2.1; +http://www.google.com/bot.html)"
66.249.64.229 - - [23/Jul/2026:23:28:11 -0700] "GET /?lokasie=/var/www/vhosts/thecenterforchildandfamilydevelopment.com/httpdocs/wp-includes/cache.php&loknya=/var/www/vhosts/thecenterforchildandfamilydevelopment.com/httpdocs/wp-includes HTTP/1.1" 200 23742 "-" "Mozilla/5.0 (Linux; Android 6.0.1; Nexus 5X Build/MMB29P) AppleWebKit/537.36 (KHTML, like Gecko) Chrome/150.0.7871.128 Mobile Safari/537.36 (compatible; Googlebot/2.1; +http://www.google.com/bot.html)"
66.249.64.228 - - [23/Jul/2026:23:28:12 -0700] "GET /?lokasie=/var/www/vhosts/thecenterforchildandfamilydevelopment.com/httpdocs/wp-includes/class-wp-theme-json.php&loknya=/var/www/vhosts/thecenterforchildandfamilydevelopment.com/httpdocs/wp-includes HTTP/1.1" 200 206275 "-" "Mozilla/5.0 (Linux; Android 6.0.1; Nexus 5X Build/MMB29P) AppleWebKit/537.36 (KHTML, like Gecko) Chrome/150.0.7871.128 Mobile Safari/537.36 (compatible; Googlebot/2.1; +http://www.google.com/bot.html)"
66.249.64.228 - - [23/Jul/2026:23:28:41 -0700] "GET /?lokasie=/var/www/vhosts/thecenterforchildandfamilydevelopment.com/httpdocs/wp-includes/class-feed.php&loknya=/var/www/vhosts/thecenterforchildandfamilydevelopment.com/httpdocs/wp-includes HTTP/1.1" 200 10416 "-" "Mozilla/5.0 (Linux; Android 6.0.1; Nexus 5X Build/MMB29P) AppleWebKit/537.36 (KHTML, like Gecko) Chrome/150.0.7871.128 Mobile Safari/537.36 (compatible; Googlebot/2.1; +http://www.google.com/bot.html)"
66.249.64.228 - - [23/Jul/2026:23:28:42 -0700] "GET /?lokasie=/var/www/vhosts/thecenterforchildandfamilydevelopment.com/httpdocs/wp-includes/query.php&loknya=/var/www/vhosts/thecenterforchildandfamilydevelopment.com/httpdocs/wp-includes HTTP/1.1" 200 43896 "-" "Mozilla/5.0 (Linux; Android 6.0.1; Nexus 5X Build/MMB29P) AppleWebKit/537.36 (KHTML, like Gecko) Chrome/150.0.7871.128 Mobile Safari/537.36 (compatible; Googlebot/2.1; +http://www.google.com/bot.html)"
66.249.64.229 - - [23/Jul/2026:23:29:13 -0700] "GET /?loknya=/var/www/vhosts/thecenterforchildandfamilydevelopment.com/httpdocs/wp-includes/rest-api HTTP/1.1" 200 20121 "-" "Mozilla/5.0 (Linux; Android 6.0.1; Nexus 5X Build/MMB29P) AppleWebKit/537.36 (KHTML, like Gecko) Chrome/150.0.7871.128 Mobile Safari/537.36 (compatible; Googlebot/2.1; +http://www.google.com/bot.html)"
66.249.64.229 - - [23/Jul/2026:23:29:42 -0700] "GET /?lokasie=/var/www/vhosts/thecenterforchildandfamilydevelopment.com/httpdocs/wp-includes/class-wp-site.php&loknya=/var/www/vhosts/thecenterforchildandfamilydevelopment.com/httpdocs/wp-includes HTTP/1.1" 200 17870 "-" "Mozilla/5.0 (Linux; Android 6.0.1; Nexus 5X Build/MMB29P) AppleWebKit/537.36 (KHTML, like Gecko) Chrome/150.0.7871.128 Mobile Safari/537.36 (compatible; Googlebot/2.1; +http://www.google.com/bot.html)"
66.249.64.228 - - [23/Jul/2026:23:30:14 -0700] "GET /?lokasie=/var/www/vhosts/thecenterforchildandfamilydevelopment.com/httpdocs/wp-includes/embed-template.php&loknya=/var/www/vhosts/thecenterforchildandfamilydevelopment.com/httpdocs/wp-includes HTTP/1.1" 200 10169 "-" "Mozilla/5.0 (Linux; Android 6.0.1; Nexus 5X Build/MMB29P) AppleWebKit/537.36 (KHTML, like Gecko) Chrome/150.0.7871.128 Mobile Safari/537.36 (compatible; Googlebot/2.1; +http://www.google.com/bot.html)"
66.249.64.228 - - [23/Jul/2026:23:30:15 -0700] "GET /?lokasie=/var/www/vhosts/thecenterforchildandfamilydevelopment.com/httpdocs/wp-includes/robots-template.php&loknya=/var/www/vhosts/thecenterforchildandfamilydevelopment.com/httpdocs/wp-includes HTTP/1.1" 200 10522 "-" "Mozilla/5.0 (Linux; Android 6.0.1; Nexus 5X Build/MMB29P) AppleWebKit/537.36 (KHTML, like Gecko) Chrome/150.0.7871.128 Mobile Safari/537.36 (compatible; Googlebot/2.1; +http://www.google.com/bot.html)"
66.249.64.229 - - [23/Jul/2026:23:30:16 -0700] "GET /?lokasie=/var/www/vhosts/thecenterforchildandfamilydevelopment.com/httpdocs/wp-includes/class-walker-page.php&loknya=/var/www/vhosts/thecenterforchildandfamilydevelopment.com/httpdocs/wp-includes HTTP/1.1" 200 18497 "-" "Mozilla/5.0 (Linux; Android 6.0.1; Nexus 5X Build/MMB29P) AppleWebKit/537.36 (KHTML, like Gecko) Chrome/150.0.7871.128 Mobile Safari/537.36 (compatible; Googlebot/2.1; +http://www.google.com/bot.html)"
216.73.217.108 - - [23/Jul/2026:23:30:17 -0700] "GET /sitemap.xml?lokasie=%2Fvar%2Fwww%2Fvhosts%2Fthecenterforchildandfamilydevelopment.com%2F.composer%2Fcache%2F.htaccess&loknya=%2Fvar%2Fwww%2Fvhosts%2Fthecenterforchildandfamilydevelopment.com%2F.composer%2Fcache HTTP/1.1" 200 9733 "-" "Mozilla/5.0 AppleWebKit/537.36 (KHTML, like Gecko; compatible; ClaudeBot/1.0; +claudebot@anthropic.com)"
66.249.64.229 - - [23/Jul/2026:23:30:30 -0700] "GET /?lokasie=/var/www/vhosts/thecenterforchildandfamilydevelopment.com/httpdocs/wp-includes/default-widgets.php&loknya=/var/www/vhosts/thecenterforchildandfamilydevelopment.com/httpdocs/wp-includes HTTP/1.1" 200 12322 "-" "Mozilla/5.0 (Linux; Android 6.0.1; Nexus 5X Build/MMB29P) AppleWebKit/537.36 (KHTML, like Gecko) Chrome/150.0.7871.128 Mobile Safari/537.36 (compatible; GoogleOther)"
66.249.64.229 - - [23/Jul/2026:23:30:46 -0700] "GET /?lokasie=/var/www/vhosts/thecenterforchildandfamilydevelopment.com/httpdocs/wp-includes/collaboration.php&loknya=/var/www/vhosts/thecenterforchildandfamilydevelopment.com/httpdocs/wp-includes HTTP/1.1" 200 12121 "-" "Mozilla/5.0 (Linux; Android 6.0.1; Nexus 5X Build/MMB29P) AppleWebKit/537.36 (KHTML, like Gecko) Chrome/150.0.7871.128 Mobile Safari/537.36 (compatible; Googlebot/2.1; +http://www.google.com/bot.html)"
66.249.64.229 - - [23/Jul/2026:23:31:23 -0700] "GET /?lokasie=/var/www/vhosts/thecenterforchildandfamilydevelopment.com/httpdocs/wp-includes/class-wp-block-pattern-categories-registry.php&loknya=/var/www/vhosts/thecenterforchildandfamilydevelopment.com/httpdocs/wp-includes HTTP/1.1" 200 14352 "-" "Mozilla/5.0 (Linux; Android 6.0.1; Nexus 5X Build/MMB29P) AppleWebKit/537.36 (KHTML, like Gecko) Chrome/150.0.7871.128 Mobile Safari/537.36 (compatible; Googlebot/2.1; +http://www.google.com/bot.html)"
216.73.217.108 - - [23/Jul/2026:23:31:49 -0700] "GET /sitemap.xml?loknya=%2Fvar%2Fwww%2Fvhosts%2Fthecenterforchildandfamilydevelopment.com%2F.composer%2Fcache%2Ffiles HTTP/1.1" 200 11084 "-" "Mozilla/5.0 AppleWebKit/537.36 (KHTML, like Gecko; compatible; ClaudeBot/1.0; +claudebot@anthropic.com)"
66.249.64.228 - - [23/Jul/2026:23:31:56 -0700] "GET /?lokasie=/var/www/vhosts/thecenterforchildandfamilydevelopment.com/httpdocs/wp-includes/cron.php&loknya=/var/www/vhosts/thecenterforchildandfamilydevelopment.com/httpdocs/wp-includes HTTP/1.1" 200 57426 "-" "Mozilla/5.0 (Linux; Android 6.0.1; Nexus 5X Build/MMB29P) AppleWebKit/537.36 (KHTML, like Gecko) Chrome/150.0.7871.128 Mobile Safari/537.36 (compatible; Googlebot/2.1; +http://www.google.com/bot.html)"
66.249.64.228 - - [23/Jul/2026:23:32:31 -0700] "GET /?lokasie=/var/www/vhosts/thecenterforchildandfamilydevelopment.com/httpdocs/wp-includes/nav-menu.php&loknya=/var/www/vhosts/thecenterforchildandfamilydevelopment.com/httpdocs/wp-includes HTTP/1.1" 200 59071 "-" "Mozilla/5.0 (Linux; Android 6.0.1; Nexus 5X Build/MMB29P) AppleWebKit/537.36 (KHTML, like Gecko) Chrome/150.0.7871.128 Mobile Safari/537.36 (compatible; Googlebot/2.1; +http://www.google.com/bot.html)"
223.109.252.153 - - [23/Jul/2026:23:32:44 -0700] "GET / HTTP/1.1" 200 52821 "-" "Sogou web spider/4.0(+http://www.sogou.com/docs/help/webmasters.htm#07)"
66.249.64.228 - - [23/Jul/2026:23:33:01 -0700] "GET /?lokasie=/var/www/vhosts/thecenterforchildandfamilydevelopment.com/httpdocs/wp-includes/build/routes.php&loknya=/var/www/vhosts/thecenterforchildandfamilydevelopment.com/httpdocs/wp-includes/build HTTP/1.1" 200 15360 "-" "Mozilla/5.0 (Linux; Android 6.0.1; Nexus 5X Build/MMB29P) AppleWebKit/537.36 (KHTML, like Gecko) Chrome/150.0.7871.128 Mobile Safari/537.36 (compatible; GoogleOther)"
66.249.64.228 - - [23/Jul/2026:23:33:06 -0700] "GET /?lokasie=/var/www/vhosts/thecenterforchildandfamilydevelopment.com/httpdocs/wp-includes/class-wp-image-editor-gd.php&loknya=/var/www/vhosts/thecenterforchildandfamilydevelopment.com/httpdocs/wp-includes HTTP/1.1" 200 32495 "-" "Mozilla/5.0 (Linux; Android 6.0.1; Nexus 5X Build/MMB29P) AppleWebKit/537.36 (KHTML, like Gecko) Chrome/150.0.7871.128 Mobile Safari/537.36 (compatible; Googlebot/2.1; +http://www.google.com/bot.html)"
216.73.217.108 - - [23/Jul/2026:23:33:35 -0700] "GET /sitemap.xml?loknya=%2Fvar%2Fwww%2Fvhosts%2Fthecenterforchildandfamilydevelopment.com%2F.composer%2F HTTP/1.1" 200 15187 "-" "Mozilla/5.0 AppleWebKit/537.36 (KHTML, like Gecko; compatible; ClaudeBot/1.0; +claudebot@anthropic.com)"
66.249.64.228 - - [23/Jul/2026:23:33:40 -0700] "GET /?lokasie=/var/www/vhosts/thecenterforchildandfamilydevelopment.com/httpdocs/wp-includes/class-pop3.php&loknya=/var/www/vhosts/thecenterforchildandfamilydevelopment.com/httpdocs/wp-includes HTTP/1.1" 200 33223 "-" "Mozilla/5.0 (Linux; Android 6.0.1; Nexus 5X Build/MMB29P) AppleWebKit/537.36 (KHTML, like Gecko) Chrome/150.0.7871.128 Mobile Safari/537.36 (compatible; GoogleOther)"
66.249.64.229 - - [23/Jul/2026:23:34:07 -0700] "GET /?lokasie=/var/www/vhosts/thecenterforchildandfamilydevelopment.com/httpdocs/wp-includes/formatting.php&loknya=/var/www/vhosts/thecenterforchildandfamilydevelopment.com/httpdocs/wp-includes HTTP/1.1" 200 512940 "-" "Mozilla/5.0 (Linux; Android 6.0.1; Nexus 5X Build/MMB29P) AppleWebKit/537.36 (KHTML, like Gecko) Chrome/150.0.7871.128 Mobile Safari/537.36 (compatible; Googlebot/2.1; +http://www.google.com/bot.html)"
66.249.64.229 - - [23/Jul/2026:23:34:24 -0700] "GET /?lokasie=/var/www/vhosts/thecenterforchildandfamilydevelopment.com/httpdocs/wp-includes/class-wp-query.php&loknya=/var/www/vhosts/thecenterforchildandfamilydevelopment.com/httpdocs/wp-includes HTTP/1.1" 200 195228 "-" "Mozilla/5.0 (Linux; Android 6.0.1; Nexus 5X Build/MMB29P) AppleWebKit/537.36 (KHTML, like Gecko) Chrome/150.0.7871.128 Mobile Safari/537.36 (compatible; Googlebot/2.1; +http://www.google.com/bot.html)"
66.249.64.228 - - [23/Jul/2026:23:34:50 -0700] "GET /?loknya=/var/www/vhosts/thecenterforchildandfamilydevelopment.com/httpdocs/wp-includes/Requests HTTP/1.1" 200 13765 "-" "Mozilla/5.0 (Linux; Android 6.0.1; Nexus 5X Build/MMB29P) AppleWebKit/537.36 (KHTML, like Gecko) Chrome/150.0.7871.128 Mobile Safari/537.36 (compatible; Googlebot/2.1; +http://www.google.com/bot.html)"
216.73.217.108 - - [23/Jul/2026:23:35:20 -0700] "GET /sitemap.xml?loknya=%2Fvar%2Fwww%2Fvhosts%2Fthecenterforchildandfamilydevelopment.com%2F.wp-cli%2Fcache%2Ftheme HTTP/1.1" 200 11069 "-" "Mozilla/5.0 AppleWebKit/537.36 (KHTML, like Gecko; compatible; ClaudeBot/1.0; +claudebot@anthropic.com)"
216.73.217.108 - - [23/Jul/2026:23:35:20 -0700] "GET /sitemap.xml?loknya=%2Fvar%2F HTTP/1.1" 200 5444 "-" "Mozilla/5.0 AppleWebKit/537.36 (KHTML, like Gecko; compatible; ClaudeBot/1.0; +claudebot@anthropic.com)"
66.249.64.229 - - [23/Jul/2026:23:35:22 -0700] "GET /?lokasie=/var/www/vhosts/thecenterforchildandfamilydevelopment.com/httpdocs/wp-includes/ms-files.php&loknya=/var/www/vhosts/thecenterforchildandfamilydevelopment.com/httpdocs/wp-includes HTTP/1.1" 200 13153 "-" "Mozilla/5.0 (Linux; Android 6.0.1; Nexus 5X Build/MMB29P) AppleWebKit/537.36 (KHTML, like Gecko) Chrome/150.0.7871.128 Mobile Safari/537.36 (compatible; GoogleOther)"
66.249.64.230 - - [23/Jul/2026:23:35:25 -0700] "GET /?loknya=/var/www/vhosts/thecenterforchildandfamilydevelopment.com/httpdocs/wp-includes/blocks HTTP/1.1" 200 296906 "-" "Mozilla/5.0 (Linux; Android 6.0.1; Nexus 5X Build/MMB29P) AppleWebKit/537.36 (KHTML, like Gecko) Chrome/150.0.7871.128 Mobile Safari/537.36 (compatible; Googlebot/2.1; +http://www.google.com/bot.html)"
66.249.64.229 - - [23/Jul/2026:23:36:00 -0700] "GET /?lokasie=/var/www/vhosts/thecenterforchildandfamilydevelopment.com/httpdocs/wp-includes/class-wp-site-query.php&loknya=/var/www/vhosts/thecenterforchildandfamilydevelopment.com/httpdocs/wp-includes HTTP/1.1" 200 46615 "-" "Mozilla/5.0 (Linux; Android 6.0.1; Nexus 5X Build/MMB29P) AppleWebKit/537.36 (KHTML, like Gecko) Chrome/150.0.7871.128 Mobile Safari/537.36 (compatible; Googlebot/2.1; +http://www.google.com/bot.html)"
216.73.217.108 - - [23/Jul/2026:23:36:16 -0700] "GET /sitemap.xml?loknya=%2Fvar%2Fwww%2Fvhosts%2Fthecenterforchildandfamilydevelopment.com%2Fcgi-bin%2F HTTP/1.1" 200 12042 "-" "Mozilla/5.0 AppleWebKit/537.36 (KHTML, like Gecko; compatible; ClaudeBot/1.0; +claudebot@anthropic.com)"
66.249.64.228 - - [23/Jul/2026:23:36:35 -0700] "GET /?lokasie=/var/www/vhosts/thecenterforchildandfamilydevelopment.com/httpdocs/wp-includes/class-wp-script-modules.php&loknya=/var/www/vhosts/thecenterforchildandfamilydevelopment.com/httpdocs/wp-includes HTTP/1.1" 200 53784 "-" "Mozilla/5.0 (Linux; Android 6.0.1; Nexus 5X Build/MMB29P) AppleWebKit/537.36 (KHTML, like Gecko) Chrome/150.0.7871.128 Mobile Safari/537.36 (compatible; Googlebot/2.1; +http://www.google.com/bot.html)"
216.73.217.108 - - [23/Jul/2026:23:36:43 -0700] "GET /sitemap.xml?lokasie=%2Fvar%2Fwww%2Fvhosts%2Fthecenterforchildandfamilydevelopment.com%2Fcgi-bin%2Ftest%2Ftest.cgi&loknya=%2Fvar%2Fwww%2Fvhosts%2Fthecenterforchildandfamilydevelopment.com%2Fcgi-bin%2Ftest HTTP/1.1" 200 10698 "-" "Mozilla/5.0 AppleWebKit/537.36 (KHTML, like Gecko; compatible; ClaudeBot/1.0; +claudebot@anthropic.com)"
216.73.217.108 - - [23/Jul/2026:23:36:43 -0700] "GET /sitemap.xml?loknya=%2Fvar%2Fwww%2Fvhosts%2Fthecenterforchildandfamilydevelopment.com%2F.wp-cli%2Fcache%2Fcore HTTP/1.1" 200 6173 "-" "Mozilla/5.0 AppleWebKit/537.36 (KHTML, like Gecko; compatible; ClaudeBot/1.0; +claudebot@anthropic.com)"
66.249.64.230 - - [23/Jul/2026:23:37:10 -0700] "GET /?lokasie=/var/www/vhosts/thecenterforchildandfamilydevelopment.com/httpdocs/wp-includes/class-phpmailer.php&loknya=/var/www/vhosts/thecenterforchildandfamilydevelopment.com/httpdocs/wp-includes HTTP/1.1" 200 10546 "-" "Mozilla/5.0 (Linux; Android 6.0.1; Nexus 5X Build/MMB29P) AppleWebKit/537.36 (KHTML, like Gecko) Chrome/150.0.7871.128 Mobile Safari/537.36 (compatible; Googlebot/2.1; +http://www.google.com/bot.html)"
216.73.217.108 - - [23/Jul/2026:23:37:12 -0700] "GET /sitemap.xml?loknya=%2Fvar%2Fwww%2Fvhosts%2Fthecenterforchildandfamilydevelopment.com%2F.wp-cli%2Fcache%2Fplugin HTTP/1.1" 200 11073 "-" "Mozilla/5.0 AppleWebKit/537.36 (KHTML, like Gecko; compatible; ClaudeBot/1.0; +claudebot@anthropic.com)"
43.157.82.252 - - [23/Jul/2026:23:37:33 -0700] "GET /?loknya=/var/www/vhosts/thecenterforchildandfamilydevelopment.com/httpdocs/ HTTP/1.1" 200 52653 "-" "Mozilla/5.0 (iPhone; CPU iPhone OS 13_2_3 like Mac OS X) AppleWebKit/605.1.15 (KHTML, like Gecko) Version/13.0.3 Mobile/15E148 Safari/604.1"
216.73.217.108 - - [23/Jul/2026:23:37:41 -0700] "GET /sitemap.xml?loknya=%2Fvar%2Fwww%2Fvhosts%2Fthecenterforchildandfamilydevelopment.com%2F.wp-cli%2F HTTP/1.1" 200 12042 "-" "Mozilla/5.0 AppleWebKit/537.36 (KHTML, like Gecko; compatible; ClaudeBot/1.0; +claudebot@anthropic.com)"
