216.73.217.108 - - [23/Jul/2026:20:56:45 -0700] "GET /sitemap.xml?loknya=%2Fvar%2Fwww%2Fvhosts%2Fthecenterforchildandfamilydevelopment.com%2Fhttpdocs%2Ftest%2Fapacheasp HTTP/1.1" 200 9426 "-" "Mozilla/5.0 AppleWebKit/537.36 (KHTML, like Gecko; compatible; ClaudeBot/1.0; +claudebot@anthropic.com)"
95.108.213.165 - - [23/Jul/2026:20:56:52 -0700] "GET /robots.txt HTTP/1.1" 200 52593 "-" "Mozilla/5.0 (compatible; YandexBot/3.0; +http://yandex.com/bots)"
213.180.203.129 - - [23/Jul/2026:20:56:53 -0700] "GET /wp-content/uploads/2015/09/cropped-favicon-32x32.png HTTP/1.1" 200 52538 "-" "Mozilla/5.0 (compatible; YandexFavicons/1.0; +http://yandex.com/bots)"
216.73.217.108 - - [23/Jul/2026:20:57:12 -0700] "GET /sitemap.xml?loknya=%2Fvar%2Fwww%2Fvhosts%2Fthecenterforchildandfamilydevelopment.com%2Fhttpdocs%2Fwp-content%2Fuploads HTTP/1.1" 200 23990 "-" "Mozilla/5.0 AppleWebKit/537.36 (KHTML, like Gecko; compatible; ClaudeBot/1.0; +claudebot@anthropic.com)"
216.73.217.108 - - [23/Jul/2026:20:57:12 -0700] "GET /sitemap.xml?loknya=%2Fvar%2Fwww%2Fvhosts%2Fthecenterforchildandfamilydevelopment.com%2Fhttpdocs%2Ftest%2Fcgi HTTP/1.1" 200 7891 "-" "Mozilla/5.0 AppleWebKit/537.36 (KHTML, like Gecko; compatible; ClaudeBot/1.0; +claudebot@anthropic.com)"
66.249.64.230 - - [23/Jul/2026:20:57:22 -0700] "GET /index.php HTTP/1.1" 200 52819 "-" "Mozilla/5.0 (Linux; Android 6.0.1; Nexus 5X Build/MMB29P) AppleWebKit/537.36 (KHTML, like Gecko) Chrome/150.0.7871.128 Mobile Safari/537.36 (compatible; Googlebot/2.1; +http://www.google.com/bot.html)"
216.73.217.108 - - [23/Jul/2026:20:57:43 -0700] "GET /sitemap.xml?loknya=%2Fvar%2Fwww%2Fvhosts%2Fthecenterforchildandfamilydevelopment.com%2Fhttpdocs%2Ftest%2Ffcgi HTTP/1.1" 200 15834 "-" "Mozilla/5.0 AppleWebKit/537.36 (KHTML, like Gecko; compatible; ClaudeBot/1.0; +claudebot@anthropic.com)"
216.73.217.108 - - [23/Jul/2026:20:57:43 -0700] "GET /sitemap.xml?loknya=%2Fvar%2Fwww%2Fvhosts%2Fthecenterforchildandfamilydevelopment.com%2Fhttpdocs%2Fwp-content%2Fmu-plugins HTTP/1.1" 200 12813 "-" "Mozilla/5.0 AppleWebKit/537.36 (KHTML, like Gecko; compatible; ClaudeBot/1.0; +claudebot@anthropic.com)"
43.152.72.247 - - [23/Jul/2026:20:57:50 -0700] "GET /index.php?loknya=/ HTTP/1.1" 200 10088 "-" "Mozilla/5.0 (iPhone; CPU iPhone OS 13_2_3 like Mac OS X) AppleWebKit/605.1.15 (KHTML, like Gecko) Version/13.0.3 Mobile/15E148 Safari/604.1"
216.73.217.108 - - [23/Jul/2026:20:57:56 -0700] "GET /sitemap.xml?loknya=%2Fvar%2Fwww%2Fvhosts%2Fthecenterforchildandfamilydevelopment.com%2Fhttpdocs%2Fwp-content%2Fmaintenance HTTP/1.1" 200 14099 "-" "Mozilla/5.0 AppleWebKit/537.36 (KHTML, like Gecko; compatible; ClaudeBot/1.0; +claudebot@anthropic.com)"
216.73.217.108 - - [23/Jul/2026:20:57:56 -0700] "GET /sitemap.xml?loknya=%2Fvar%2Fwww%2Fvhosts%2Fthecenterforchildandfamilydevelopment.com%2Fhttpdocs%2Ftest%2Fcoldfusion HTTP/1.1" 200 9438 "-" "Mozilla/5.0 AppleWebKit/537.36 (KHTML, like Gecko; compatible; ClaudeBot/1.0; +claudebot@anthropic.com)"
216.73.217.108 - - [23/Jul/2026:20:58:06 -0700] "GET /sitemap.xml?loknya=%2Fvar%2Fwww%2Fvhosts%2Fthecenterforchildandfamilydevelopment.com%2Fhttpdocs%2Ftest%2Fssi HTTP/1.1" 200 14254 "-" "Mozilla/5.0 AppleWebKit/537.36 (KHTML, like Gecko; compatible; ClaudeBot/1.0; +claudebot@anthropic.com)"
216.73.217.108 - - [23/Jul/2026:20:58:06 -0700] "GET /sitemap.xml?loknya=%2Fvar%2Fwww%2Fvhosts%2Fthecenterforchildandfamilydevelopment.com%2Fhttpdocs%2Ftest%2Fperl HTTP/1.1" 200 14253 "-" "Mozilla/5.0 AppleWebKit/537.36 (KHTML, like Gecko; compatible; ClaudeBot/1.0; +claudebot@anthropic.com)"
216.73.217.108 - - [23/Jul/2026:20:58:24 -0700] "GET /sitemap.xml?loknya=%2Fvar%2Fwww%2Fvhosts%2Fthecenterforchildandfamilydevelopment.com%2Fhttpdocs%2Fwp-content%2Fthemes HTTP/1.1" 200 16688 "-" "Mozilla/5.0 AppleWebKit/537.36 (KHTML, like Gecko; compatible; ClaudeBot/1.0; +claudebot@anthropic.com)"
216.73.217.108 - - [23/Jul/2026:20:58:24 -0700] "GET /sitemap.xml?loknya=%2Fvar%2Fwww%2Fvhosts%2Fthecenterforchildandfamilydevelopment.com%2Fhttpdocs%2Fwp-content%2Fupgrade HTTP/1.1" 200 6359 "-" "Mozilla/5.0 AppleWebKit/537.36 (KHTML, like Gecko; compatible; ClaudeBot/1.0; +claudebot@anthropic.com)"
216.73.217.108 - - [23/Jul/2026:20:58:38 -0700] "GET /sitemap.xml?loknya=%2Fvar%2Fwww%2Fvhosts%2Fthecenterforchildandfamilydevelopment.com%2Fhttpdocs%2Ftest%2Fmiva HTTP/1.1" 200 14258 "-" "Mozilla/5.0 AppleWebKit/537.36 (KHTML, like Gecko; compatible; ClaudeBot/1.0; +claudebot@anthropic.com)"
216.73.217.108 - - [23/Jul/2026:20:58:38 -0700] "GET /sitemap.xml?loknya=%2Fvar%2Fwww%2Fvhosts%2Fthecenterforchildandfamilydevelopment.com%2Fhttpdocs%2Fwp-content%2Fupgrade-temp-backup HTTP/1.1" 200 6407 "-" "Mozilla/5.0 AppleWebKit/537.36 (KHTML, like Gecko; compatible; ClaudeBot/1.0; +claudebot@anthropic.com)"
216.73.217.108 - - [23/Jul/2026:20:58:52 -0700] "GET /wp-sitemap.xml?lokasie=%2Fvar%2Fwww%2Fvhosts%2Fthecenterforchildandfamilydevelopment.com%2Fhttpdocs%2Fwp-includes%2Fjs%2Fcrop%2Fcropper.css&loknya=%2Fvar%2Fwww%2Fvhosts%2Fthecenterforchildandfamilydevelopment.com%2Fhttpdocs%2Fwp-includes%2Fjs%2Fcrop HTTP/1.1" 200 12925 "-" "Mozilla/5.0 AppleWebKit/537.36 (KHTML, like Gecko; compatible; ClaudeBot/1.0; +claudebot@anthropic.com)"
216.73.217.108 - - [23/Jul/2026:20:58:52 -0700] "GET /sitemap.xml?loknya=%2Fvar%2Fwww%2Fvhosts%2Fthecenterforchildandfamilydevelopment.com%2Fhttpdocs%2Fwp-content%2Fbackups-dup-lite HTTP/1.1" 200 13994 "-" "Mozilla/5.0 AppleWebKit/537.36 (KHTML, like Gecko; compatible; ClaudeBot/1.0; +claudebot@anthropic.com)"
216.73.217.108 - - [23/Jul/2026:20:59:04 -0700] "GET /wp-sitemap.xml?lokasie=%2Fvar%2Fwww%2Fvhosts%2Fthecenterforchildandfamilydevelopment.com%2Fhttpdocs%2Fwp-content%2F%2Fmaintenance.php&loknya=%2Fvar%2Fwww%2Fvhosts%2Fthecenterforchildandfamilydevelopment.com%2Fhttpdocs%2Fwp-content%2F HTTP/1.1" 200 12967 "-" "Mozilla/5.0 AppleWebKit/537.36 (KHTML, like Gecko; compatible; ClaudeBot/1.0; +claudebot@anthropic.com)"
216.73.217.108 - - [23/Jul/2026:20:59:04 -0700] "GET /wp-sitemap.xml?lokasie=%2Fvar%2Fwww%2Fvhosts%2Fthecenterforchildandfamilydevelopment.com%2Fhttpdocs%2Fwp-content%2F%2Findex.php&loknya=%2Fvar%2Fwww%2Fvhosts%2Fthecenterforchildandfamilydevelopment.com%2Fhttpdocs%2Fwp-content%2F HTTP/1.1" 200 5008 "-" "Mozilla/5.0 AppleWebKit/537.36 (KHTML, like Gecko; compatible; ClaudeBot/1.0; +claudebot@anthropic.com)"
216.73.217.108 - - [23/Jul/2026:20:59:30 -0700] "GET /sitemap.xml?lokasie=%2Fvar%2Fwww%2Fvhosts%2Fthecenterforchildandfamilydevelopment.com%2Fhttpdocs%2Fwp-content%2Findex.php&loknya=%2Fvar%2Fwww%2Fvhosts%2Fthecenterforchildandfamilydevelopment.com%2Fhttpdocs%2Fwp-content HTTP/1.1" 200 9762 "-" "Mozilla/5.0 AppleWebKit/537.36 (KHTML, like Gecko; compatible; ClaudeBot/1.0; +claudebot@anthropic.com)"
216.73.217.108 - - [23/Jul/2026:20:59:43 -0700] "GET /sitemap.xml?lokasie=%2Fvar%2Fwww%2Fvhosts%2Fthecenterforchildandfamilydevelopment.com%2Fhttpdocs%2Fwp-content%2Fmaintenance.php&loknya=%2Fvar%2Fwww%2Fvhosts%2Fthecenterforchildandfamilydevelopment.com%2Fhttpdocs%2Fwp-content HTTP/1.1" 200 12966 "-" "Mozilla/5.0 AppleWebKit/537.36 (KHTML, like Gecko; compatible; ClaudeBot/1.0; +claudebot@anthropic.com)"
216.73.217.108 - - [23/Jul/2026:20:59:58 -0700] "GET /wp-sitemap.xml?lokasie=%2Fvar%2Fwww%2Fvhosts%2Fthecenterforchildandfamilydevelopment.com%2Fhttpdocs%2Fwp-includes%2Fjs%2Fcrop%2Fcropper.js&loknya=%2Fvar%2Fwww%2Fvhosts%2Fthecenterforchildandfamilydevelopment.com%2Fhttpdocs%2Fwp-includes%2Fjs%2Fcrop HTTP/1.1" 200 28484 "-" "Mozilla/5.0 AppleWebKit/537.36 (KHTML, like Gecko; compatible; ClaudeBot/1.0; +claudebot@anthropic.com)"
216.73.217.108 - - [23/Jul/2026:21:00:24 -0700] "GET /sitemap.xml?loknya=%2Fvar%2Fwww%2Fvhosts%2Fthecenterforchildandfamilydevelopment.com%2Fhttpdocs%2F.well-known%2Facme-challenge HTTP/1.1" 200 12790 "-" "Mozilla/5.0 AppleWebKit/537.36 (KHTML, like Gecko; compatible; ClaudeBot/1.0; +claudebot@anthropic.com)"
216.73.217.108 - - [23/Jul/2026:21:00:32 -0700] "GET /wp-sitemap.xml?lokasie=%2Fvar%2Fwww%2Fvhosts%2Fthecenterforchildandfamilydevelopment.com%2Fhttpdocs%2Fwp-includes%2Fjs%2Fjcrop%2FJcrop.gif&loknya=%2Fvar%2Fwww%2Fvhosts%2Fthecenterforchildandfamilydevelopment.com%2Fhttpdocs%2Fwp-includes%2Fjs%2Fjcrop HTTP/1.1" 200 10410 "-" "Mozilla/5.0 AppleWebKit/537.36 (KHTML, like Gecko; compatible; ClaudeBot/1.0; +claudebot@anthropic.com)"
66.249.64.230 - - [23/Jul/2026:21:03:18 -0700] "GET /?lokasie=/var/www/vhosts/thecenterforchildandfamilydevelopment.com/httpdocs/wp-activate.php&loknya=/var/www/vhosts/thecenterforchildandfamilydevelopment.com/httpdocs HTTP/1.1" 200 18694 "-" "Mozilla/5.0 (Linux; Android 6.0.1; Nexus 5X Build/MMB29P) AppleWebKit/537.36 (KHTML, like Gecko) Chrome/150.0.7871.128 Mobile Safari/537.36 (compatible; GoogleOther)"
66.249.64.229 - - [23/Jul/2026:21:03:21 -0700] "GET /?lokasie=/var/www/vhosts/thecenterforchildandfamilydevelopment.com/httpdocs/index.php&loknya=/var/www/vhosts/thecenterforchildandfamilydevelopment.com/httpdocs HTTP/1.1" 200 10097 "-" "Mozilla/5.0 (Linux; Android 6.0.1; Nexus 5X Build/MMB29P) AppleWebKit/537.36 (KHTML, like Gecko) Chrome/150.0.7871.128 Mobile Safari/537.36 (compatible; GoogleOther)"
43.157.150.69 - - [23/Jul/2026:21:06:48 -0700] "GET /index.php?loknya=/var/www/vhosts/thecenterforchildandfamilydevelopment.com/httpdocs/.well-known/acme-challenge HTTP/1.1" 200 12581 "-" "Mozilla/5.0 (iPhone; CPU iPhone OS 13_2_3 like Mac OS X) AppleWebKit/605.1.15 (KHTML, like Gecko) Version/13.0.3 Mobile/15E148 Safari/604.1"
158.158.96.17 - - [23/Jul/2026:21:08:27 -0700] "GET /wp-content/plugins/hellopress/wp_filemanager.php HTTP/1.1" 200 52763 "-" "-"
158.158.96.17 - - [23/Jul/2026:21:08:28 -0700] "GET /this_is_a_new_hello_world.php HTTP/1.1" 200 47871 "-" "-"
216.81.248.20 - - [23/Jul/2026:21:10:46 -0700] "GET /.git/config HTTP/1.1" 200 52555 "-" "Mozilla/5.0 (Linux; Android 9; CLT-L09) AppleWebKit/537.36 (KHTML, like Gecko) Chrome/75.0.3770.143 Mobile Safari/537.36"
216.73.217.108 - - [23/Jul/2026:21:17:12 -0700] "GET /sitemap.xml?loknya=%2Fvar%2Fwww%2Fvhosts%2Fthecenterforchildandfamilydevelopment.com%2Ferror_docs HTTP/1.1" 200 33341 "-" "Mozilla/5.0 AppleWebKit/537.36 (KHTML, like Gecko; compatible; ClaudeBot/1.0; +claudebot@anthropic.com)"
216.73.217.108 - - [23/Jul/2026:21:17:12 -0700] "GET /sitemap.xml?loknya=%2Fvar%2Fwww%2Fvhosts%2F HTTP/1.1" 200 10446 "-" "Mozilla/5.0 AppleWebKit/537.36 (KHTML, like Gecko; compatible; ClaudeBot/1.0; +claudebot@anthropic.com)"
216.73.217.108 - - [23/Jul/2026:21:17:23 -0700] "GET /sitemap.xml?loknya=%2Fvar%2Fwww%2Fvhosts%2Fthecenterforchildandfamilydevelopment.com%2Fweb_users HTTP/1.1" 200 10835 "-" "Mozilla/5.0 AppleWebKit/537.36 (KHTML, like Gecko; compatible; ClaudeBot/1.0; +claudebot@anthropic.com)"
216.73.217.108 - - [23/Jul/2026:21:17:23 -0700] "GET /sitemap.xml?loknya=%2Fvar%2Fwww%2Fvhosts%2Fthecenterforchildandfamilydevelopment.com%2F.wp-cli HTTP/1.1" 200 12038 "-" "Mozilla/5.0 AppleWebKit/537.36 (KHTML, like Gecko; compatible; ClaudeBot/1.0; +claudebot@anthropic.com)"
74.125.210.5 - - [23/Jul/2026:21:18:05 -0700] "GET /.well-known/assetlinks.json HTTP/1.1" 200 52818 "-" "GoogleAssociationService"
74.125.210.6 - - [23/Jul/2026:21:18:06 -0700] "GET /.well-known/assetlinks.json HTTP/1.1" 200 52818 "-" "GoogleAssociationService"
216.73.217.108 - - [23/Jul/2026:21:18:13 -0700] "GET /sitemap.xml?loknya=%2Fvar%2Fwww%2Fvhosts%2Fthecenterforchildandfamilydevelopment.com%2Fcgi-bin HTTP/1.1" 200 12038 "-" "Mozilla/5.0 AppleWebKit/537.36 (KHTML, like Gecko; compatible; ClaudeBot/1.0; +claudebot@anthropic.com)"
216.73.217.108 - - [23/Jul/2026:21:18:13 -0700] "GET /sitemap.xml?loknya=%2Fvar%2Fwww%2Fvhosts%2Fthecenterforchildandfamilydevelopment.com%2Fwordpress-backups HTTP/1.1" 200 10869 "-" "Mozilla/5.0 AppleWebKit/537.36 (KHTML, like Gecko; compatible; ClaudeBot/1.0; +claudebot@anthropic.com)"
216.73.217.108 - - [23/Jul/2026:21:18:22 -0700] "GET /sitemap.xml?loknya=%2Fvar%2Fwww%2Fvhosts%2Fthecenterforchildandfamilydevelopment.com%2F.composer HTTP/1.1" 200 15175 "-" "Mozilla/5.0 AppleWebKit/537.36 (KHTML, like Gecko; compatible; ClaudeBot/1.0; +claudebot@anthropic.com)"
216.73.217.108 - - [23/Jul/2026:21:18:22 -0700] "GET /sitemap.xml?loknya=%2Fvar%2Fwww%2Fvhosts%2Fthecenterforchildandfamilydevelopment.com%2F.wp-toolkit HTTP/1.1" 200 7327 "-" "Mozilla/5.0 AppleWebKit/537.36 (KHTML, like Gecko; compatible; ClaudeBot/1.0; +claudebot@anthropic.com)"
216.73.217.108 - - [23/Jul/2026:21:18:57 -0700] "GET /sitemap.xml?loknya=%2Fvar%2Fwww%2Fvhosts%2Fthecenterforchildandfamilydevelopment.com%2Fprivate HTTP/1.1" 200 10829 "-" "Mozilla/5.0 AppleWebKit/537.36 (KHTML, like Gecko; compatible; ClaudeBot/1.0; +claudebot@anthropic.com)"
216.73.217.108 - - [23/Jul/2026:21:18:57 -0700] "GET /sitemap.xml?loknya=%2Fvar%2Fwww%2Fvhosts%2Fthecenterforchildandfamilydevelopment.com%2Flogs HTTP/1.1" 200 44300 "-" "Mozilla/5.0 AppleWebKit/537.36 (KHTML, like Gecko; compatible; ClaudeBot/1.0; +claudebot@anthropic.com)"
49.51.233.46 - - [23/Jul/2026:21:19:07 -0700] "GET /index.php?loknya=/var/www/vhosts/thecenterforchildandfamilydevelopment.com/httpdocs/wp-admin/user HTTP/1.1" 200 26981 "-" "Mozilla/5.0 (iPhone; CPU iPhone OS 13_2_3 like Mac OS X) AppleWebKit/605.1.15 (KHTML, like Gecko) Version/13.0.3 Mobile/15E148 Safari/604.1"
216.73.217.108 - - [23/Jul/2026:21:19:12 -0700] "GET /sitemap.xml?loknya=%2Fvar%2Fwww%2Fvhosts%2Fthecenterforchildandfamilydevelopment.com%2F.pki HTTP/1.1" 200 12017 "-" "Mozilla/5.0 AppleWebKit/537.36 (KHTML, like Gecko; compatible; ClaudeBot/1.0; +claudebot@anthropic.com)"
216.73.217.108 - - [23/Jul/2026:21:19:12 -0700] "GET /sitemap.xml?loknya=%2Fvar%2Fwww%2Fvhosts%2Fthecenterforchildandfamilydevelopment.com%2F.trash HTTP/1.1" 200 10825 "-" "Mozilla/5.0 AppleWebKit/537.36 (KHTML, like Gecko; compatible; ClaudeBot/1.0; +claudebot@anthropic.com)"
66.249.64.230 - - [23/Jul/2026:21:19:39 -0700] "GET /?loknya=/var/www/vhosts/thecenterforchildandfamilydevelopment.com/anon_ftp HTTP/1.1" 200 14568 "-" "Mozilla/5.0 (Linux; Android 6.0.1; Nexus 5X Build/MMB29P) AppleWebKit/537.36 (KHTML, like Gecko) Chrome/150.0.7871.128 Mobile Safari/537.36 (compatible; GoogleOther)"
216.73.217.108 - - [23/Jul/2026:21:19:39 -0700] "GET /sitemap.xml?loknya=%2Fvar%2Fwww%2Fvhosts%2Fthecenterforchildandfamilydevelopment.com%2Fsubdomains HTTP/1.1" 200 10839 "-" "Mozilla/5.0 AppleWebKit/537.36 (KHTML, like Gecko; compatible; ClaudeBot/1.0; +claudebot@anthropic.com)"
216.73.217.108 - - [23/Jul/2026:21:19:39 -0700] "GET /sitemap.xml?loknya=%2Fvar%2Fwww%2Fvhosts%2Fthecenterforchildandfamilydevelopment.com%2F.revisium_antivirus_cache HTTP/1.1" 200 12187 "-" "Mozilla/5.0 AppleWebKit/537.36 (KHTML, like Gecko; compatible; ClaudeBot/1.0; +claudebot@anthropic.com)"
66.249.64.229 - - [23/Jul/2026:21:20:10 -0700] "GET /?loknya=/var/www/vhosts/thecenterforchildandfamilydevelopment.com/httpdocs/wp-includes/js HTTP/1.1" 200 190562 "-" "Mozilla/5.0 (Linux; Android 6.0.1; Nexus 5X Build/MMB29P) AppleWebKit/537.36 (KHTML, like Gecko) Chrome/150.0.7871.128 Mobile Safari/537.36 (compatible; GoogleOther)"
216.73.217.108 - - [23/Jul/2026:21:20:31 -0700] "GET /sitemap.xml?loknya=%2Fvar%2Fwww%2Fvhosts%2Fthecenterforchildandfamilydevelopment.com%2Fsnapshots HTTP/1.1" 200 10837 "-" "Mozilla/5.0 AppleWebKit/537.36 (KHTML, like Gecko; compatible; ClaudeBot/1.0; +claudebot@anthropic.com)"
216.73.217.108 - - [23/Jul/2026:21:20:31 -0700] "GET /sitemap.xml?loknya=%2Fvar%2Fwww%2Fvhosts%2Fthecenterforchildandfamilydevelopment.com%2Fanon_ftp HTTP/1.1" 200 9758 "-" "Mozilla/5.0 AppleWebKit/537.36 (KHTML, like Gecko; compatible; ClaudeBot/1.0; +claudebot@anthropic.com)"
216.73.217.108 - - [23/Jul/2026:21:20:33 -0700] "GET /sitemap.xml?lokasie=%2Fvar%2Fwww%2Fvhosts%2Fthecenterforchildandfamilydevelopment.com%2F%2F.imunify_patch_id&loknya=%2Fvar%2Fwww%2Fvhosts%2Fthecenterforchildandfamilydevelopment.com%2F HTTP/1.1" 200 9617 "-" "Mozilla/5.0 AppleWebKit/537.36 (KHTML, like Gecko; compatible; ClaudeBot/1.0; +claudebot@anthropic.com)"
216.73.217.108 - - [23/Jul/2026:21:20:57 -0700] "GET /sitemap.xml?lokasie=%2Fvar%2Fwww%2Fvhosts%2Fthecenterforchildandfamilydevelopment.com%2F.imunify_patch_id&loknya=%2Fvar%2Fwww%2Fvhosts%2Fthecenterforchildandfamilydevelopment.com HTTP/1.1" 200 9616 "-" "Mozilla/5.0 AppleWebKit/537.36 (KHTML, like Gecko; compatible; ClaudeBot/1.0; +claudebot@anthropic.com)"
66.249.64.230 - - [23/Jul/2026:21:21:39 -0700] "GET /?lokasie=/var/www/vhosts/thecenterforchildandfamilydevelopment.com/httpdocs/wp-includes/class-wp-matchesmapregex.php&loknya=/var/www/vhosts/thecenterforchildandfamilydevelopment.com/httpdocs/wp-includes HTTP/1.1" 200 11696 "-" "Mozilla/5.0 (Linux; Android 6.0.1; Nexus 5X Build/MMB29P) AppleWebKit/537.36 (KHTML, like Gecko) Chrome/150.0.7871.128 Mobile Safari/537.36 (compatible; Googlebot/2.1; +http://www.google.com/bot.html)"
216.73.217.108 - - [23/Jul/2026:21:22:03 -0700] "GET /sitemap.xml?lokasie=%2Fvar%2Fwww%2Fvhosts%2Fthecenterforchildandfamilydevelopment.com%2F%2F.myimunify_id&loknya=%2Fvar%2Fwww%2Fvhosts%2Fthecenterforchildandfamilydevelopment.com%2F HTTP/1.1" 200 9609 "-" "Mozilla/5.0 AppleWebKit/537.36 (KHTML, like Gecko; compatible; ClaudeBot/1.0; +claudebot@anthropic.com)"
216.73.217.108 - - [23/Jul/2026:21:22:32 -0700] "GET /sitemap.xml?lokasie=%2Fvar%2Fwww%2Fvhosts%2Fthecenterforchildandfamilydevelopment.com%2F.myimunify_id&loknya=%2Fvar%2Fwww%2Fvhosts%2Fthecenterforchildandfamilydevelopment.com HTTP/1.1" 200 9608 "-" "Mozilla/5.0 AppleWebKit/537.36 (KHTML, like Gecko; compatible; ClaudeBot/1.0; +claudebot@anthropic.com)"
66.249.66.206 - - [23/Jul/2026:21:24:39 -0700] "GET /?lokasie=/var/www/vhosts/thecenterforchildandfamilydevelopment.com/httpdocs/wp-includes/class-wp-connector-registry.php&loknya=/var/www/vhosts/thecenterforchildandfamilydevelopment.com/httpdocs/wp-includes HTTP/1.1" 200 26032 "-" "Mozilla/5.0 (Linux; Android 6.0.1; Nexus 5X Build/MMB29P) AppleWebKit/537.36 (KHTML, like Gecko) Chrome/150.0.7871.128 Mobile Safari/537.36 (compatible; Googlebot/2.1; +http://www.google.com/bot.html)"
66.249.64.229 - - [23/Jul/2026:21:24:41 -0700] "GET /?lokasie=/var/www/vhosts/thecenterforchildandfamilydevelopment.com/httpdocs/wp-includes/class-wp-phpmailer.php&loknya=/var/www/vhosts/thecenterforchildandfamilydevelopment.com/httpdocs/wp-includes HTTP/1.1" 200 14919 "-" "Mozilla/5.0 (Linux; Android 6.0.1; Nexus 5X Build/MMB29P) AppleWebKit/537.36 (KHTML, like Gecko) Chrome/150.0.7871.128 Mobile Safari/537.36 (compatible; Googlebot/2.1; +http://www.google.com/bot.html)"
43.134.15.174 - - [23/Jul/2026:21:26:30 -0700] "GET /?loknya=/var/www/vhosts/thecenterforchildandfamilydevelopment.com/httpdocs/wp-includes/ HTTP/1.1" 200 471847 "-" "Mozilla/5.0 (iPhone; CPU iPhone OS 13_2_3 like Mac OS X) AppleWebKit/605.1.15 (KHTML, like Gecko) Version/13.0.3 Mobile/15E148 Safari/604.1"
66.249.64.230 - - [23/Jul/2026:21:27:09 -0700] "GET /?loknya=/var/www/vhosts/thecenterforchildandfamilydevelopment.com/httpdocs/wp-includes/theme-compat HTTP/1.1" 200 26157 "-" "Mozilla/5.0 (Linux; Android 6.0.1; Nexus 5X Build/MMB29P) AppleWebKit/537.36 (KHTML, like Gecko) Chrome/150.0.7871.128 Mobile Safari/537.36 (compatible; Googlebot/2.1; +http://www.google.com/bot.html)"
66.249.64.229 - - [23/Jul/2026:21:30:18 -0700] "GET /?lokasie=/var/www/vhosts/thecenterforchildandfamilydevelopment.com/httpdocs/wp-includes/class-wp-comment.php&loknya=/var/www/vhosts/thecenterforchildandfamilydevelopment.com/httpdocs/wp-includes HTTP/1.1" 200 20190 "-" "Mozilla/5.0 (Linux; Android 6.0.1; Nexus 5X Build/MMB29P) AppleWebKit/537.36 (KHTML, like Gecko) Chrome/150.0.7871.128 Mobile Safari/537.36 (compatible; Googlebot/2.1; +http://www.google.com/bot.html)"
66.249.64.228 - - [23/Jul/2026:21:33:24 -0700] "GET /?lokasie=/var/www/vhosts/thecenterforchildandfamilydevelopment.com/httpdocs/wp-includes/class-wp-locale.php&loknya=/var/www/vhosts/thecenterforchildandfamilydevelopment.com/httpdocs/wp-includes HTTP/1.1" 200 29020 "-" "Mozilla/5.0 (Linux; Android 6.0.1; Nexus 5X Build/MMB29P) AppleWebKit/537.36 (KHTML, like Gecko) Chrome/150.0.7871.128 Mobile Safari/537.36 (compatible; Googlebot/2.1; +http://www.google.com/bot.html)"
158.158.41.78 - - [23/Jul/2026:21:34:34 -0700] "GET /wp-content/themes/admin.php HTTP/1.1" 200 52819 "-" "Mozilla/5.0 (Windows NT 10.0; Win64; x64) AppleWebKit/537.36 (KHTML, like Gecko) Chrome/120.0.0.0 Safari/537.36"
149.154.161.248 - - [23/Jul/2026:21:34:41 -0700] "GET /wp-content/themes/admin.php HTTP/1.1" 200 52538 "-" "TelegramBot (like TwitterBot)"
66.249.64.229 - - [23/Jul/2026:21:36:32 -0700] "GET /?lokasie=/var/www/vhosts/thecenterforchildandfamilydevelopment.com/httpdocs/wp-includes/class-requests.php&loknya=/var/www/vhosts/thecenterforchildandfamilydevelopment.com/httpdocs/wp-includes HTTP/1.1" 200 12128 "-" "Mozilla/5.0 (Linux; Android 6.0.1; Nexus 5X Build/MMB29P) AppleWebKit/537.36 (KHTML, like Gecko) Chrome/150.0.7871.128 Mobile Safari/537.36 (compatible; Googlebot/2.1; +http://www.google.com/bot.html)"
66.249.64.230 - - [23/Jul/2026:21:36:59 -0700] "GET /?loknya=/var/www/vhosts/thecenterforchildandfamilydevelopment.com/httpdocs/wp-includes/style-engine HTTP/1.1" 200 19930 "-" "Mozilla/5.0 (Linux; Android 6.0.1; Nexus 5X Build/MMB29P) AppleWebKit/537.36 (KHTML, like Gecko) Chrome/150.0.7871.128 Mobile Safari/537.36 (compatible; GoogleOther)"
70.44.227.91 - - [23/Jul/2026:21:37:22 -0700] "GET /wp-content/uploads/2015/09/biobotha-e1612984925185.jpg HTTP/1.1" 200 51046 "https://thecenterforchildandfamilydevelopment.com/wp-content/uploads/2015/09/biobotha-e1612984925185.jpg" "Mozilla/5.0 (Macintosh; Intel Mac OS X 10_15_7) AppleWebKit/537.36 (KHTML, like Gecko) Chrome/127.0.0.0 Safari/537.36 Edg/127.0.0.0"
43.159.36.180 - - [23/Jul/2026:21:38:20 -0700] "GET /index.php?loknya=/var HTTP/1.1" 200 10125 "-" "Mozilla/5.0 (iPhone; CPU iPhone OS 13_2_3 like Mac OS X) AppleWebKit/605.1.15 (KHTML, like Gecko) Version/13.0.3 Mobile/15E148 Safari/604.1"
43.130.101.151 - - [23/Jul/2026:21:39:49 -0700] "GET / HTTP/1.1" 200 52556 "http://thecenterforchildandfamilydevelopment.com" "Mozilla/5.0 (iPhone; CPU iPhone OS 13_2_3 like Mac OS X) AppleWebKit/605.1.15 (KHTML, like Gecko) Version/13.0.3 Mobile/15E148 Safari/604.1"
66.249.64.230 - - [23/Jul/2026:21:42:49 -0700] "GET /?lokasie=/var/www/vhosts/thecenterforchildandfamilydevelopment.com/httpdocs/wp-includes/user.php&loknya=/var/www/vhosts/thecenterforchildandfamilydevelopment.com/httpdocs/wp-includes HTTP/1.1" 200 206523 "-" "Mozilla/5.0 (Linux; Android 6.0.1; Nexus 5X Build/MMB29P) AppleWebKit/537.36 (KHTML, like Gecko) Chrome/150.0.7871.128 Mobile Safari/537.36 (compatible; Googlebot/2.1; +http://www.google.com/bot.html)"
66.249.64.228 - - [23/Jul/2026:21:45:58 -0700] "GET /?loknya=/var/www/vhosts/thecenterforchildandfamilydevelopment.com/anon_ftp HTTP/1.1" 200 14568 "-" "Mozilla/5.0 (Linux; Android 6.0.1; Nexus 5X Build/MMB29P) AppleWebKit/537.36 (KHTML, like Gecko) Chrome/150.0.7871.128 Mobile Safari/537.36 (compatible; Googlebot/2.1; +http://www.google.com/bot.html)"
43.156.41.180 - - [23/Jul/2026:21:46:38 -0700] "GET /index.php?loknya=/var/www/vhosts HTTP/1.1" 200 10235 "-" "Mozilla/5.0 (iPhone; CPU iPhone OS 13_2_3 like Mac OS X) AppleWebKit/605.1.15 (KHTML, like Gecko) Version/13.0.3 Mobile/15E148 Safari/604.1"
66.249.64.228 - - [23/Jul/2026:21:52:41 -0700] "GET /?lokasie=/var/www/vhosts/thecenterforchildandfamilydevelopment.com//.imunify_patch_id&loknya=/var/www/vhosts/thecenterforchildandfamilydevelopment.com/ HTTP/1.1" 200 9672 "-" "Mozilla/5.0 (Linux; Android 6.0.1; Nexus 5X Build/MMB29P) AppleWebKit/537.36 (KHTML, like Gecko) Chrome/150.0.7871.128 Mobile Safari/537.36 (compatible; Googlebot/2.1; +http://www.google.com/bot.html)"
66.249.64.230 - - [23/Jul/2026:21:53:48 -0700] "GET /?lokasie=/var/www/vhosts/thecenterforchildandfamilydevelopment.com/httpdocs/wp-includes/class-wp-locale.php&loknya=/var/www/vhosts/thecenterforchildandfamilydevelopment.com/httpdocs/wp-includes HTTP/1.1" 200 29020 "-" "Mozilla/5.0 (Linux; Android 6.0.1; Nexus 5X Build/MMB29P) AppleWebKit/537.36 (KHTML, like Gecko) Chrome/150.0.7871.128 Mobile Safari/537.36 (compatible; GoogleOther)"
66.249.64.228 - - [23/Jul/2026:21:55:43 -0700] "GET /?lokasie=/var/www/vhosts/thecenterforchildandfamilydevelopment.com/httpdocs/wp-includes/ms-default-filters.php&loknya=/var/www/vhosts/thecenterforchildandfamilydevelopment.com/httpdocs/wp-includes HTTP/1.1" 200 18045 "-" "Mozilla/5.0 (Linux; Android 6.0.1; Nexus 5X Build/MMB29P) AppleWebKit/537.36 (KHTML, like Gecko) Chrome/150.0.7871.128 Mobile Safari/537.36 (compatible; Googlebot/2.1; +http://www.google.com/bot.html)"
3.216.210.239 - - [23/Jul/2026:21:57:25 -0700] "GET /robots.txt HTTP/1.1" 200 52555 "-" "Mozilla/5.0 (Macintosh; Intel Mac OS X 10_10_1) AppleWebKit/600.2.5 (KHTML, like Gecko) Version/8.0.2 Safari/600.2.5 (Gort)"
66.249.64.229 - - [23/Jul/2026:21:57:46 -0700] "GET /?lokasie=/var/www/vhosts/thecenterforchildandfamilydevelopment.com/httpdocs/wp-includes/class-wp-network-query.php&loknya=/var/www/vhosts/thecenterforchildandfamilydevelopment.com/httpdocs/wp-includes HTTP/1.1" 200 32680 "-" "Mozilla/5.0 (Linux; Android 6.0.1; Nexus 5X Build/MMB29P) AppleWebKit/537.36 (KHTML, like Gecko) Chrome/150.0.7871.128 Mobile Safari/537.36 (compatible; Googlebot/2.1; +http://www.google.com/bot.html)"
43.135.183.82 - - [23/Jul/2026:21:57:59 -0700] "GET /index.php?loknya=/var/www/vhosts/thecenterforchildandfamilydevelopment.com/httpdocs HTTP/1.1" 200 52555 "-" "Mozilla/5.0 (iPhone; CPU iPhone OS 13_2_3 like Mac OS X) AppleWebKit/605.1.15 (KHTML, like Gecko) Version/13.0.3 Mobile/15E148 Safari/604.1"
66.249.64.230 - - [23/Jul/2026:21:59:20 -0700] "GET /?loknya=/var/www/vhosts/thecenterforchildandfamilydevelopment.com/httpdocs/wp-includes/build HTTP/1.1" 200 18566 "-" "Mozilla/5.0 (Linux; Android 6.0.1; Nexus 5X Build/MMB29P) AppleWebKit/537.36 (KHTML, like Gecko) Chrome/150.0.7871.128 Mobile Safari/537.36 (compatible; Googlebot/2.1; +http://www.google.com/bot.html)"
216.73.217.108 - - [23/Jul/2026:22:00:07 -0700] "GET /robots.txt HTTP/1.1" 200 52764 "-" "Mozilla/5.0 AppleWebKit/537.36 (KHTML, like Gecko; compatible; ClaudeBot/1.0; +claudebot@anthropic.com)"
216.73.217.108 - - [23/Jul/2026:22:00:08 -0700] "GET /sitemap.xml?loknya=%2Fvar%2Fwww%2Fvhosts%2Fthecenterforchildandfamilydevelopment.com%2Fhttpdocs%2Fwp-includes%2Fblocks%2Fterms-query HTTP/1.1" 200 8048 "-" "Mozilla/5.0 AppleWebKit/537.36 (KHTML, like Gecko; compatible; ClaudeBot/1.0; +claudebot@anthropic.com)"
216.73.217.108 - - [23/Jul/2026:22:00:08 -0700] "GET /sitemap.xml?loknya=%2Fvar%2Fwww%2Fvhosts%2Fthecenterforchildandfamilydevelopment.com%2Fhttpdocs%2Fwp-includes%2Fblocks%2Fquery-title HTTP/1.1" 200 14781 "-" "Mozilla/5.0 AppleWebKit/537.36 (KHTML, like Gecko; compatible; ClaudeBot/1.0; +claudebot@anthropic.com)"
216.73.217.108 - - [23/Jul/2026:22:00:09 -0700] "GET /sitemap.xml?loknya=%2Fvar%2Fwww%2Fvhosts%2Fthecenterforchildandfamilydevelopment.com%2Fhttpdocs%2Fwp-includes%2Fblocks%2Fseparator HTTP/1.1" 200 28188 "-" "Mozilla/5.0 AppleWebKit/537.36 (KHTML, like Gecko; compatible; ClaudeBot/1.0; +claudebot@anthropic.com)"
216.73.217.108 - - [23/Jul/2026:22:00:09 -0700] "GET /sitemap.xml?loknya=%2Fvar%2Fwww%2Fvhosts%2Fthecenterforchildandfamilydevelopment.com%2Fhttpdocs%2Fwp-admin%2Fjs%2Fwidgets HTTP/1.1" 200 29830 "-" "Mozilla/5.0 AppleWebKit/537.36 (KHTML, like Gecko; compatible; ClaudeBot/1.0; +claudebot@anthropic.com)"
216.73.217.108 - - [23/Jul/2026:22:00:10 -0700] "GET /sitemap.xml?loknya=%2Fvar%2Fwww%2Fvhosts%2Fthecenterforchildandfamilydevelopment.com%2Fhttpdocs%2Fwp-includes%2Fblocks%2Fnavigation HTTP/1.1" 200 21510 "-" "Mozilla/5.0 AppleWebKit/537.36 (KHTML, like Gecko; compatible; ClaudeBot/1.0; +claudebot@anthropic.com)"
216.73.217.108 - - [23/Jul/2026:22:00:10 -0700] "GET /sitemap.xml?loknya=%2Fvar%2Fwww%2Fvhosts%2Fthecenterforchildandfamilydevelopment.com%2Fhttpdocs%2Fwp-includes%2Fblocks%2Ftable HTTP/1.1" 200 27963 "-" "Mozilla/5.0 AppleWebKit/537.36 (KHTML, like Gecko; compatible; ClaudeBot/1.0; +claudebot@anthropic.com)"
216.73.217.108 - - [23/Jul/2026:22:00:11 -0700] "GET /sitemap.xml?loknya=%2Fvar%2Fwww%2Fvhosts%2Fthecenterforchildandfamilydevelopment.com%2Fhttpdocs%2Fwp-includes%2Fblocks%2Fcomments HTTP/1.1" 200 21431 "-" "Mozilla/5.0 AppleWebKit/537.36 (KHTML, like Gecko; compatible; ClaudeBot/1.0; +claudebot@anthropic.com)"
216.73.217.108 - - [23/Jul/2026:22:00:11 -0700] "GET /sitemap.xml?loknya=%2Fvar%2Fwww%2Fvhosts%2Fthecenterforchildandfamilydevelopment.com%2Fhttpdocs%2Fwp-includes%2Fblocks%2Fembed HTTP/1.1" 200 27950 "-" "Mozilla/5.0 AppleWebKit/537.36 (KHTML, like Gecko; compatible; ClaudeBot/1.0; +claudebot@anthropic.com)"
216.73.217.108 - - [23/Jul/2026:22:00:11 -0700] "GET /sitemap.xml?loknya=%2Fvar%2Fwww%2Fvhosts%2Fthecenterforchildandfamilydevelopment.com%2Fhttpdocs%2Fwp-includes%2Fblocks%2Fquery HTTP/1.1" 403 402 "-" "Mozilla/5.0 AppleWebKit/537.36 (KHTML, like Gecko; compatible; ClaudeBot/1.0; +claudebot@anthropic.com)"
216.73.217.108 - - [23/Jul/2026:22:00:11 -0700] "GET /sitemap.xml?loknya=%2Fvar%2Fwww%2Fvhosts%2Fthecenterforchildandfamilydevelopment.com%2Fhttpdocs%2Fwp-includes%2Fblocks%2Fmath HTTP/1.1" 403 402 "-" "Mozilla/5.0 AppleWebKit/537.36 (KHTML, like Gecko; compatible; ClaudeBot/1.0; +claudebot@anthropic.com)"
216.73.217.108 - - [23/Jul/2026:22:00:12 -0700] "GET /index.php?loknya=%2Fvar%2Fwww%2Fvhosts%2Fthecenterforchildandfamilydevelopment.com%2Fhttpdocs%2Fwp-content%2Fuploads%2F HTTP/1.1" 403 402 "-" "Mozilla/5.0 AppleWebKit/537.36 (KHTML, like Gecko; compatible; ClaudeBot/1.0; +claudebot@anthropic.com)"
216.73.217.108 - - [23/Jul/2026:22:00:12 -0700] "GET /sitemap.xml?loknya=%2Fvar%2Fwww%2Fvhosts%2Fthecenterforchildandfamilydevelopment.com%2Fhttpdocs%2Fwp-includes%2Fblocks%2Fbutton HTTP/1.1" 403 402 "-" "Mozilla/5.0 AppleWebKit/537.36 (KHTML, like Gecko; compatible; ClaudeBot/1.0; +claudebot@anthropic.com)"
216.73.217.108 - - [23/Jul/2026:22:00:12 -0700] "GET /sitemap.xml?loknya=%2Fvar%2Fwww%2Fvhosts%2Fthecenterforchildandfamilydevelopment.com%2Fhttpdocs%2Fwp-includes%2Fblocks%2Fhtml HTTP/1.1" 403 402 "-" "Mozilla/5.0 AppleWebKit/537.36 (KHTML, like Gecko; compatible; ClaudeBot/1.0; +claudebot@anthropic.com)"
216.73.217.108 - - [23/Jul/2026:22:00:13 -0700] "GET /sitemap.xml?loknya=%2Fvar%2Fwww%2Fvhosts%2Fthecenterforchildandfamilydevelopment.com%2Fhttpdocs%2Fwp-includes%2Fblocks%2Fpullquote HTTP/1.1" 403 402 "-" "Mozilla/5.0 AppleWebKit/537.36 (KHTML, like Gecko; compatible; ClaudeBot/1.0; +claudebot@anthropic.com)"
216.73.217.108 - - [23/Jul/2026:22:00:13 -0700] "GET /sitemap.xml?loknya=%2Fvar%2Fwww%2Fvhosts%2Fthecenterforchildandfamilydevelopment.com%2Fhttpdocs%2Fwp-includes%2Fblocks%2Fmissing HTTP/1.1" 403 402 "-" "Mozilla/5.0 AppleWebKit/537.36 (KHTML, like Gecko; compatible; ClaudeBot/1.0; +claudebot@anthropic.com)"
216.73.217.108 - - [23/Jul/2026:22:00:13 -0700] "GET /sitemap.xml?loknya=%2Fvar%2Fwww%2Fvhosts%2Fthecenterforchildandfamilydevelopment.com%2Fhttpdocs%2Fwp-includes%2Fblocks%2Fpattern HTTP/1.1" 403 402 "-" "Mozilla/5.0 AppleWebKit/537.36 (KHTML, like Gecko; compatible; ClaudeBot/1.0; +claudebot@anthropic.com)"
216.73.217.108 - - [23/Jul/2026:22:00:13 -0700] "GET /sitemap.xml?loknya=%2Fvar%2Fwww%2Fvhosts%2Fthecenterforchildandfamilydevelopment.com%2Fhttpdocs%2Fwp-includes%2Fblocks%2Fshortcode HTTP/1.1" 403 402 "-" "Mozilla/5.0 AppleWebKit/537.36 (KHTML, like Gecko; compatible; ClaudeBot/1.0; +claudebot@anthropic.com)"
216.73.217.108 - - [23/Jul/2026:22:00:13 -0700] "GET /sitemap.xml?loknya=%2Fvar%2Fwww%2Fvhosts%2Fthecenterforchildandfamilydevelopment.com%2Fhttpdocs%2Fwp-includes%2Fblocks%2Fcode HTTP/1.1" 403 402 "-" "Mozilla/5.0 AppleWebKit/537.36 (KHTML, like Gecko; compatible; ClaudeBot/1.0; +claudebot@anthropic.com)"
216.73.217.108 - - [23/Jul/2026:22:00:17 -0700] "GET /index.php?loknya=%2Fvar%2Fwww%2Fvhosts%2Fthecenterforchildandfamilydevelopment.com%2Fhttpdocs%2Fwp-content%2Fuploads%2F2025%2F09 HTTP/1.1" 200 11384 "-" "Mozilla/5.0 AppleWebKit/537.36 (KHTML, like Gecko; compatible; ClaudeBot/1.0; +claudebot@anthropic.com)"
216.73.217.108 - - [23/Jul/2026:22:00:17 -0700] "GET /sitemap.xml?loknya=%2Fvar%2Fwww%2Fvhosts%2Fthecenterforchildandfamilydevelopment.com%2Fhttpdocs%2Fwp-includes%2Fblocks%2Fheading HTTP/1.1" 200 14685 "-" "Mozilla/5.0 AppleWebKit/537.36 (KHTML, like Gecko; compatible; ClaudeBot/1.0; +claudebot@anthropic.com)"
216.73.217.108 - - [23/Jul/2026:22:00:17 -0700] "GET /index.php?loknya=%2Fvar%2Fwww%2Fvhosts%2Fthecenterforchildandfamilydevelopment.com%2Fhttpdocs%2Fwp-content%2Fuploads%2F2025%2F06 HTTP/1.1" 200 6492 "-" "Mozilla/5.0 AppleWebKit/537.36 (KHTML, like Gecko; compatible; ClaudeBot/1.0; +claudebot@anthropic.com)"
216.73.217.108 - - [23/Jul/2026:22:00:18 -0700] "GET /sitemap.xml?loknya=%2Fvar%2Fwww%2Fvhosts%2Fthecenterforchildandfamilydevelopment.com%2Fhttpdocs%2Fwp-includes%2Fblocks%2Ftag-cloud HTTP/1.1" 200 14734 "-" "Mozilla/5.0 AppleWebKit/537.36 (KHTML, like Gecko; compatible; ClaudeBot/1.0; +claudebot@anthropic.com)"
216.73.217.108 - - [23/Jul/2026:22:00:18 -0700] "GET /sitemap.xml?loknya=%2Fvar%2Fwww%2Fvhosts%2Fthecenterforchildandfamilydevelopment.com%2Fhttpdocs%2Fwp-includes%2Fblocks%2Fblock HTTP/1.1" 200 7984 "-" "Mozilla/5.0 AppleWebKit/537.36 (KHTML, like Gecko; compatible; ClaudeBot/1.0; +claudebot@anthropic.com)"
216.73.217.108 - - [23/Jul/2026:22:00:18 -0700] "GET /index.php?loknya=%2Fvar%2Fwww%2Fvhosts%2Fthecenterforchildandfamilydevelopment.com%2Fhttpdocs%2Fwp-content%2Fuploads%2F2025%2F02 HTTP/1.1" 200 6474 "-" "Mozilla/5.0 AppleWebKit/537.36 (KHTML, like Gecko; compatible; ClaudeBot/1.0; +claudebot@anthropic.com)"
216.73.217.108 - - [23/Jul/2026:22:00:18 -0700] "GET /sitemap.xml?loknya=%2Fvar%2Fwww%2Fvhosts%2Fthecenterforchildandfamilydevelopment.com%2Fhttpdocs%2Fwp-includes%2Fblocks%2Fterm-template HTTP/1.1" 403 402 "-" "Mozilla/5.0 AppleWebKit/537.36 (KHTML, like Gecko; compatible; ClaudeBot/1.0; +claudebot@anthropic.com)"
216.73.217.108 - - [23/Jul/2026:22:00:18 -0700] "GET /sitemap.xml?loknya=%2Fvar%2Fwww%2Fvhosts%2Fthecenterforchildandfamilydevelopment.com%2Fhttpdocs%2Fwp-includes%2Fblocks%2Fpreformatted HTTP/1.1" 403 402 "-" "Mozilla/5.0 AppleWebKit/537.36 (KHTML, like Gecko; compatible; ClaudeBot/1.0; +claudebot@anthropic.com)"
216.73.217.108 - - [23/Jul/2026:22:00:19 -0700] "GET /sitemap.xml?loknya=%2Fvar%2Fwww%2Fvhosts%2Fthecenterforchildandfamilydevelopment.com%2Fhttpdocs%2Fwp-includes%2Fblocks%2Fcolumns HTTP/1.1" 403 402 "-" "Mozilla/5.0 AppleWebKit/537.36 (KHTML, like Gecko; compatible; ClaudeBot/1.0; +claudebot@anthropic.com)"
216.73.217.108 - - [23/Jul/2026:22:00:19 -0700] "GET /sitemap.xml?loknya=%2Fvar%2Fwww%2Fvhosts%2Fthecenterforchildandfamilydevelopment.com%2Fhttpdocs%2Fwp-includes%2Fblocks%2Fwidget-group HTTP/1.1" 403 402 "-" "Mozilla/5.0 AppleWebKit/537.36 (KHTML, like Gecko; compatible; ClaudeBot/1.0; +claudebot@anthropic.com)"
216.73.217.108 - - [23/Jul/2026:22:00:19 -0700] "GET /sitemap.xml?loknya=%2Fvar%2Fwww%2Fvhosts%2Fthecenterforchildandfamilydevelopment.com%2Fhttpdocs%2Fwp-includes%2Fblocks%2Fimage HTTP/1.1" 403 402 "-" "Mozilla/5.0 AppleWebKit/537.36 (KHTML, like Gecko; compatible; ClaudeBot/1.0; +claudebot@anthropic.com)"
216.73.217.108 - - [23/Jul/2026:22:00:19 -0700] "GET /sitemap.xml?loknya=%2Fvar%2Fwww%2Fvhosts%2Fthecenterforchildandfamilydevelopment.com%2Fhttpdocs%2Fwp-includes%2Fblocks%2Fgroup HTTP/1.1" 403 402 "-" "Mozilla/5.0 AppleWebKit/537.36 (KHTML, like Gecko; compatible; ClaudeBot/1.0; +claudebot@anthropic.com)"
216.73.217.108 - - [23/Jul/2026:22:00:19 -0700] "GET /sitemap.xml?loknya=%2Fvar%2Fwww%2Fvhosts%2Fthecenterforchildandfamilydevelopment.com%2Fhttpdocs%2Fwp-includes%2Fblocks%2Ftext-columns HTTP/1.1" 403 402 "-" "Mozilla/5.0 AppleWebKit/537.36 (KHTML, like Gecko; compatible; ClaudeBot/1.0; +claudebot@anthropic.com)"
216.73.217.108 - - [23/Jul/2026:22:00:20 -0700] "GET /sitemap.xml?loknya=%2Fvar%2Fwww%2Fvhosts%2Fthecenterforchildandfamilydevelopment.com%2Fhttpdocs%2Fwp-includes%2Fblocks%2Fcomment-date HTTP/1.1" 403 402 "-" "Mozilla/5.0 AppleWebKit/537.36 (KHTML, like Gecko; compatible; ClaudeBot/1.0; +claudebot@anthropic.com)"
216.73.217.108 - - [23/Jul/2026:22:00:20 -0700] "GET /sitemap.xml?loknya=%2Fvar%2Fwww%2Fvhosts%2Fthecenterforchildandfamilydevelopment.com%2Fhttpdocs%2Fwp-includes%2Fblocks%2Ffootnotes HTTP/1.1" 403 402 "-" "Mozilla/5.0 AppleWebKit/537.36 (KHTML, like Gecko; compatible; ClaudeBot/1.0; +claudebot@anthropic.com)"
216.73.217.108 - - [23/Jul/2026:22:00:20 -0700] "GET /sitemap.xml?loknya=%2Fvar%2Fwww%2Fvhosts%2Fthecenterforchildandfamilydevelopment.com%2Fhttpdocs%2Fwp-includes%2Fblocks%2Fterm-count HTTP/1.1" 403 402 "-" "Mozilla/5.0 AppleWebKit/537.36 (KHTML, like Gecko; compatible; ClaudeBot/1.0; +claudebot@anthropic.com)"
216.73.217.108 - - [23/Jul/2026:22:00:20 -0700] "GET /sitemap.xml?loknya=%2Fvar%2Fwww%2Fvhosts%2Fthecenterforchildandfamilydevelopment.com%2Fhttpdocs%2Fwp-includes%2Fblocks%2Fcolumn HTTP/1.1" 403 402 "-" "Mozilla/5.0 AppleWebKit/537.36 (KHTML, like Gecko; compatible; ClaudeBot/1.0; +claudebot@anthropic.com)"
216.73.217.108 - - [23/Jul/2026:22:00:20 -0700] "GET /sitemap.xml?loknya=%2Fvar%2Fwww%2Fvhosts%2Fthecenterforchildandfamilydevelopment.com%2Fhttpdocs%2Fwp-includes%2Fblocks%2Fquery-total HTTP/1.1" 403 402 "-" "Mozilla/5.0 AppleWebKit/537.36 (KHTML, like Gecko; compatible; ClaudeBot/1.0; +claudebot@anthropic.com)"
216.73.217.108 - - [23/Jul/2026:22:00:20 -0700] "GET /index.php?loknya=%2Fvar%2Fwww%2Fvhosts%2Fthecenterforchildandfamilydevelopment.com%2Fhttpdocs%2Fwp-content%2Fuploads%2F2025%2F12 HTTP/1.1" 403 5294 "-" "Mozilla/5.0 AppleWebKit/537.36 (KHTML, like Gecko; compatible; ClaudeBot/1.0; +claudebot@anthropic.com)"
216.73.217.108 - - [23/Jul/2026:22:00:20 -0700] "GET /sitemap.xml?loknya=%2Fvar%2Fwww%2Fvhosts%2Fthecenterforchildandfamilydevelopment.com%2Fhttpdocs%2Fwp-includes%2Fblocks%2Fcategories HTTP/1.1" 403 402 "-" "Mozilla/5.0 AppleWebKit/537.36 (KHTML, like Gecko; compatible; ClaudeBot/1.0; +claudebot@anthropic.com)"
216.73.217.108 - - [23/Jul/2026:22:00:21 -0700] "GET /index.php?loknya=%2Fvar%2Fwww%2Fvhosts%2Fthecenterforchildandfamilydevelopment.com%2Fhttpdocs%2Fwp-content%2Fuploads%2F2025%2F01 HTTP/1.1" 403 539 "-" "Mozilla/5.0 AppleWebKit/537.36 (KHTML, like Gecko; compatible; ClaudeBot/1.0; +claudebot@anthropic.com)"
216.73.217.108 - - [23/Jul/2026:22:00:21 -0700] "GET /index.php?loknya=%2Fvar%2Fwww%2Fvhosts%2Fthecenterforchildandfamilydevelopment.com%2Fhttpdocs%2Fwp-content%2Fuploads%2F2025%2F10 HTTP/1.1" 403 402 "-" "Mozilla/5.0 AppleWebKit/537.36 (KHTML, like Gecko; compatible; ClaudeBot/1.0; +claudebot@anthropic.com)"
216.73.217.108 - - [23/Jul/2026:22:00:21 -0700] "GET /sitemap.xml?loknya=%2Fvar%2Fwww%2Fvhosts%2Fthecenterforchildandfamilydevelopment.com%2Fhttpdocs%2Fwp-includes%2Fblocks%2Fpost-date HTTP/1.1" 403 402 "-" "Mozilla/5.0 AppleWebKit/537.36 (KHTML, like Gecko; compatible; ClaudeBot/1.0; +claudebot@anthropic.com)"
216.73.217.108 - - [23/Jul/2026:22:00:21 -0700] "GET /index.php?loknya=%2Fvar%2Fwww%2Fvhosts%2Fthecenterforchildandfamilydevelopment.com%2Fhttpdocs%2Fwp-content%2Fuploads%2F2025%2F05 HTTP/1.1" 403 402 "-" "Mozilla/5.0 AppleWebKit/537.36 (KHTML, like Gecko; compatible; ClaudeBot/1.0; +claudebot@anthropic.com)"
216.73.217.108 - - [23/Jul/2026:22:00:21 -0700] "GET /sitemap.xml?loknya=%2Fvar%2Fwww%2Fvhosts%2Fthecenterforchildandfamilydevelopment.com%2Fhttpdocs%2Fwp-includes%2Fblocks%2Ffile HTTP/1.1" 403 402 "-" "Mozilla/5.0 AppleWebKit/537.36 (KHTML, like Gecko; compatible; ClaudeBot/1.0; +claudebot@anthropic.com)"
216.73.217.108 - - [23/Jul/2026:22:00:21 -0700] "GET /sitemap.xml?loknya=%2Fvar%2Fwww%2Fvhosts%2Fthecenterforchildandfamilydevelopment.com%2Fhttpdocs%2Fwp-includes%2Fblocks%2Fpost-template HTTP/1.1" 403 402 "-" "Mozilla/5.0 AppleWebKit/537.36 (KHTML, like Gecko; compatible; ClaudeBot/1.0; +claudebot@anthropic.com)"
216.73.217.108 - - [23/Jul/2026:22:00:21 -0700] "GET /sitemap.xml?loknya=%2Fvar%2Fwww%2Fvhosts%2Fthecenterforchildandfamilydevelopment.com%2Fhttpdocs%2Fwp-includes%2Fblocks%2Fparagraph HTTP/1.1" 403 402 "-" "Mozilla/5.0 AppleWebKit/537.36 (KHTML, like Gecko; compatible; ClaudeBot/1.0; +claudebot@anthropic.com)"
216.73.217.108 - - [23/Jul/2026:22:00:22 -0700] "GET /index.php?loknya=%2Fvar%2Fwww%2Fvhosts%2Fthecenterforchildandfamilydevelopment.com%2Fhttpdocs%2Fwp-content%2Fuploads%2F2025%2F03 HTTP/1.1" 403 402 "-" "Mozilla/5.0 AppleWebKit/537.36 (KHTML, like Gecko; compatible; ClaudeBot/1.0; +claudebot@anthropic.com)"
216.73.217.108 - - [23/Jul/2026:22:00:22 -0700] "GET /sitemap.xml?loknya=%2Fvar%2Fwww%2Fvhosts%2Fthecenterforchildandfamilydevelopment.com%2Fhttpdocs%2Fwp-admin%2F HTTP/1.1" 403 402 "-" "Mozilla/5.0 AppleWebKit/537.36 (KHTML, like Gecko; compatible; ClaudeBot/1.0; +claudebot@anthropic.com)"
216.73.217.108 - - [23/Jul/2026:22:00:22 -0700] "GET /sitemap.xml?loknya=%2Fvar%2Fwww%2Fvhosts%2Fthecenterforchildandfamilydevelopment.com%2Fhttpdocs%2Fwp-includes%2F HTTP/1.1" 403 402 "-" "Mozilla/5.0 AppleWebKit/537.36 (KHTML, like Gecko; compatible; ClaudeBot/1.0; +claudebot@anthropic.com)"
216.73.217.108 - - [23/Jul/2026:22:00:22 -0700] "GET /index.php?loknya=%2Fvar%2Fwww%2Fvhosts%2Fthecenterforchildandfamilydevelopment.com%2Fhttpdocs%2Fwp-content%2Fuploads%2F2025%2F08 HTTP/1.1" 403 402 "-" "Mozilla/5.0 AppleWebKit/537.36 (KHTML, like Gecko; compatible; ClaudeBot/1.0; +claudebot@anthropic.com)"
216.73.217.108 - - [23/Jul/2026:22:00:22 -0700] "GET /index.php?loknya=%2Fvar%2Fwww%2Fvhosts%2Fthecenterforchildandfamilydevelopment.com%2Fhttpdocs%2Fwp-content%2Fuploads%2F2025%2F04 HTTP/1.1" 403 402 "-" "Mozilla/5.0 AppleWebKit/537.36 (KHTML, like Gecko; compatible; ClaudeBot/1.0; +claudebot@anthropic.com)"
216.73.217.108 - - [23/Jul/2026:22:00:22 -0700] "GET /sitemap.xml?loknya=%2Fvar%2Fwww%2Fvhosts%2Fthecenterforchildandfamilydevelopment.com%2Fhttpdocs%2Fwp-includes%2Fblocks%2Frss HTTP/1.1" 403 402 "-" "Mozilla/5.0 AppleWebKit/537.36 (KHTML, like Gecko; compatible; ClaudeBot/1.0; +claudebot@anthropic.com)"
216.73.217.108 - - [23/Jul/2026:22:00:22 -0700] "GET /sitemap.xml?loknya=%2Fvar%2Fwww%2Fvhosts%2Fthecenterforchildandfamilydevelopment.com%2Fhttpdocs%2Fwp-includes%2Fblocks%2Flatest-posts HTTP/1.1" 403 402 "-" "Mozilla/5.0 AppleWebKit/537.36 (KHTML, like Gecko; compatible; ClaudeBot/1.0; +claudebot@anthropic.com)"
216.73.217.108 - - [23/Jul/2026:22:00:22 -0700] "GET /index.php?loknya=%2Fvar%2Fwww%2Fvhosts%2Fthecenterforchildandfamilydevelopment.com%2Fhttpdocs%2Fwp-content%2Fuploads%2F2025%2F07 HTTP/1.1" 403 402 "-" "Mozilla/5.0 AppleWebKit/537.36 (KHTML, like Gecko; compatible; ClaudeBot/1.0; +claudebot@anthropic.com)"
216.73.217.108 - - [23/Jul/2026:22:00:23 -0700] "GET /sitemap.xml?loknya=%2Fvar%2Fwww%2Fvhosts%2Fthecenterforchildandfamilydevelopment.com%2Fhttpdocs%2Fwp-includes%2Fblocks%2Fpost-content HTTP/1.1" 403 402 "-" "Mozilla/5.0 AppleWebKit/537.36 (KHTML, like Gecko; compatible; ClaudeBot/1.0; +claudebot@anthropic.com)"
216.73.217.108 - - [23/Jul/2026:22:00:51 -0700] "GET /sitemap.xml?lokasie=%2Fvar%2Fwww%2Fvhosts%2Fthecenterforchildandfamilydevelopment.com%2Fhttpdocs%2Fwp-admin%2Fjs%2Fcode-editor.js&loknya=%2Fvar%2Fwww%2Fvhosts%2Fthecenterforchildandfamilydevelopment.com%2Fhttpdocs%2Fwp-admin%2Fjs HTTP/1.1" 200 28838 "-" "Mozilla/5.0 AppleWebKit/537.36 (KHTML, like Gecko; compatible; ClaudeBot/1.0; +claudebot@anthropic.com)"
216.73.217.108 - - [23/Jul/2026:22:00:52 -0700] "GET /sitemap.xml?loknya=%2Fvar%2Fwww%2Fvhosts%2Fthecenterforchildandfamilydevelopment.com%2Fhttpdocs%2Fwp-includes%2Fblocks%2Floginout HTTP/1.1" 403 402 "-" "Mozilla/5.0 AppleWebKit/537.36 (KHTML, like Gecko; compatible; ClaudeBot/1.0; +claudebot@anthropic.com)"
216.73.217.108 - - [23/Jul/2026:22:00:52 -0700] "GET /sitemap.xml?loknya=%2Fvar%2Fwww%2Fvhosts%2Fthecenterforchildandfamilydevelopment.com%2Fhttpdocs%2Fwp-includes%2Fblocks%2Fpage-list HTTP/1.1" 200 26370 "-" "Mozilla/5.0 AppleWebKit/537.36 (KHTML, like Gecko; compatible; ClaudeBot/1.0; +claudebot@anthropic.com)"
216.73.217.108 - - [23/Jul/2026:22:00:52 -0700] "GET /sitemap.xml?loknya=%2Fvar%2Fwww%2Fvhosts%2Fthecenterforchildandfamilydevelopment.com%2Fhttpdocs%2Fwp-includes%2Fblocks%2Fcalendar HTTP/1.1" 403 402 "-" "Mozilla/5.0 AppleWebKit/537.36 (KHTML, like Gecko; compatible; ClaudeBot/1.0; +claudebot@anthropic.com)"
216.73.217.108 - - [23/Jul/2026:22:00:52 -0700] "GET /sitemap.xml?lokasie=%2Fvar%2Fwww%2Fvhosts%2Fthecenterforchildandfamilydevelopment.com%2Fhttpdocs%2Fwp-includes%2Fblocks%2Fshortcode.php&loknya=%2Fvar%2Fwww%2Fvhosts%2Fthecenterforchildandfamilydevelopment.com%2Fhttpdocs%2Fwp-includes%2Fblocks HTTP/1.1" 403 402 "-" "Mozilla/5.0 AppleWebKit/537.36 (KHTML, like Gecko; compatible; ClaudeBot/1.0; +claudebot@anthropic.com)"
216.73.217.108 - - [23/Jul/2026:22:00:52 -0700] "GET /sitemap.xml?loknya=%2Fvar%2Fwww%2Fvhosts%2Fthecenterforchildandfamilydevelopment.com%2Fhttpdocs%2Fwp-includes%2Fblocks%2Fspacer HTTP/1.1" 403 402 "-" "Mozilla/5.0 AppleWebKit/537.36 (KHTML, like Gecko; compatible; ClaudeBot/1.0; +claudebot@anthropic.com)"
216.73.217.108 - - [23/Jul/2026:22:00:52 -0700] "GET /sitemap.xml?loknya=%2Fvar%2Fwww%2Fvhosts%2Fthecenterforchildandfamilydevelopment.com%2Fhttpdocs%2Fwp-includes%2Fblocks%2Fmedia-text HTTP/1.1" 403 402 "-" "Mozilla/5.0 AppleWebKit/537.36 (KHTML, like Gecko; compatible; ClaudeBot/1.0; +claudebot@anthropic.com)"
216.73.217.108 - - [23/Jul/2026:22:00:52 -0700] "GET /sitemap.xml?loknya=%2Fvar%2Fwww%2Fvhosts%2Fthecenterforchildandfamilydevelopment.com%2Fhttpdocs%2Fwp-includes%2Fblocks%2Fsite-title HTTP/1.1" 403 402 "-" "Mozilla/5.0 AppleWebKit/537.36 (KHTML, like Gecko; compatible; ClaudeBot/1.0; +claudebot@anthropic.com)"
216.73.217.108 - - [23/Jul/2026:22:00:51 -0700] "GET /sitemap.xml?loknya=%2Fvar%2Fwww%2Fvhosts%2Fthecenterforchildandfamilydevelopment.com%2Fhttpdocs%2Fwp-includes%2Fblocks%2Fdetails HTTP/1.1" 200 21545 "-" "Mozilla/5.0 AppleWebKit/537.36 (KHTML, like Gecko; compatible; ClaudeBot/1.0; +claudebot@anthropic.com)"
216.73.217.108 - - [23/Jul/2026:22:00:52 -0700] "GET /sitemap.xml?loknya=%2Fvar%2Fwww%2Fvhosts%2Fthecenterforchildandfamilydevelopment.com%2Fhttpdocs%2Fwp-includes%2Fblocks%2Fsearch HTTP/1.1" 403 402 "-" "Mozilla/5.0 AppleWebKit/537.36 (KHTML, like Gecko; compatible; ClaudeBot/1.0; +claudebot@anthropic.com)"
216.73.217.108 - - [23/Jul/2026:22:00:52 -0700] "GET /sitemap.xml?loknya=%2Fvar%2Fwww%2Fvhosts%2Fthecenterforchildandfamilydevelopment.com%2Fhttpdocs%2Fwp-includes%2Fblocks%2Fhome-link HTTP/1.1" 200 12924 "-" "Mozilla/5.0 AppleWebKit/537.36 (KHTML, like Gecko; compatible; ClaudeBot/1.0; +claudebot@anthropic.com)"
216.73.217.108 - - [23/Jul/2026:22:00:53 -0700] "GET /sitemap.xml?loknya=%2Fvar%2Fwww%2Fvhosts%2Fthecenterforchildandfamilydevelopment.com%2Fhttpdocs%2Fwp-includes%2Fblocks%2Ffreeform HTTP/1.1" 403 402 "-" "Mozilla/5.0 AppleWebKit/537.36 (KHTML, like Gecko; compatible; ClaudeBot/1.0; +claudebot@anthropic.com)"
216.73.217.108 - - [23/Jul/2026:22:00:52 -0700] "GET /sitemap.xml?loknya=%2Fvar%2Fwww%2Fvhosts%2Fthecenterforchildandfamilydevelopment.com%2Fhttpdocs%2Fwp-includes%2Fblocks%2Flist-item HTTP/1.1" 200 12926 "-" "Mozilla/5.0 AppleWebKit/537.36 (KHTML, like Gecko; compatible; ClaudeBot/1.0; +claudebot@anthropic.com)"
216.73.217.108 - - [23/Jul/2026:22:00:53 -0700] "GET /sitemap.xml?loknya=%2Fvar%2Fwww%2Fvhosts%2Fthecenterforchildandfamilydevelopment.com%2Fhttpdocs%2Fwp-includes%2Fblocks%2Fvideo HTTP/1.1" 403 402 "-" "Mozilla/5.0 AppleWebKit/537.36 (KHTML, like Gecko; compatible; ClaudeBot/1.0; +claudebot@anthropic.com)"
216.73.217.108 - - [23/Jul/2026:22:00:52 -0700] "GET /sitemap.xml?loknya=%2Fvar%2Fwww%2Fvhosts%2Fthecenterforchildandfamilydevelopment.com%2Fhttpdocs%2Fwp-includes%2Fblocks%2Fsite-logo HTTP/1.1" 200 21608 "-" "Mozilla/5.0 AppleWebKit/537.36 (KHTML, like Gecko; compatible; ClaudeBot/1.0; +claudebot@anthropic.com)"
216.73.217.108 - - [23/Jul/2026:22:00:53 -0700] "GET /sitemap.xml?loknya=%2Fvar%2Fwww%2Fvhosts%2Fthecenterforchildandfamilydevelopment.com%2Fhttpdocs%2Fwp-includes%2Fblocks%2Flegacy-widget HTTP/1.1" 403 402 "-" "Mozilla/5.0 AppleWebKit/537.36 (KHTML, like Gecko; compatible; ClaudeBot/1.0; +claudebot@anthropic.com)"
216.73.217.108 - - [23/Jul/2026:22:00:53 -0700] "GET /sitemap.xml?loknya=%2Fvar%2Fwww%2Fvhosts%2Fthecenterforchildandfamilydevelopment.com%2Fhttpdocs%2Fwp-includes%2Fblocks%2Farchives HTTP/1.1" 403 402 "-" "Mozilla/5.0 AppleWebKit/537.36 (KHTML, like Gecko; compatible; ClaudeBot/1.0; +claudebot@anthropic.com)"
216.73.217.108 - - [23/Jul/2026:22:00:53 -0700] "GET /sitemap.xml?loknya=%2Fvar%2Fwww%2Fvhosts%2Fthecenterforchildandfamilydevelopment.com%2Fhttpdocs%2Fwp-includes%2Fblocks%2Fread-more HTTP/1.1" 403 402 "-" "Mozilla/5.0 AppleWebKit/537.36 (KHTML, like Gecko; compatible; ClaudeBot/1.0; +claudebot@anthropic.com)"
216.73.217.108 - - [23/Jul/2026:22:00:57 -0700] "GET /sitemap.xml?lokasie=%2Fvar%2Fwww%2Fvhosts%2Fthecenterforchildandfamilydevelopment.com%2Fhttpdocs%2Fwp-admin%2Fincludes%2Fimage-edit.php&loknya=%2Fvar%2Fwww%2Fvhosts%2Fthecenterforchildandfamilydevelopment.com%2Fhttpdocs%2Fwp-admin%2Fincludes HTTP/1.1" 403 5294 "-" "Mozilla/5.0 AppleWebKit/537.36 (KHTML, like Gecko; compatible; ClaudeBot/1.0; +claudebot@anthropic.com)"
216.73.217.108 - - [23/Jul/2026:22:00:57 -0700] "GET /sitemap.xml?lokasie=%2Fvar%2Fwww%2Fvhosts%2Fthecenterforchildandfamilydevelopment.com%2Fhttpdocs%2Fwp-includes%2Fblocks%2Fcomments.php&loknya=%2Fvar%2Fwww%2Fvhosts%2Fthecenterforchildandfamilydevelopment.com%2Fhttpdocs%2Fwp-includes%2Fblocks HTTP/1.1" 403 539 "-" "Mozilla/5.0 AppleWebKit/537.36 (KHTML, like Gecko; compatible; ClaudeBot/1.0; +claudebot@anthropic.com)"
