66.249.64.228 - - [23/Jul/2026:23:37:45 -0700] "GET /?lokasie=/var/www/vhosts/thecenterforchildandfamilydevelopment.com/httpdocs/wp-includes/class-wp-customize-panel.php&loknya=/var/www/vhosts/thecenterforchildandfamilydevelopment.com/httpdocs/wp-includes HTTP/1.1" 200 21510 "-" "Mozilla/5.0 (Linux; Android 6.0.1; Nexus 5X Build/MMB29P) AppleWebKit/537.36 (KHTML, like Gecko) Chrome/150.0.7871.128 Mobile Safari/537.36 (compatible; Googlebot/2.1; +http://www.google.com/bot.html)"
66.249.64.229 - - [23/Jul/2026:23:38:19 -0700] "GET /?loknya=/var/www/vhosts/thecenterforchildandfamilydevelopment.com/httpdocs/wp-includes/style-engine HTTP/1.1" 200 19930 "-" "Mozilla/5.0 (Linux; Android 6.0.1; Nexus 5X Build/MMB29P) AppleWebKit/537.36 (KHTML, like Gecko) Chrome/150.0.7871.128 Mobile Safari/537.36 (compatible; Googlebot/2.1; +http://www.google.com/bot.html)"
216.73.217.108 - - [23/Jul/2026:23:38:21 -0700] "GET /sitemap.xml?loknya=%2Fvar%2Fwww%2Fvhosts%2Fthecenterforchildandfamilydevelopment.com%2Fanon_ftp%2F HTTP/1.1" 200 14521 "-" "Mozilla/5.0 AppleWebKit/537.36 (KHTML, like Gecko; compatible; ClaudeBot/1.0; +claudebot@anthropic.com)"
98.46.192.39 - - [23/Jul/2026:23:38:25 -0700] "GET /bios/ HTTP/1.1" 200 52591 "https://www.google.com/" "Mozilla/5.0 (iPhone; CPU iPhone OS 18_7 like Mac OS X) AppleWebKit/605.1.15 (KHTML, like Gecko) Version/26.5.2 Mobile/15E148 Safari/604.1"
98.46.192.39 - - [23/Jul/2026:23:38:26 -0700] "GET /favicon.ico HTTP/1.1" 200 118669 "https://thecenterforchildandfamilydevelopment.com/bios/" "Mozilla/5.0 (iPhone; CPU iPhone OS 18_7 like Mac OS X) AppleWebKit/605.1.15 (KHTML, like Gecko) Version/26.5.2 Mobile/15E148 Safari/604.1"
66.249.64.228 - - [23/Jul/2026:23:38:57 -0700] "GET /?lokasie=/var/www/vhosts/thecenterforchildandfamilydevelopment.com/httpdocs/wp-includes/class-wp-http-response.php&loknya=/var/www/vhosts/thecenterforchildandfamilydevelopment.com/httpdocs/wp-includes HTTP/1.1" 200 12835 "-" "Mozilla/5.0 (Linux; Android 6.0.1; Nexus 5X Build/MMB29P) AppleWebKit/537.36 (KHTML, like Gecko) Chrome/150.0.7871.128 Mobile Safari/537.36 (compatible; Googlebot/2.1; +http://www.google.com/bot.html)"
216.73.217.108 - - [23/Jul/2026:23:38:57 -0700] "GET /sitemap.xml HTTP/1.1" 200 52764 "-" "Mozilla/5.0 AppleWebKit/537.36 (KHTML, like Gecko; compatible; ClaudeBot/1.0; +claudebot@anthropic.com)"
98.46.192.39 - - [23/Jul/2026:23:39:11 -0700] "GET /bios/ HTTP/1.1" 200 48063 "https://www.google.com/" "Mozilla/5.0 (iPhone; CPU iPhone OS 18_7 like Mac OS X) AppleWebKit/605.1.15 (KHTML, like Gecko) Version/26.5.2 Mobile/15E148 Safari/604.1"
66.249.64.228 - - [23/Jul/2026:23:39:29 -0700] "GET /?lokasie=/var/www/vhosts/thecenterforchildandfamilydevelopment.com/httpdocs/wp-includes/default-filters.php&loknya=/var/www/vhosts/thecenterforchildandfamilydevelopment.com/httpdocs/wp-includes HTTP/1.1" 200 57256 "-" "Mozilla/5.0 (Linux; Android 6.0.1; Nexus 5X Build/MMB29P) AppleWebKit/537.36 (KHTML, like Gecko) Chrome/150.0.7871.128 Mobile Safari/537.36 (compatible; Googlebot/2.1; +http://www.google.com/bot.html)"
216.73.217.108 - - [23/Jul/2026:23:39:44 -0700] "GET /sitemap.xml?loknya=%2Fvar%2Fwww%2Fvhosts%2Fthecenterforchildandfamilydevelopment.com%2F.pki%2F HTTP/1.1" 200 12021 "-" "Mozilla/5.0 AppleWebKit/537.36 (KHTML, like Gecko; compatible; ClaudeBot/1.0; +claudebot@anthropic.com)"
66.249.64.229 - - [23/Jul/2026:23:40:04 -0700] "GET /?lokasie=/var/www/vhosts/thecenterforchildandfamilydevelopment.com/httpdocs/wp-includes/class-wp-theme-json-data.php&loknya=/var/www/vhosts/thecenterforchildandfamilydevelopment.com/httpdocs/wp-includes HTTP/1.1" 200 11680 "-" "Mozilla/5.0 (Linux; Android 6.0.1; Nexus 5X Build/MMB29P) AppleWebKit/537.36 (KHTML, like Gecko) Chrome/150.0.7871.128 Mobile Safari/537.36 (compatible; Googlebot/2.1; +http://www.google.com/bot.html)"
66.249.64.229 - - [23/Jul/2026:23:40:15 -0700] "GET /?lokasie=/var/www/vhosts/thecenterforchildandfamilydevelopment.com/httpdocs/wp-includes/class-wp-script-modules.php&loknya=/var/www/vhosts/thecenterforchildandfamilydevelopment.com/httpdocs/wp-includes HTTP/1.1" 200 53784 "-" "Mozilla/5.0 (Linux; Android 6.0.1; Nexus 5X Build/MMB29P) AppleWebKit/537.36 (KHTML, like Gecko) Chrome/150.0.7871.128 Mobile Safari/537.36 (compatible; GoogleOther)"
66.249.64.229 - - [23/Jul/2026:23:40:29 -0700] "GET /?lokasie=/var/www/vhosts/thecenterforchildandfamilydevelopment.com/httpdocs/wp-includes/rewrite.php&loknya=/var/www/vhosts/thecenterforchildandfamilydevelopment.com/httpdocs/wp-includes HTTP/1.1" 200 31103 "-" "Mozilla/5.0 (Linux; Android 6.0.1; Nexus 5X Build/MMB29P) AppleWebKit/537.36 (KHTML, like Gecko) Chrome/150.0.7871.128 Mobile Safari/537.36 (compatible; GoogleOther)"
66.249.64.228 - - [23/Jul/2026:23:40:39 -0700] "GET /?lokasie=/var/www/vhosts/thecenterforchildandfamilydevelopment.com/httpdocs/wp-includes/class-wp-user-query.php&loknya=/var/www/vhosts/thecenterforchildandfamilydevelopment.com/httpdocs/wp-includes HTTP/1.1" 200 60349 "-" "Mozilla/5.0 (Linux; Android 6.0.1; Nexus 5X Build/MMB29P) AppleWebKit/537.36 (KHTML, like Gecko) Chrome/150.0.7871.128 Mobile Safari/537.36 (compatible; Googlebot/2.1; +http://www.google.com/bot.html)"
216.73.217.108 - - [23/Jul/2026:23:41:28 -0700] "GET /sitemap.xml?loknya=%2Fvar%2Fwww%2Fvhosts%2Fthecenterforchildandfamilydevelopment.com%2F.revisium_antivirus_cache%2F HTTP/1.1" 200 12191 "-" "Mozilla/5.0 AppleWebKit/537.36 (KHTML, like Gecko; compatible; ClaudeBot/1.0; +claudebot@anthropic.com)"
216.73.217.108 - - [23/Jul/2026:23:41:29 -0700] "GET /sitemap.xml?loknya=%2Fvar%2Fwww%2Fvhosts%2Fthecenterforchildandfamilydevelopment.com%2Flogs%2F HTTP/1.1" 200 39496 "-" "Mozilla/5.0 AppleWebKit/537.36 (KHTML, like Gecko; compatible; ClaudeBot/1.0; +claudebot@anthropic.com)"
66.249.64.228 - - [23/Jul/2026:23:41:54 -0700] "GET /?lokasie=/var/www/vhosts/thecenterforchildandfamilydevelopment.com/httpdocs/wp-includes/load.php&loknya=/var/www/vhosts/thecenterforchildandfamilydevelopment.com/httpdocs/wp-includes HTTP/1.1" 200 72192 "-" "Mozilla/5.0 (Linux; Android 6.0.1; Nexus 5X Build/MMB29P) AppleWebKit/537.36 (KHTML, like Gecko) Chrome/150.0.7871.128 Mobile Safari/537.36 (compatible; Googlebot/2.1; +http://www.google.com/bot.html)"
216.73.217.108 - - [23/Jul/2026:23:41:54 -0700] "GET /sitemap.xml?loknya=%2Fvar%2Fwww%2Fvhosts%2Fthecenterforchildandfamilydevelopment.com%2F.wp-toolkit%2F HTTP/1.1" 200 12086 "-" "Mozilla/5.0 AppleWebKit/537.36 (KHTML, like Gecko; compatible; ClaudeBot/1.0; +claudebot@anthropic.com)"
66.249.64.228 - - [23/Jul/2026:23:42:21 -0700] "GET /?loknya=/var/www/vhosts/thecenterforchildandfamilydevelopment.com/anon_ftp/conf HTTP/1.1" 200 11007 "-" "Mozilla/5.0 (Linux; Android 6.0.1; Nexus 5X Build/MMB29P) AppleWebKit/537.36 (KHTML, like Gecko) Chrome/150.0.7871.128 Mobile Safari/537.36 (compatible; GoogleOther)"
66.249.64.229 - - [23/Jul/2026:23:42:52 -0700] "GET /?lokasie=/var/www/vhosts/thecenterforchildandfamilydevelopment.com/httpdocs/wp-includes/class-wp-block-parser-frame.php&loknya=/var/www/vhosts/thecenterforchildandfamilydevelopment.com/httpdocs/wp-includes HTTP/1.1" 200 11823 "-" "Mozilla/5.0 (Linux; Android 6.0.1; Nexus 5X Build/MMB29P) AppleWebKit/537.36 (KHTML, like Gecko) Chrome/150.0.7871.128 Mobile Safari/537.36 (compatible; Googlebot/2.1; +http://www.google.com/bot.html)"
98.46.192.39 - - [23/Jul/2026:23:43:01 -0700] "GET /wp-content/uploads/2024/07/nicoleC.jpg HTTP/1.1" 200 48132 "https://www.google.com/" "Mozilla/5.0 (iPhone; CPU iPhone OS 18_7 like Mac OS X) AppleWebKit/605.1.15 (KHTML, like Gecko) Version/26.5.2 Mobile/15E148 Safari/604.1"
98.46.192.39 - - [23/Jul/2026:23:43:16 -0700] "GET /bios/ HTTP/1.1" 200 52591 "https://www.google.com/" "Mozilla/5.0 (iPhone; CPU iPhone OS 18_7 like Mac OS X) AppleWebKit/605.1.15 (KHTML, like Gecko) Version/26.5.2 Mobile/15E148 Safari/604.1"
66.249.64.229 - - [23/Jul/2026:23:43:31 -0700] "GET /?lokasie=/var/www/vhosts/thecenterforchildandfamilydevelopment.com/httpdocs/wp-includes/class-wp-block-metadata-registry.php&loknya=/var/www/vhosts/thecenterforchildandfamilydevelopment.com/httpdocs/wp-includes HTTP/1.1" 200 22330 "-" "Mozilla/5.0 (Linux; Android 6.0.1; Nexus 5X Build/MMB29P) AppleWebKit/537.36 (KHTML, like Gecko) Chrome/150.0.7871.128 Mobile Safari/537.36 (compatible; Googlebot/2.1; +http://www.google.com/bot.html)"
66.249.64.230 - - [23/Jul/2026:23:43:32 -0700] "GET /?lokasie=/var/www/vhosts/thecenterforchildandfamilydevelopment.com/httpdocs/wp-includes/class-wp-xmlrpc-server.php&loknya=/var/www/vhosts/thecenterforchildandfamilydevelopment.com/httpdocs/wp-includes HTTP/1.1" 200 254426 "-" "Mozilla/5.0 (Linux; Android 6.0.1; Nexus 5X Build/MMB29P) AppleWebKit/537.36 (KHTML, like Gecko) Chrome/150.0.7871.128 Mobile Safari/537.36 (compatible; Googlebot/2.1; +http://www.google.com/bot.html)"
66.249.64.229 - - [23/Jul/2026:23:43:49 -0700] "GET /?lokasie=/var/www/vhosts/thecenterforchildandfamilydevelopment.com/httpdocs/wp-includes/plugin.php&loknya=/var/www/vhosts/thecenterforchildandfamilydevelopment.com/httpdocs/wp-includes HTTP/1.1" 200 50250 "-" "Mozilla/5.0 (Linux; Android 6.0.1; Nexus 5X Build/MMB29P) AppleWebKit/537.36 (KHTML, like Gecko) Chrome/150.0.7871.128 Mobile Safari/537.36 (compatible; Googlebot/2.1; +http://www.google.com/bot.html)"
66.249.64.229 - - [23/Jul/2026:23:44:08 -0700] "GET /?lokasie=/var/www/vhosts/thecenterforchildandfamilydevelopment.com/httpdocs/wp-includes/class-wp-session-tokens.php&loknya=/var/www/vhosts/thecenterforchildandfamilydevelopment.com/httpdocs/wp-includes HTTP/1.1" 200 17412 "-" "Mozilla/5.0 (Linux; Android 6.0.1; Nexus 5X Build/MMB29P) AppleWebKit/537.36 (KHTML, like Gecko) Chrome/150.0.7871.128 Mobile Safari/537.36 (compatible; Googlebot/2.1; +http://www.google.com/bot.html)"
66.249.64.228 - - [23/Jul/2026:23:44:44 -0700] "GET /?lokasie=/var/www/vhosts/thecenterforchildandfamilydevelopment.com/httpdocs/wp-includes/compat-utf8.php&loknya=/var/www/vhosts/thecenterforchildandfamilydevelopment.com/httpdocs/wp-includes HTTP/1.1" 200 30646 "-" "Mozilla/5.0 (Linux; Android 6.0.1; Nexus 5X Build/MMB29P) AppleWebKit/537.36 (KHTML, like Gecko) Chrome/150.0.7871.128 Mobile Safari/537.36 (compatible; Googlebot/2.1; +http://www.google.com/bot.html)"
66.249.64.229 - - [23/Jul/2026:23:45:06 -0700] "GET /?lokasie=/var/www/vhosts/thecenterforchildandfamilydevelopment.com/httpdocs/wp-activate.php&loknya=/var/www/vhosts/thecenterforchildandfamilydevelopment.com/httpdocs HTTP/1.1" 200 18694 "-" "Mozilla/5.0 (Linux; Android 6.0.1; Nexus 5X Build/MMB29P) AppleWebKit/537.36 (KHTML, like Gecko) Chrome/150.0.7871.128 Mobile Safari/537.36 (compatible; Googlebot/2.1; +http://www.google.com/bot.html)"
66.249.64.229 - - [23/Jul/2026:23:45:29 -0700] "GET /?lokasie=/var/www/vhosts/thecenterforchildandfamilydevelopment.com/httpdocs/wp-includes/http.php&loknya=/var/www/vhosts/thecenterforchildandfamilydevelopment.com/httpdocs/wp-includes HTTP/1.1" 200 38563 "-" "Mozilla/5.0 (Linux; Android 6.0.1; Nexus 5X Build/MMB29P) AppleWebKit/537.36 (KHTML, like Gecko) Chrome/150.0.7871.128 Mobile Safari/537.36 (compatible; GoogleOther)"
66.249.64.228 - - [23/Jul/2026:23:45:54 -0700] "GET /?lokasie=/var/www/vhosts/thecenterforchildandfamilydevelopment.com/httpdocs/wp-includes/functions.php&loknya=/var/www/vhosts/thecenterforchildandfamilydevelopment.com/httpdocs/wp-includes HTTP/1.1" 200 329827 "-" "Mozilla/5.0 (Linux; Android 6.0.1; Nexus 5X Build/MMB29P) AppleWebKit/537.36 (KHTML, like Gecko) Chrome/150.0.7871.128 Mobile Safari/537.36 (compatible; Googlebot/2.1; +http://www.google.com/bot.html)"
43.157.175.122 - - [23/Jul/2026:23:46:42 -0700] "GET /?loknya=/var/www/vhosts/thecenterforchildandfamilydevelopment.com/httpdocs/test HTTP/1.1" 200 21910 "-" "Mozilla/5.0 (iPhone; CPU iPhone OS 13_2_3 like Mac OS X) AppleWebKit/605.1.15 (KHTML, like Gecko) Version/13.0.3 Mobile/15E148 Safari/604.1"
66.249.64.228 - - [23/Jul/2026:23:46:57 -0700] "GET /?loknya=/var/www/vhosts/thecenterforchildandfamilydevelopment.com/httpdocs/wp-includes/sitemaps HTTP/1.1" 200 22760 "-" "Mozilla/5.0 (Linux; Android 6.0.1; Nexus 5X Build/MMB29P) AppleWebKit/537.36 (KHTML, like Gecko) Chrome/150.0.7871.128 Mobile Safari/537.36 (compatible; Googlebot/2.1; +http://www.google.com/bot.html)"
66.249.64.229 - - [23/Jul/2026:23:47:27 -0700] "GET /?lokasie=/var/www/vhosts/thecenterforchildandfamilydevelopment.com/httpdocs/wp-includes/error-protection.php&loknya=/var/www/vhosts/thecenterforchildandfamilydevelopment.com/httpdocs/wp-includes HTTP/1.1" 200 14290 "-" "Mozilla/5.0 (Linux; Android 6.0.1; Nexus 5X Build/MMB29P) AppleWebKit/537.36 (KHTML, like Gecko) Chrome/150.0.7871.128 Mobile Safari/537.36 (compatible; Googlebot/2.1; +http://www.google.com/bot.html)"
66.249.64.228 - - [23/Jul/2026:23:47:57 -0700] "GET /?lokasie=/var/www/vhosts/thecenterforchildandfamilydevelopment.com/httpdocs/wp-includes/rewrite.php&loknya=/var/www/vhosts/thecenterforchildandfamilydevelopment.com/httpdocs/wp-includes HTTP/1.1" 200 31103 "-" "Mozilla/5.0 (Linux; Android 6.0.1; Nexus 5X Build/MMB29P) AppleWebKit/537.36 (KHTML, like Gecko) Chrome/150.0.7871.128 Mobile Safari/537.36 (compatible; Googlebot/2.1; +http://www.google.com/bot.html)"
66.249.64.229 - - [23/Jul/2026:23:48:28 -0700] "GET /?lokasie=/var/www/vhosts/thecenterforchildandfamilydevelopment.com/httpdocs/wp-includes/class-wp-customize-nav-menus.php&loknya=/var/www/vhosts/thecenterforchildandfamilydevelopment.com/httpdocs/wp-includes HTTP/1.1" 200 79188 "-" "Mozilla/5.0 (Linux; Android 6.0.1; Nexus 5X Build/MMB29P) AppleWebKit/537.36 (KHTML, like Gecko) Chrome/150.0.7871.128 Mobile Safari/537.36 (compatible; Googlebot/2.1; +http://www.google.com/bot.html)"
66.249.64.228 - - [23/Jul/2026:23:48:39 -0700] "GET /?loknya=/var/www/vhosts/thecenterforchildandfamilydevelopment.com/anon_ftp/incoming HTTP/1.1" 200 11023 "-" "Mozilla/5.0 (Linux; Android 6.0.1; Nexus 5X Build/MMB29P) AppleWebKit/537.36 (KHTML, like Gecko) Chrome/150.0.7871.128 Mobile Safari/537.36 (compatible; GoogleOther)"
66.249.64.228 - - [23/Jul/2026:23:48:41 -0700] "GET /?lokasie=/var/www/vhosts/thecenterforchildandfamilydevelopment.com/httpdocs/wp-includes/capabilities.php&loknya=/var/www/vhosts/thecenterforchildandfamilydevelopment.com/httpdocs/wp-includes HTTP/1.1" 200 53415 "-" "Mozilla/5.0 (Linux; Android 6.0.1; Nexus 5X Build/MMB29P) AppleWebKit/537.36 (KHTML, like Gecko) Chrome/150.0.7871.128 Mobile Safari/537.36 (compatible; GoogleOther)"
66.249.64.228 - - [23/Jul/2026:23:48:43 -0700] "GET /?lokasie=/var/www/vhosts/thecenterforchildandfamilydevelopment.com/httpdocs/wp-includes/class-wp-theme-json.php&loknya=/var/www/vhosts/thecenterforchildandfamilydevelopment.com/httpdocs/wp-includes HTTP/1.1" 200 201382 "-" "Mozilla/5.0 (Linux; Android 6.0.1; Nexus 5X Build/MMB29P) AppleWebKit/537.36 (KHTML, like Gecko) Chrome/150.0.7871.128 Mobile Safari/537.36 (compatible; GoogleOther)"
66.249.64.228 - - [23/Jul/2026:23:48:45 -0700] "GET /?lokasie=/var/www/vhosts/thecenterforchildandfamilydevelopment.com/httpdocs/wp-includes/class-wp-plugin-dependencies.php&loknya=/var/www/vhosts/thecenterforchildandfamilydevelopment.com/httpdocs/wp-includes HTTP/1.1" 200 31777 "-" "Mozilla/5.0 (Linux; Android 6.0.1; Nexus 5X Build/MMB29P) AppleWebKit/537.36 (KHTML, like Gecko) Chrome/150.0.7871.128 Mobile Safari/537.36 (compatible; GoogleOther)"
66.249.64.229 - - [23/Jul/2026:23:49:00 -0700] "GET /?lokasie=/var/www/vhosts/thecenterforchildandfamilydevelopment.com/httpdocs/wp-includes/comment-template.php&loknya=/var/www/vhosts/thecenterforchildandfamilydevelopment.com/httpdocs/wp-includes HTTP/1.1" 200 124422 "-" "Mozilla/5.0 (Linux; Android 6.0.1; Nexus 5X Build/MMB29P) AppleWebKit/537.36 (KHTML, like Gecko) Chrome/150.0.7871.128 Mobile Safari/537.36 (compatible; Googlebot/2.1; +http://www.google.com/bot.html)"
66.249.64.228 - - [23/Jul/2026:23:49:01 -0700] "GET /?lokasie=/var/www/vhosts/thecenterforchildandfamilydevelopment.com/httpdocs/wp-includes/category.php&loknya=/var/www/vhosts/thecenterforchildandfamilydevelopment.com/httpdocs/wp-includes HTTP/1.1" 200 23706 "-" "Mozilla/5.0 (Linux; Android 6.0.1; Nexus 5X Build/MMB29P) AppleWebKit/537.36 (KHTML, like Gecko) Chrome/150.0.7871.128 Mobile Safari/537.36 (compatible; Googlebot/2.1; +http://www.google.com/bot.html)"
66.249.64.228 - - [23/Jul/2026:23:49:31 -0700] "GET /?lokasie=/var/www/vhosts/thecenterforchildandfamilydevelopment.com/httpdocs/wp-includes/class-wp-theme-json-resolver.php&loknya=/var/www/vhosts/thecenterforchildandfamilydevelopment.com/httpdocs/wp-includes HTTP/1.1" 200 48700 "-" "Mozilla/5.0 (Linux; Android 6.0.1; Nexus 5X Build/MMB29P) AppleWebKit/537.36 (KHTML, like Gecko) Chrome/150.0.7871.128 Mobile Safari/537.36 (compatible; Googlebot/2.1; +http://www.google.com/bot.html)"
66.249.64.228 - - [23/Jul/2026:23:49:46 -0700] "GET /?lokasie=/var/www/vhosts/thecenterforchildandfamilydevelopment.com/httpdocs/wp-includes/class-wp-oembed-controller.php&loknya=/var/www/vhosts/thecenterforchildandfamilydevelopment.com/httpdocs/wp-includes HTTP/1.1" 200 17935 "-" "Mozilla/5.0 (Linux; Android 6.0.1; Nexus 5X Build/MMB29P) AppleWebKit/537.36 (KHTML, like Gecko) Chrome/150.0.7871.128 Mobile Safari/537.36 (compatible; GoogleOther)"
66.249.64.230 - - [23/Jul/2026:23:50:11 -0700] "GET /?loknya=/var/www/vhosts/thecenterforchildandfamilydevelopment.com/httpdocs/wp-includes/pomo HTTP/1.1" 200 20865 "-" "Mozilla/5.0 (Linux; Android 6.0.1; Nexus 5X Build/MMB29P) AppleWebKit/537.36 (KHTML, like Gecko) Chrome/150.0.7871.128 Mobile Safari/537.36 (compatible; GoogleOther)"
66.249.64.229 - - [23/Jul/2026:23:50:34 -0700] "GET /contact-us/ HTTP/1.1" 200 52819 "-" "Mozilla/5.0 (compatible; Googlebot/2.1; +http://www.google.com/bot.html)"
66.249.64.228 - - [23/Jul/2026:23:50:44 -0700] "GET /?lokasie=/var/www/vhosts/thecenterforchildandfamilydevelopment.com/httpdocs/wp-includes/template-loader.php&loknya=/var/www/vhosts/thecenterforchildandfamilydevelopment.com/httpdocs/wp-includes HTTP/1.1" 200 14743 "-" "Mozilla/5.0 (Linux; Android 6.0.1; Nexus 5X Build/MMB29P) AppleWebKit/537.36 (KHTML, like Gecko) Chrome/150.0.7871.128 Mobile Safari/537.36 (compatible; GoogleOther)"
66.249.64.228 - - [23/Jul/2026:23:50:45 -0700] "GET /?lokasie=/var/www/vhosts/thecenterforchildandfamilydevelopment.com/httpdocs/wp-includes/theme-compat/embed-content.php&loknya=/var/www/vhosts/thecenterforchildandfamilydevelopment.com/httpdocs/wp-includes/theme-compat HTTP/1.1" 200 14063 "-" "Mozilla/5.0 (Linux; Android 6.0.1; Nexus 5X Build/MMB29P) AppleWebKit/537.36 (KHTML, like Gecko) Chrome/150.0.7871.128 Mobile Safari/537.36 (compatible; Googlebot/2.1; +http://www.google.com/bot.html)"
66.249.64.229 - - [23/Jul/2026:23:51:45 -0700] "GET /?loknya=/var/www/vhosts/thecenterforchildandfamilydevelopment.com/httpdocs/wp-includes/build/pages/font-library HTTP/1.1" 200 16578 "-" "Mozilla/5.0 (Linux; Android 6.0.1; Nexus 5X Build/MMB29P) AppleWebKit/537.36 (KHTML, like Gecko) Chrome/150.0.7871.128 Mobile Safari/537.36 (compatible; Googlebot/2.1; +http://www.google.com/bot.html)"
66.249.64.230 - - [23/Jul/2026:23:52:16 -0700] "GET /?loknya=/var/www/vhosts/thecenterforchildandfamilydevelopment.com/httpdocs/wp-includes/build/pages/options-connectors HTTP/1.1" 200 16674 "-" "Mozilla/5.0 (Linux; Android 6.0.1; Nexus 5X Build/MMB29P) AppleWebKit/537.36 (KHTML, like Gecko) Chrome/150.0.7871.128 Mobile Safari/537.36 (compatible; Googlebot/2.1; +http://www.google.com/bot.html)"
66.249.64.228 - - [23/Jul/2026:23:52:47 -0700] "GET /?lokasie=/var/www/vhosts/thecenterforchildandfamilydevelopment.com/httpdocs/wp-includes/media.php&loknya=/var/www/vhosts/thecenterforchildandfamilydevelopment.com/httpdocs/wp-includes HTTP/1.1" 200 263474 "-" "Mozilla/5.0 (Linux; Android 6.0.1; Nexus 5X Build/MMB29P) AppleWebKit/537.36 (KHTML, like Gecko) Chrome/150.0.7871.128 Mobile Safari/537.36 (compatible; Googlebot/2.1; +http://www.google.com/bot.html)"
202.165.237.109 - - [23/Jul/2026:23:52:55 -0700] "GET /wp-content/uploads/2024/10/Puentes-Leilani-Headshot-e1728913317405.jpeg HTTP/1.1" 200 98465 "-" "Mozilla/5.0 (Macintosh; Intel Mac OS X 10_15_6) AppleWebKit/537.36 (KHTML, like Gecko) Chrome/98.0.4758.80 Safari/537.36"
66.249.64.228 - - [23/Jul/2026:23:52:59 -0700] "GET /?lokasie=/var/www/vhosts/thecenterforchildandfamilydevelopment.com/httpdocs/wp-includes/widgets.php&loknya=/var/www/vhosts/thecenterforchildandfamilydevelopment.com/httpdocs/wp-includes HTTP/1.1" 200 87746 "-" "Mozilla/5.0 (Linux; Android 6.0.1; Nexus 5X Build/MMB29P) AppleWebKit/537.36 (KHTML, like Gecko) Chrome/150.0.7871.128 Mobile Safari/537.36 (compatible; GoogleOther)"
66.249.64.110 - - [23/Jul/2026:23:53:17 -0700] "GET /robots.txt HTTP/1.1" 200 52819 "-" "Mozilla/5.0 (compatible; Googlebot/2.1; +http://www.google.com/bot.html)"
66.249.64.96 - - [23/Jul/2026:23:53:18 -0700] "GET / HTTP/1.1" 200 52818 "-" "Mozilla/5.0 (Linux; Android 6.0.1; Nexus 5X Build/MMB29P) AppleWebKit/537.36 (KHTML, like Gecko) Chrome/150.0.7871.128 Mobile Safari/537.36 (compatible; Googlebot/2.1; +http://www.google.com/bot.html)"
66.249.64.229 - - [23/Jul/2026:23:53:19 -0700] "GET /?lokasie=/var/www/vhosts/thecenterforchildandfamilydevelopment.com/httpdocs/wp-includes/wp-db.php&loknya=/var/www/vhosts/thecenterforchildandfamilydevelopment.com/httpdocs/wp-includes HTTP/1.1" 200 10297 "-" "Mozilla/5.0 (Linux; Android 6.0.1; Nexus 5X Build/MMB29P) AppleWebKit/537.36 (KHTML, like Gecko) Chrome/150.0.7871.128 Mobile Safari/537.36 (compatible; Googlebot/2.1; +http://www.google.com/bot.html)"
66.249.64.228 - - [23/Jul/2026:23:53:20 -0700] "GET /?lokasie=/var/www/vhosts/thecenterforchildandfamilydevelopment.com/httpdocs/wp-includes/class-wp-http-proxy.php&loknya=/var/www/vhosts/thecenterforchildandfamilydevelopment.com/httpdocs/wp-includes HTTP/1.1" 200 16305 "-" "Mozilla/5.0 (Linux; Android 6.0.1; Nexus 5X Build/MMB29P) AppleWebKit/537.36 (KHTML, like Gecko) Chrome/150.0.7871.128 Mobile Safari/537.36 (compatible; Googlebot/2.1; +http://www.google.com/bot.html)"
66.249.64.228 - - [23/Jul/2026:23:53:50 -0700] "GET /?lokasie=/var/www/vhosts/thecenterforchildandfamilydevelopment.com/httpdocs/wp-includes/https-migration.php&loknya=/var/www/vhosts/thecenterforchildandfamilydevelopment.com/httpdocs/wp-includes HTTP/1.1" 200 14913 "-" "Mozilla/5.0 (Linux; Android 6.0.1; Nexus 5X Build/MMB29P) AppleWebKit/537.36 (KHTML, like Gecko) Chrome/150.0.7871.128 Mobile Safari/537.36 (compatible; Googlebot/2.1; +http://www.google.com/bot.html)"
66.249.64.228 - - [23/Jul/2026:23:53:51 -0700] "GET /?lokasie=/var/www/vhosts/thecenterforchildandfamilydevelopment.com/httpdocs/wp-includes/class-wp-block-type-registry.php&loknya=/var/www/vhosts/thecenterforchildandfamilydevelopment.com/httpdocs/wp-includes HTTP/1.1" 200 10169 "-" "Mozilla/5.0 (Linux; Android 6.0.1; Nexus 5X Build/MMB29P) AppleWebKit/537.36 (KHTML, like Gecko) Chrome/150.0.7871.128 Mobile Safari/537.36 (compatible; Googlebot/2.1; +http://www.google.com/bot.html)"
66.249.64.228 - - [23/Jul/2026:23:53:51 -0700] "GET /?lokasie=/var/www/vhosts/thecenterforchildandfamilydevelopment.com/httpdocs/wp-includes/class-wp-block-bindings-source.php&loknya=/var/www/vhosts/thecenterforchildandfamilydevelopment.com/httpdocs/wp-includes HTTP/1.1" 200 7991 "-" "Mozilla/5.0 (Linux; Android 6.0.1; Nexus 5X Build/MMB29P) AppleWebKit/537.36 (KHTML, like Gecko) Chrome/150.0.7871.128 Mobile Safari/537.36 (compatible; Googlebot/2.1; +http://www.google.com/bot.html)"
66.249.64.228 - - [23/Jul/2026:23:53:52 -0700] "GET /?lokasie=/var/www/vhosts/thecenterforchildandfamilydevelopment.com/httpdocs/wp-includes/class-wp-dependency.php&loknya=/var/www/vhosts/thecenterforchildandfamilydevelopment.com/httpdocs/wp-includes HTTP/1.1" 200 7612 "-" "Mozilla/5.0 (Linux; Android 6.0.1; Nexus 5X Build/MMB29P) AppleWebKit/537.36 (KHTML, like Gecko) Chrome/150.0.7871.128 Mobile Safari/537.36 (compatible; Googlebot/2.1; +http://www.google.com/bot.html)"
66.249.64.229 - - [23/Jul/2026:23:54:52 -0700] "GET /?lokasie=/var/www/vhosts/thecenterforchildandfamilydevelopment.com/httpdocs/wp-includes/registration.php&loknya=/var/www/vhosts/thecenterforchildandfamilydevelopment.com/httpdocs/wp-includes HTTP/1.1" 200 10029 "-" "Mozilla/5.0 (Linux; Android 6.0.1; Nexus 5X Build/MMB29P) AppleWebKit/537.36 (KHTML, like Gecko) Chrome/150.0.7871.128 Mobile Safari/537.36 (compatible; Googlebot/2.1; +http://www.google.com/bot.html)"
66.249.64.228 - - [23/Jul/2026:23:55:23 -0700] "GET /?lokasie=/var/www/vhosts/thecenterforchildandfamilydevelopment.com/httpdocs/wp-includes/class.wp-styles.php&loknya=/var/www/vhosts/thecenterforchildandfamilydevelopment.com/httpdocs/wp-includes HTTP/1.1" 200 10180 "-" "Mozilla/5.0 (Linux; Android 6.0.1; Nexus 5X Build/MMB29P) AppleWebKit/537.36 (KHTML, like Gecko) Chrome/150.0.7871.128 Mobile Safari/537.36 (compatible; Googlebot/2.1; +http://www.google.com/bot.html)"
66.249.64.229 - - [23/Jul/2026:23:55:24 -0700] "GET /?lokasie=/var/www/vhosts/thecenterforchildandfamilydevelopment.com/httpdocs/wp-includes/class-wp.php&loknya=/var/www/vhosts/thecenterforchildandfamilydevelopment.com/httpdocs/wp-includes HTTP/1.1" 200 39462 "-" "Mozilla/5.0 (Linux; Android 6.0.1; Nexus 5X Build/MMB29P) AppleWebKit/537.36 (KHTML, like Gecko) Chrome/150.0.7871.128 Mobile Safari/537.36 (compatible; Googlebot/2.1; +http://www.google.com/bot.html)"
66.249.64.228 - - [23/Jul/2026:23:55:24 -0700] "GET /?lokasie=/var/www/vhosts/thecenterforchildandfamilydevelopment.com/httpdocs/wp-includes/post-thumbnail-template.php&loknya=/var/www/vhosts/thecenterforchildandfamilydevelopment.com/httpdocs/wp-includes HTTP/1.1" 200 16221 "-" "Mozilla/5.0 (Linux; Android 6.0.1; Nexus 5X Build/MMB29P) AppleWebKit/537.36 (KHTML, like Gecko) Chrome/150.0.7871.128 Mobile Safari/537.36 (compatible; Googlebot/2.1; +http://www.google.com/bot.html)"
216.73.217.108 - - [23/Jul/2026:23:55:42 -0700] "GET /sitemap.xml?lokasie=%2Fvar%2Fwww%2Fvhosts%2Fthecenterforchildandfamilydevelopment.com%2Fhttpdocs%2Fwp-content%2Fplugins%2F%2Findex.php&loknya=%2Fvar%2Fwww%2Fvhosts%2Fthecenterforchildandfamilydevelopment.com%2Fhttpdocs%2Fwp-content%2Fplugins%2F HTTP/1.1" 200 9887 "-" "Mozilla/5.0 AppleWebKit/537.36 (KHTML, like Gecko; compatible; ClaudeBot/1.0; +claudebot@anthropic.com)"
216.73.217.108 - - [23/Jul/2026:23:55:43 -0700] "GET /sitemap.xml?lokasie=%2Fvar%2Fwww%2Fvhosts%2Fthecenterforchildandfamilydevelopment.com%2Fhttpdocs%2Fwp-admin%2Fjs%2F%2Fcode-editor.min.js&loknya=%2Fvar%2Fwww%2Fvhosts%2Fthecenterforchildandfamilydevelopment.com%2Fhttpdocs%2Fwp-admin%2Fjs%2F HTTP/1.1" 200 14314 "-" "Mozilla/5.0 AppleWebKit/537.36 (KHTML, like Gecko; compatible; ClaudeBot/1.0; +claudebot@anthropic.com)"
216.73.217.108 - - [23/Jul/2026:23:55:43 -0700] "GET /sitemap.xml?loknya=%2Fvar%2Fwww%2Fvhosts%2Fthecenterforchildandfamilydevelopment.com%2Fhttpdocs%2Fwp-content%2Fplugins%2Fzvzvhqd%2F HTTP/1.1" 200 18687 "-" "Mozilla/5.0 AppleWebKit/537.36 (KHTML, like Gecko; compatible; ClaudeBot/1.0; +claudebot@anthropic.com)"
216.73.217.108 - - [23/Jul/2026:23:55:43 -0700] "GET /sitemap.xml?lokasie=%2Fvar%2Fwww%2Fvhosts%2Fthecenterforchildandfamilydevelopment.com%2Fhttpdocs%2Fwp-admin%2Fjs%2F%2Fcode-editor.js&loknya=%2Fvar%2Fwww%2Fvhosts%2Fthecenterforchildandfamilydevelopment.com%2Fhttpdocs%2Fwp-admin%2Fjs%2F HTTP/1.1" 403 402 "-" "Mozilla/5.0 AppleWebKit/537.36 (KHTML, like Gecko; compatible; ClaudeBot/1.0; +claudebot@anthropic.com)"
216.73.217.108 - - [23/Jul/2026:23:55:44 -0700] "GET /sitemap.xml?loknya=%2Fvar%2Fwww%2Fvhosts%2Fthecenterforchildandfamilydevelopment.com%2Fhttpdocs%2Fwp-content%2Fuploads%2F2025%2F HTTP/1.1" 403 402 "-" "Mozilla/5.0 AppleWebKit/537.36 (KHTML, like Gecko; compatible; ClaudeBot/1.0; +claudebot@anthropic.com)"
66.249.64.228 - - [23/Jul/2026:23:55:55 -0700] "GET /?lokasie=/var/www/vhosts/thecenterforchildandfamilydevelopment.com/httpdocs/wp-includes/class-walker-page-dropdown.php&loknya=/var/www/vhosts/thecenterforchildandfamilydevelopment.com/httpdocs/wp-includes HTTP/1.1" 200 12824 "-" "Mozilla/5.0 (Linux; Android 6.0.1; Nexus 5X Build/MMB29P) AppleWebKit/537.36 (KHTML, like Gecko) Chrome/150.0.7871.128 Mobile Safari/537.36 (compatible; Googlebot/2.1; +http://www.google.com/bot.html)"
66.249.64.228 - - [23/Jul/2026:23:55:59 -0700] "GET /?lokasie=/var/www/vhosts/thecenterforchildandfamilydevelopment.com/httpdocs/wp-includes/block-editor.php&loknya=/var/www/vhosts/thecenterforchildandfamilydevelopment.com/httpdocs/wp-includes HTTP/1.1" 200 42780 "-" "Mozilla/5.0 (Linux; Android 6.0.1; Nexus 5X Build/MMB29P) AppleWebKit/537.36 (KHTML, like Gecko) Chrome/150.0.7871.128 Mobile Safari/537.36 (compatible; GoogleOther)"
216.73.217.108 - - [23/Jul/2026:23:55:59 -0700] "GET /sitemap.xml?lokasie=%2Fvar%2Fwww%2Fvhosts%2Fthecenterforchildandfamilydevelopment.com%2Fhttpdocs%2Fwp-admin%2Fjs%2F%2Fcustom-header.js&loknya=%2Fvar%2Fwww%2Fvhosts%2Fthecenterforchildandfamilydevelopment.com%2Fhttpdocs%2Fwp-admin%2Fjs%2F HTTP/1.1" 200 12015 "-" "Mozilla/5.0 AppleWebKit/537.36 (KHTML, like Gecko; compatible; ClaudeBot/1.0; +claudebot@anthropic.com)"
216.73.217.108 - - [23/Jul/2026:23:56:00 -0700] "GET /sitemap.xml?lokasie=%2Fvar%2Fwww%2Fvhosts%2Fthecenterforchildandfamilydevelopment.com%2Fhttpdocs%2Fwp-admin%2Fjs%2F%2Feditor.js&loknya=%2Fvar%2Fwww%2Fvhosts%2Fthecenterforchildandfamilydevelopment.com%2Fhttpdocs%2Fwp-admin%2Fjs%2F HTTP/1.1" 200 54654 "-" "Mozilla/5.0 AppleWebKit/537.36 (KHTML, like Gecko; compatible; ClaudeBot/1.0; +claudebot@anthropic.com)"
216.73.217.108 - - [23/Jul/2026:23:56:00 -0700] "GET /sitemap.xml?lokasie=%2Fvar%2Fwww%2Fvhosts%2Fthecenterforchildandfamilydevelopment.com%2Fhttpdocs%2Fwp-admin%2Fjs%2F%2Fedit-comments.js&loknya=%2Fvar%2Fwww%2Fvhosts%2Fthecenterforchildandfamilydevelopment.com%2Fhttpdocs%2Fwp-admin%2Fjs%2F HTTP/1.1" 200 48161 "-" "Mozilla/5.0 AppleWebKit/537.36 (KHTML, like Gecko; compatible; ClaudeBot/1.0; +claudebot@anthropic.com)"
216.73.217.108 - - [23/Jul/2026:23:56:01 -0700] "GET /sitemap.xml?lokasie=%2Fvar%2Fwww%2Fvhosts%2Fthecenterforchildandfamilydevelopment.com%2Fhttpdocs%2Fwp-admin%2Fjs%2F%2Fplugin-install.js&loknya=%2Fvar%2Fwww%2Fvhosts%2Fthecenterforchildandfamilydevelopment.com%2Fhttpdocs%2Fwp-admin%2Fjs%2F HTTP/1.1" 200 12908 "-" "Mozilla/5.0 AppleWebKit/537.36 (KHTML, like Gecko; compatible; ClaudeBot/1.0; +claudebot@anthropic.com)"
216.73.217.108 - - [23/Jul/2026:23:56:01 -0700] "GET /sitemap.xml?lokasie=%2Fvar%2Fwww%2Fvhosts%2Fthecenterforchildandfamilydevelopment.com%2Fhttpdocs%2Fwp-admin%2Fjs%2F%2Fimage-edit.js&loknya=%2Fvar%2Fwww%2Fvhosts%2Fthecenterforchildandfamilydevelopment.com%2Fhttpdocs%2Fwp-admin%2Fjs%2F HTTP/1.1" 200 55661 "-" "Mozilla/5.0 AppleWebKit/537.36 (KHTML, like Gecko; compatible; ClaudeBot/1.0; +claudebot@anthropic.com)"
216.73.217.108 - - [23/Jul/2026:23:56:02 -0700] "GET /sitemap.xml?lokasie=%2Fvar%2Fwww%2Fvhosts%2Fthecenterforchildandfamilydevelopment.com%2Fhttpdocs%2Fwp-admin%2Fjs%2F%2Fcomment.js&loknya=%2Fvar%2Fwww%2Fvhosts%2Fthecenterforchildandfamilydevelopment.com%2Fhttpdocs%2Fwp-admin%2Fjs%2F HTTP/1.1" 200 8383 "-" "Mozilla/5.0 AppleWebKit/537.36 (KHTML, like Gecko; compatible; ClaudeBot/1.0; +claudebot@anthropic.com)"
216.73.217.108 - - [23/Jul/2026:23:56:02 -0700] "GET /sitemap.xml?lokasie=%2Fvar%2Fwww%2Fvhosts%2Fthecenterforchildandfamilydevelopment.com%2Fhttpdocs%2Fwp-admin%2Fjs%2F%2Fwidgets.js&loknya=%2Fvar%2Fwww%2Fvhosts%2Fthecenterforchildandfamilydevelopment.com%2Fhttpdocs%2Fwp-admin%2Fjs%2F HTTP/1.1" 200 32087 "-" "Mozilla/5.0 AppleWebKit/537.36 (KHTML, like Gecko; compatible; ClaudeBot/1.0; +claudebot@anthropic.com)"
216.73.217.108 - - [23/Jul/2026:23:56:03 -0700] "GET /sitemap.xml?lokasie=%2Fvar%2Fwww%2Fvhosts%2Fthecenterforchildandfamilydevelopment.com%2Fhttpdocs%2Fwp-admin%2Fjs%2F%2Feditor.min.js&loknya=%2Fvar%2Fwww%2Fvhosts%2Fthecenterforchildandfamilydevelopment.com%2Fhttpdocs%2Fwp-admin%2Fjs%2F HTTP/1.1" 200 22492 "-" "Mozilla/5.0 AppleWebKit/537.36 (KHTML, like Gecko; compatible; ClaudeBot/1.0; +claudebot@anthropic.com)"
66.249.64.228 - - [23/Jul/2026:23:56:26 -0700] "GET /?lokasie=/var/www/vhosts/thecenterforchildandfamilydevelopment.com/httpdocs/wp-includes/general-template.php&loknya=/var/www/vhosts/thecenterforchildandfamilydevelopment.com/httpdocs/wp-includes HTTP/1.1" 200 209629 "-" "Mozilla/5.0 (Linux; Android 6.0.1; Nexus 5X Build/MMB29P) AppleWebKit/537.36 (KHTML, like Gecko) Chrome/150.0.7871.128 Mobile Safari/537.36 (compatible; Googlebot/2.1; +http://www.google.com/bot.html)"
216.73.217.108 - - [23/Jul/2026:23:56:37 -0700] "GET /sitemap.xml?lokasie=%2Fvar%2Fwww%2Fvhosts%2Fthecenterforchildandfamilydevelopment.com%2Fhttpdocs%2Fwp-admin%2Fjs%2F%2Fauth-app.js&loknya=%2Fvar%2Fwww%2Fvhosts%2Fthecenterforchildandfamilydevelopment.com%2Fhttpdocs%2Fwp-admin%2Fjs%2F HTTP/1.1" 200 16360 "-" "Mozilla/5.0 AppleWebKit/537.36 (KHTML, like Gecko; compatible; ClaudeBot/1.0; +claudebot@anthropic.com)"
216.73.217.108 - - [23/Jul/2026:23:56:37 -0700] "GET /sitemap.xml?lokasie=%2Fvar%2Fwww%2Fvhosts%2Fthecenterforchildandfamilydevelopment.com%2Fhttpdocs%2Fwp-admin%2Fjs%2F%2Fcommon.js&loknya=%2Fvar%2Fwww%2Fvhosts%2Fthecenterforchildandfamilydevelopment.com%2Fhttpdocs%2Fwp-admin%2Fjs%2F HTTP/1.1" 200 74873 "-" "Mozilla/5.0 AppleWebKit/537.36 (KHTML, like Gecko; compatible; ClaudeBot/1.0; +claudebot@anthropic.com)"
216.73.217.108 - - [23/Jul/2026:23:56:37 -0700] "GET /sitemap.xml?lokasie=%2Fvar%2Fwww%2Fvhosts%2Fthecenterforchildandfamilydevelopment.com%2Fhttpdocs%2Fwp-admin%2Fjs%2F%2Ftheme.js&loknya=%2Fvar%2Fwww%2Fvhosts%2Fthecenterforchildandfamilydevelopment.com%2Fhttpdocs%2Fwp-admin%2Fjs%2F HTTP/1.1" 403 402 "-" "Mozilla/5.0 AppleWebKit/537.36 (KHTML, like Gecko; compatible; ClaudeBot/1.0; +claudebot@anthropic.com)"
216.73.217.108 - - [23/Jul/2026:23:56:38 -0700] "GET /sitemap.xml?lokasie=%2Fvar%2Fwww%2Fvhosts%2Fthecenterforchildandfamilydevelopment.com%2Fhttpdocs%2Fwp-admin%2Fjs%2F%2Fpassword-toggle.js&loknya=%2Fvar%2Fwww%2Fvhosts%2Fthecenterforchildandfamilydevelopment.com%2Fhttpdocs%2Fwp-admin%2Fjs%2F HTTP/1.1" 403 402 "-" "Mozilla/5.0 AppleWebKit/537.36 (KHTML, like Gecko; compatible; ClaudeBot/1.0; +claudebot@anthropic.com)"
66.249.64.228 - - [23/Jul/2026:23:56:50 -0700] "GET /?lokasie=/var/www/vhosts/thecenterforchildandfamilydevelopment.com/httpdocs/wp-includes/view-transitions.php&loknya=/var/www/vhosts/thecenterforchildandfamilydevelopment.com/httpdocs/wp-includes HTTP/1.1" 200 10445 "-" "Mozilla/5.0 (Linux; Android 6.0.1; Nexus 5X Build/MMB29P) AppleWebKit/537.36 (KHTML, like Gecko) Chrome/150.0.7871.128 Mobile Safari/537.36 (compatible; Googlebot/2.1; +http://www.google.com/bot.html)"
216.73.217.108 - - [23/Jul/2026:23:56:56 -0700] "GET /sitemap.xml?lokasie=%2Fvar%2Fwww%2Fvhosts%2Fthecenterforchildandfamilydevelopment.com%2Fhttpdocs%2Fwp-admin%2Fjs%2F%2Fwidgets.min.js&loknya=%2Fvar%2Fwww%2Fvhosts%2Fthecenterforchildandfamilydevelopment.com%2Fhttpdocs%2Fwp-admin%2Fjs%2F HTTP/1.1" 200 26578 "-" "Mozilla/5.0 AppleWebKit/537.36 (KHTML, like Gecko; compatible; ClaudeBot/1.0; +claudebot@anthropic.com)"
216.73.217.108 - - [23/Jul/2026:23:56:56 -0700] "GET /sitemap.xml?lokasie=%2Fvar%2Fwww%2Fvhosts%2Fthecenterforchildandfamilydevelopment.com%2Fhttpdocs%2Fwp-admin%2Fjs%2F%2Fupdates.js&loknya=%2Fvar%2Fwww%2Fvhosts%2Fthecenterforchildandfamilydevelopment.com%2Fhttpdocs%2Fwp-admin%2Fjs%2F HTTP/1.1" 200 131176 "-" "Mozilla/5.0 AppleWebKit/537.36 (KHTML, like Gecko; compatible; ClaudeBot/1.0; +claudebot@anthropic.com)"
216.73.217.108 - - [23/Jul/2026:23:56:57 -0700] "GET /sitemap.xml?lokasie=%2Fvar%2Fwww%2Fvhosts%2Fthecenterforchildandfamilydevelopment.com%2Fhttpdocs%2Fwp-admin%2Fjs%2F%2Firis.min.js&loknya=%2Fvar%2Fwww%2Fvhosts%2Fthecenterforchildandfamilydevelopment.com%2Fhttpdocs%2Fwp-admin%2Fjs%2F HTTP/1.1" 200 33403 "-" "Mozilla/5.0 AppleWebKit/537.36 (KHTML, like Gecko; compatible; ClaudeBot/1.0; +claudebot@anthropic.com)"
216.73.217.108 - - [23/Jul/2026:23:56:57 -0700] "GET /sitemap.xml?lokasie=%2Fvar%2Fwww%2Fvhosts%2Fthecenterforchildandfamilydevelopment.com%2Fhttpdocs%2Fwp-admin%2Fjs%2F%2Fdashboard.js&loknya=%2Fvar%2Fwww%2Fvhosts%2Fthecenterforchildandfamilydevelopment.com%2Fhttpdocs%2Fwp-admin%2Fjs%2F HTTP/1.1" 200 35404 "-" "Mozilla/5.0 AppleWebKit/537.36 (KHTML, like Gecko; compatible; ClaudeBot/1.0; +claudebot@anthropic.com)"
216.73.217.108 - - [23/Jul/2026:23:57:06 -0700] "GET /sitemap.xml?lokasie=%2Fvar%2Fwww%2Fvhosts%2Fthecenterforchildandfamilydevelopment.com%2Fhttpdocs%2Fwp-admin%2Fjs%2F%2Fcomment.min.js&loknya=%2Fvar%2Fwww%2Fvhosts%2Fthecenterforchildandfamilydevelopment.com%2Fhttpdocs%2Fwp-admin%2Fjs%2F HTTP/1.1" 200 11683 "-" "Mozilla/5.0 AppleWebKit/537.36 (KHTML, like Gecko; compatible; ClaudeBot/1.0; +claudebot@anthropic.com)"
216.73.217.108 - - [23/Jul/2026:23:57:06 -0700] "GET /sitemap.xml?lokasie=%2Fvar%2Fwww%2Fvhosts%2Fthecenterforchildandfamilydevelopment.com%2Fhttpdocs%2Fwp-admin%2Fjs%2F%2Fnav-menu.js&loknya=%2Fvar%2Fwww%2Fvhosts%2Fthecenterforchildandfamilydevelopment.com%2Fhttpdocs%2Fwp-admin%2Fjs%2F HTTP/1.1" 200 75210 "-" "Mozilla/5.0 AppleWebKit/537.36 (KHTML, like Gecko; compatible; ClaudeBot/1.0; +claudebot@anthropic.com)"
216.73.217.108 - - [23/Jul/2026:23:57:06 -0700] "GET /sitemap.xml?lokasie=%2Fvar%2Fwww%2Fvhosts%2Fthecenterforchildandfamilydevelopment.com%2Fhttpdocs%2Fwp-admin%2Fjs%2F%2Fimage-edit.min.js&loknya=%2Fvar%2Fwww%2Fvhosts%2Fthecenterforchildandfamilydevelopment.com%2Fhttpdocs%2Fwp-admin%2Fjs%2F HTTP/1.1" 403 402 "-" "Mozilla/5.0 AppleWebKit/537.36 (KHTML, like Gecko; compatible; ClaudeBot/1.0; +claudebot@anthropic.com)"
216.73.217.108 - - [23/Jul/2026:23:57:07 -0700] "GET /sitemap.xml?lokasie=%2Fvar%2Fwww%2Fvhosts%2Fthecenterforchildandfamilydevelopment.com%2Fhttpdocs%2Fwp-admin%2Fjs%2F%2Fuser-profile.js&loknya=%2Fvar%2Fwww%2Fvhosts%2Fthecenterforchildandfamilydevelopment.com%2Fhttpdocs%2Fwp-admin%2Fjs%2F HTTP/1.1" 403 402 "-" "Mozilla/5.0 AppleWebKit/537.36 (KHTML, like Gecko; compatible; ClaudeBot/1.0; +claudebot@anthropic.com)"
216.73.217.108 - - [23/Jul/2026:23:57:19 -0700] "GET /sitemap.xml?lokasie=%2Fvar%2Fwww%2Fvhosts%2Fthecenterforchildandfamilydevelopment.com%2Fhttpdocs%2Fwp-admin%2Fjs%2F%2Ftheme.min.js&loknya=%2Fvar%2Fwww%2Fvhosts%2Fthecenterforchildandfamilydevelopment.com%2Fhttpdocs%2Fwp-admin%2Fjs%2F HTTP/1.1" 200 43244 "-" "Mozilla/5.0 AppleWebKit/537.36 (KHTML, like Gecko; compatible; ClaudeBot/1.0; +claudebot@anthropic.com)"
216.73.217.108 - - [23/Jul/2026:23:57:19 -0700] "GET /sitemap.xml?lokasie=%2Fvar%2Fwww%2Fvhosts%2Fthecenterforchildandfamilydevelopment.com%2Fhttpdocs%2Fwp-admin%2Fjs%2F%2Fpost.js&loknya=%2Fvar%2Fwww%2Fvhosts%2Fthecenterforchildandfamilydevelopment.com%2Fhttpdocs%2Fwp-admin%2Fjs%2F HTTP/1.1" 200 52440 "-" "Mozilla/5.0 AppleWebKit/537.36 (KHTML, like Gecko; compatible; ClaudeBot/1.0; +claudebot@anthropic.com)"
216.73.217.108 - - [23/Jul/2026:23:57:20 -0700] "GET /sitemap.xml?lokasie=%2Fvar%2Fwww%2Fvhosts%2Fthecenterforchildandfamilydevelopment.com%2Fhttpdocs%2Fwp-admin%2Fjs%2F%2Fpostbox.js&loknya=%2Fvar%2Fwww%2Fvhosts%2Fthecenterforchildandfamilydevelopment.com%2Fhttpdocs%2Fwp-admin%2Fjs%2F HTTP/1.1" 200 25757 "-" "Mozilla/5.0 AppleWebKit/537.36 (KHTML, like Gecko; compatible; ClaudeBot/1.0; +claudebot@anthropic.com)"
216.73.217.108 - - [23/Jul/2026:23:57:20 -0700] "GET /sitemap.xml?lokasie=%2Fvar%2Fwww%2Fvhosts%2Fthecenterforchildandfamilydevelopment.com%2Fhttpdocs%2Fwp-admin%2Fjs%2F%2Finline-edit-post.js&loknya=%2Fvar%2Fwww%2Fvhosts%2Fthecenterforchildandfamilydevelopment.com%2Fhttpdocs%2Fwp-admin%2Fjs%2F HTTP/1.1" 200 29372 "-" "Mozilla/5.0 AppleWebKit/537.36 (KHTML, like Gecko; compatible; ClaudeBot/1.0; +claudebot@anthropic.com)"
66.249.64.229 - - [23/Jul/2026:23:57:27 -0700] "GET /?loknya=/var/www/vhosts/thecenterforchildandfamilydevelopment.com/httpdocs/wp-includes/widgets HTTP/1.1" 200 45207 "-" "Mozilla/5.0 (Linux; Android 6.0.1; Nexus 5X Build/MMB29P) AppleWebKit/537.36 (KHTML, like Gecko) Chrome/150.0.7871.128 Mobile Safari/537.36 (compatible; Googlebot/2.1; +http://www.google.com/bot.html)"
43.131.39.179 - - [23/Jul/2026:23:57:49 -0700] "GET /?loknya=/var/www/vhosts/thecenterforchildandfamilydevelopment.com/httpdocs/.well-known HTTP/1.1" 200 12051 "-" "Mozilla/5.0 (iPhone; CPU iPhone OS 13_2_3 like Mac OS X) AppleWebKit/605.1.15 (KHTML, like Gecko) Version/13.0.3 Mobile/15E148 Safari/604.1"
216.73.217.108 - - [23/Jul/2026:23:57:53 -0700] "GET /sitemap.xml?lokasie=%2Fvar%2Fwww%2Fvhosts%2Fthecenterforchildandfamilydevelopment.com%2Fhttpdocs%2Fwp-admin%2Fjs%2F%2Fauth-app.min.js&loknya=%2Fvar%2Fwww%2Fvhosts%2Fthecenterforchildandfamilydevelopment.com%2Fhttpdocs%2Fwp-admin%2Fjs%2F HTTP/1.1" 200 12622 "-" "Mozilla/5.0 AppleWebKit/537.36 (KHTML, like Gecko; compatible; ClaudeBot/1.0; +claudebot@anthropic.com)"
216.73.217.108 - - [23/Jul/2026:23:57:53 -0700] "GET /sitemap.xml?lokasie=%2Fvar%2Fwww%2Fvhosts%2Fthecenterforchildandfamilydevelopment.com%2Fhttpdocs%2Fwp-admin%2Fjs%2F%2Fprivacy-tools.js&loknya=%2Fvar%2Fwww%2Fvhosts%2Fthecenterforchildandfamilydevelopment.com%2Fhttpdocs%2Fwp-admin%2Fjs%2F HTTP/1.1" 200 17232 "-" "Mozilla/5.0 AppleWebKit/537.36 (KHTML, like Gecko; compatible; ClaudeBot/1.0; +claudebot@anthropic.com)"
216.73.217.108 - - [23/Jul/2026:23:57:54 -0700] "GET /sitemap.xml?lokasie=%2Fvar%2Fwww%2Fvhosts%2Fthecenterforchildandfamilydevelopment.com%2Fhttpdocs%2Fwp-admin%2Fjs%2F%2Fcommon.min.js&loknya=%2Fvar%2Fwww%2Fvhosts%2Fthecenterforchildandfamilydevelopment.com%2Fhttpdocs%2Fwp-admin%2Fjs%2F HTTP/1.1" 200 35828 "-" "Mozilla/5.0 AppleWebKit/537.36 (KHTML, like Gecko; compatible; ClaudeBot/1.0; +claudebot@anthropic.com)"
66.249.64.229 - - [23/Jul/2026:23:58:03 -0700] "GET /?lokasie=/var/www/vhosts/thecenterforchildandfamilydevelopment.com/httpdocs/wp-includes/option.php&loknya=/var/www/vhosts/thecenterforchildandfamilydevelopment.com/httpdocs/wp-includes HTTP/1.1" 200 123274 "-" "Mozilla/5.0 (Linux; Android 6.0.1; Nexus 5X Build/MMB29P) AppleWebKit/537.36 (KHTML, like Gecko) Chrome/150.0.7871.128 Mobile Safari/537.36 (compatible; Googlebot/2.1; +http://www.google.com/bot.html)"
172.234.30.8 - - [23/Jul/2026:23:58:05 -0700] "GET / HTTP/1.1" 403 10093 "-" "Mozilla/5.0 (Windows NT 10.0; Win64; x64) AppleWebKit/537.36 (KHTML, like Gecko) Chrome/120.0.0.0 Safari/537.36"
172.234.30.8 - - [23/Jul/2026:23:58:05 -0700] "GET /administrator/ HTTP/1.1" 403 402 "-" "Mozilla/5.0 (Windows NT 10.0; Win64; x64) AppleWebKit/537.36 (KHTML, like Gecko) Chrome/120.0.0.0 Safari/537.36"
172.234.30.8 - - [23/Jul/2026:23:58:05 -0700] "GET /administrator/manifests/files/joomla.xml HTTP/1.1" 403 402 "-" "Mozilla/5.0 (Windows NT 10.0; Win64; x64) AppleWebKit/537.36 (KHTML, like Gecko) Chrome/120.0.0.0 Safari/537.36"
172.234.30.8 - - [23/Jul/2026:23:58:05 -0700] "GET /language/en-GB/en-GB.xml HTTP/1.1" 403 402 "-" "Mozilla/5.0 (Windows NT 10.0; Win64; x64) AppleWebKit/537.36 (KHTML, like Gecko) Chrome/120.0.0.0 Safari/537.36"
172.234.30.8 - - [23/Jul/2026:23:58:05 -0700] "GET /media/system/js/core.js HTTP/1.1" 403 402 "-" "Mozilla/5.0 (Windows NT 10.0; Win64; x64) AppleWebKit/537.36 (KHTML, like Gecko) Chrome/120.0.0.0 Safari/537.36"
216.73.217.108 - - [23/Jul/2026:23:58:08 -0700] "GET /sitemap.xml?lokasie=%2Fvar%2Fwww%2Fvhosts%2Fthecenterforchildandfamilydevelopment.com%2Fhttpdocs%2Fwp-admin%2Fjs%2F%2Ffarbtastic.js&loknya=%2Fvar%2Fwww%2Fvhosts%2Fthecenterforchildandfamilydevelopment.com%2Fhttpdocs%2Fwp-admin%2Fjs%2F HTTP/1.1" 200 18441 "-" "Mozilla/5.0 AppleWebKit/537.36 (KHTML, like Gecko; compatible; ClaudeBot/1.0; +claudebot@anthropic.com)"
216.73.217.108 - - [23/Jul/2026:23:58:08 -0700] "GET /sitemap.xml?lokasie=%2Fvar%2Fwww%2Fvhosts%2Fthecenterforchildandfamilydevelopment.com%2Fhttpdocs%2Fwp-admin%2Fjs%2F%2Fdashboard.min.js&loknya=%2Fvar%2Fwww%2Fvhosts%2Fthecenterforchildandfamilydevelopment.com%2Fhttpdocs%2Fwp-admin%2Fjs%2F HTTP/1.1" 200 16303 "-" "Mozilla/5.0 AppleWebKit/537.36 (KHTML, like Gecko; compatible; ClaudeBot/1.0; +claudebot@anthropic.com)"
216.73.217.108 - - [23/Jul/2026:23:58:20 -0700] "GET /sitemap.xml?lokasie=%2Fvar%2Fwww%2Fvhosts%2Fthecenterforchildandfamilydevelopment.com%2Fhttpdocs%2Fwp-admin%2Fjs%2F%2Fpostbox.min.js&loknya=%2Fvar%2Fwww%2Fvhosts%2Fthecenterforchildandfamilydevelopment.com%2Fhttpdocs%2Fwp-admin%2Fjs%2F HTTP/1.1" 200 18456 "-" "Mozilla/5.0 AppleWebKit/537.36 (KHTML, like Gecko; compatible; ClaudeBot/1.0; +claudebot@anthropic.com)"
216.73.217.108 - - [23/Jul/2026:23:58:20 -0700] "GET /sitemap.xml?lokasie=%2Fvar%2Fwww%2Fvhosts%2Fthecenterforchildandfamilydevelopment.com%2Fhttpdocs%2Fwp-admin%2Fjs%2F%2Feditor-expand.js&loknya=%2Fvar%2Fwww%2Fvhosts%2Fthecenterforchildandfamilydevelopment.com%2Fhttpdocs%2Fwp-admin%2Fjs%2F HTTP/1.1" 200 51094 "-" "Mozilla/5.0 AppleWebKit/537.36 (KHTML, like Gecko; compatible; ClaudeBot/1.0; +claudebot@anthropic.com)"
216.73.217.108 - - [23/Jul/2026:23:58:21 -0700] "GET /sitemap.xml?lokasie=%2Fvar%2Fwww%2Fvhosts%2Fthecenterforchildandfamilydevelopment.com%2Fhttpdocs%2Fwp-admin%2Fjs%2F%2Fnav-menu.min.js&loknya=%2Fvar%2Fwww%2Fvhosts%2Fthecenterforchildandfamilydevelopment.com%2Fhttpdocs%2Fwp-admin%2Fjs%2F HTTP/1.1" 200 43476 "-" "Mozilla/5.0 AppleWebKit/537.36 (KHTML, like Gecko; compatible; ClaudeBot/1.0; +claudebot@anthropic.com)"
216.73.217.108 - - [23/Jul/2026:23:58:21 -0700] "GET /sitemap.xml?lokasie=%2Fvar%2Fwww%2Fvhosts%2Fthecenterforchildandfamilydevelopment.com%2Fhttpdocs%2Fwp-admin%2Fjs%2F%2Fuser-profile.min.js&loknya=%2Fvar%2Fwww%2Fvhosts%2Fthecenterforchildandfamilydevelopment.com%2Fhttpdocs%2Fwp-admin%2Fjs%2F HTTP/1.1" 200 15757 "-" "Mozilla/5.0 AppleWebKit/537.36 (KHTML, like Gecko; compatible; ClaudeBot/1.0; +claudebot@anthropic.com)"
216.73.217.108 - - [23/Jul/2026:23:58:40 -0700] "GET /sitemap.xml?lokasie=%2Fvar%2Fwww%2Fvhosts%2Fthecenterforchildandfamilydevelopment.com%2Fhttpdocs%2Fwp-admin%2Fjs%2F%2Flink.js&loknya=%2Fvar%2Fwww%2Fvhosts%2Fthecenterforchildandfamilydevelopment.com%2Fhttpdocs%2Fwp-admin%2Fjs%2F HTTP/1.1" 200 15755 "-" "Mozilla/5.0 AppleWebKit/537.36 (KHTML, like Gecko; compatible; ClaudeBot/1.0; +claudebot@anthropic.com)"
216.73.217.108 - - [23/Jul/2026:23:58:41 -0700] "GET /sitemap.xml?lokasie=%2Fvar%2Fwww%2Fvhosts%2Fthecenterforchildandfamilydevelopment.com%2Fhttpdocs%2Fwp-admin%2Fjs%2F%2Fgallery.js&loknya=%2Fvar%2Fwww%2Fvhosts%2Fthecenterforchildandfamilydevelopment.com%2Fhttpdocs%2Fwp-admin%2Fjs%2F HTTP/1.1" 200 11727 "-" "Mozilla/5.0 AppleWebKit/537.36 (KHTML, like Gecko; compatible; ClaudeBot/1.0; +claudebot@anthropic.com)"
66.249.64.228 - - [23/Jul/2026:23:58:41 -0700] "GET /?lokasie=/var/www/vhosts/thecenterforchildandfamilydevelopment.com/httpdocs/wp-includes/class-wp-styles.php&loknya=/var/www/vhosts/thecenterforchildandfamilydevelopment.com/httpdocs/wp-includes HTTP/1.1" 200 24609 "-" "Mozilla/5.0 (Linux; Android 6.0.1; Nexus 5X Build/MMB29P) AppleWebKit/537.36 (KHTML, like Gecko) Chrome/150.0.7871.128 Mobile Safari/537.36 (compatible; Googlebot/2.1; +http://www.google.com/bot.html)"
216.73.217.108 - - [23/Jul/2026:23:58:41 -0700] "GET /sitemap.xml?lokasie=%2Fvar%2Fwww%2Fvhosts%2Fthecenterforchildandfamilydevelopment.com%2Fhttpdocs%2Fwp-admin%2Fjs%2F%2Fpost.min.js&loknya=%2Fvar%2Fwww%2Fvhosts%2Fthecenterforchildandfamilydevelopment.com%2Fhttpdocs%2Fwp-admin%2Fjs%2F HTTP/1.1" 200 31500 "-" "Mozilla/5.0 AppleWebKit/537.36 (KHTML, like Gecko; compatible; ClaudeBot/1.0; +claudebot@anthropic.com)"
216.73.217.108 - - [23/Jul/2026:23:58:42 -0700] "GET /sitemap.xml?lokasie=%2Fvar%2Fwww%2Fvhosts%2Fthecenterforchildandfamilydevelopment.com%2Fhttpdocs%2Fwp-admin%2Fjs%2F%2Frevisions.js&loknya=%2Fvar%2Fwww%2Fvhosts%2Fthecenterforchildandfamilydevelopment.com%2Fhttpdocs%2Fwp-admin%2Fjs%2F HTTP/1.1" 200 42509 "-" "Mozilla/5.0 AppleWebKit/537.36 (KHTML, like Gecko; compatible; ClaudeBot/1.0; +claudebot@anthropic.com)"
216.73.217.108 - - [23/Jul/2026:23:58:45 -0700] "GET /sitemap.xml?lokasie=%2Fvar%2Fwww%2Fvhosts%2Fthecenterforchildandfamilydevelopment.com%2Fhttpdocs%2Fwp-admin%2Fjs%2F%2Fmedia-upload.js&loknya=%2Fvar%2Fwww%2Fvhosts%2Fthecenterforchildandfamilydevelopment.com%2Fhttpdocs%2Fwp-admin%2Fjs%2F HTTP/1.1" 200 13613 "-" "Mozilla/5.0 AppleWebKit/537.36 (KHTML, like Gecko; compatible; ClaudeBot/1.0; +claudebot@anthropic.com)"
216.73.217.108 - - [23/Jul/2026:23:58:46 -0700] "GET /sitemap.xml?lokasie=%2Fvar%2Fwww%2Fvhosts%2Fthecenterforchildandfamilydevelopment.com%2Fhttpdocs%2Fwp-admin%2Fjs%2F%2Fuser-suggest.min.js&loknya=%2Fvar%2Fwww%2Fvhosts%2Fthecenterforchildandfamilydevelopment.com%2Fhttpdocs%2Fwp-admin%2Fjs%2F HTTP/1.1" 200 5835 "-" "Mozilla/5.0 AppleWebKit/537.36 (KHTML, like Gecko; compatible; ClaudeBot/1.0; +claudebot@anthropic.com)"
216.73.217.108 - - [23/Jul/2026:23:58:46 -0700] "GET /sitemap.xml?lokasie=%2Fvar%2Fwww%2Fvhosts%2Fthecenterforchildandfamilydevelopment.com%2Fhttpdocs%2Fwp-admin%2Fjs%2F%2Fsvg-painter.js&loknya=%2Fvar%2Fwww%2Fvhosts%2Fthecenterforchildandfamilydevelopment.com%2Fhttpdocs%2Fwp-admin%2Fjs%2F HTTP/1.1" 200 8679 "-" "Mozilla/5.0 AppleWebKit/537.36 (KHTML, like Gecko; compatible; ClaudeBot/1.0; +claudebot@anthropic.com)"
216.73.217.108 - - [23/Jul/2026:23:58:47 -0700] "GET /sitemap.xml?lokasie=%2Fvar%2Fwww%2Fvhosts%2Fthecenterforchildandfamilydevelopment.com%2Fhttpdocs%2Fwp-admin%2Fjs%2F%2Fword-count.js&loknya=%2Fvar%2Fwww%2Fvhosts%2Fthecenterforchildandfamilydevelopment.com%2Fhttpdocs%2Fwp-admin%2Fjs%2F HTTP/1.1" 200 13023 "-" "Mozilla/5.0 AppleWebKit/537.36 (KHTML, like Gecko; compatible; ClaudeBot/1.0; +claudebot@anthropic.com)"
66.249.64.228 - - [23/Jul/2026:23:58:48 -0700] "GET /?lokasie=/var/www/vhosts/thecenterforchildandfamilydevelopment.com/httpdocs/wp-includes/date.php&loknya=/var/www/vhosts/thecenterforchildandfamilydevelopment.com/httpdocs/wp-includes HTTP/1.1" 200 10231 "-" "Mozilla/5.0 (Linux; Android 6.0.1; Nexus 5X Build/MMB29P) AppleWebKit/537.36 (KHTML, like Gecko) Chrome/150.0.7871.128 Mobile Safari/537.36 (compatible; Googlebot/2.1; +http://www.google.com/bot.html)"
