43.173.178.9 - - [23/Jul/2026:22:22:23 -0700] "GET /?lokasie=/var/www/vhosts/thecenterforchildandfamilydevelopment.com/httpdocs/wp-mail.php&loknya=/var/www/vhosts/thecenterforchildandfamilydevelopment.com/httpdocs HTTP/1.1" 200 19308 "-" "Mozilla/5.0 (Windows NT 10.0; Win64; x64) AppleWebKit/537.36 (KHTML, like Gecko) Chrome/111.0.0.0 Safari/537.36"
43.173.174.78 - - [23/Jul/2026:22:22:23 -0700] "GET /?loknya=/var/www/vhosts/thecenterforchildandfamilydevelopment.com HTTP/1.1" 200 32768 "-" "Mozilla/5.0 (Windows NT 10.0; Win64; x64) AppleWebKit/537.36 (KHTML, like Gecko) Chrome/117.0.0.0 Safari/537.36"
43.173.179.67 - - [23/Jul/2026:22:22:23 -0700] "GET /?lokasie=/var/www/vhosts/thecenterforchildandfamilydevelopment.com/httpdocs/.htaccess&loknya=/var/www/vhosts/thecenterforchildandfamilydevelopment.com/httpdocs HTTP/1.1" 200 10074 "-" "Mozilla/5.0 (Windows NT 10.0; Win64; x64) AppleWebKit/537.36 (KHTML, like Gecko) Chrome/133.0.0.0 Safari/537.36"
43.172.196.133 - - [23/Jul/2026:22:22:23 -0700] "GET /?lokasie=/var/www/vhosts/thecenterforchildandfamilydevelopment.com/httpdocs/wp-config-sample.php&loknya=/var/www/vhosts/thecenterforchildandfamilydevelopment.com/httpdocs HTTP/1.1" 200 13110 "-" "Mozilla/5.0 (Windows NT 10.0; Win64; x64) AppleWebKit/537.36 (KHTML, like Gecko) Chrome/133.0.0.0 Safari/537.36"
43.172.196.159 - - [23/Jul/2026:22:22:23 -0700] "GET /?loknya= HTTP/1.1" 500 10417 "-" "Mozilla/5.0 (Windows NT 10.0; Win64; x64) AppleWebKit/537.36 (KHTML, like Gecko) Chrome/109.0.0.0 Safari/537.36"
43.173.177.39 - - [23/Jul/2026:22:22:23 -0700] "GET /?loknya=/var/www/vhosts/thecenterforchildandfamilydevelopment.com/httpdocs/wp-admin HTTP/1.1" 200 171796 "-" "Mozilla/5.0 (Windows NT 10.0; Win64; x64) AppleWebKit/537.36 (KHTML, like Gecko) Chrome/108.0.0.0 Safari/537.36"
43.173.174.77 - - [23/Jul/2026:22:22:23 -0700] "GET /?lokasie=/var/www/vhosts/thecenterforchildandfamilydevelopment.com/httpdocs/favicon.ico&loknya=/var/www/vhosts/thecenterforchildandfamilydevelopment.com/httpdocs HTTP/1.1" 200 263268 "-" "Mozilla/5.0 (Windows NT 10.0; Win64; x64) AppleWebKit/537.36 (KHTML, like Gecko) Chrome/116.0.0.0 Safari/537.36"
43.173.180.62 - - [23/Jul/2026:22:22:24 -0700] "GET /?loknya=/var/www/vhosts/thecenterforchildandfamilydevelopment.com/httpdocs HTTP/1.1" 200 52536 "-" "Mozilla/5.0 (Windows NT 10.0; Win64; x64) AppleWebKit/537.36 (KHTML, like Gecko) Chrome/131.0.0.0 Safari/537.36"
43.173.178.235 - - [23/Jul/2026:22:22:25 -0700] "GET /?loknya= HTTP/1.1" 500 10417 "-" "Mozilla/5.0 (Windows NT 10.0; Win64; x64) AppleWebKit/537.36 (KHTML, like Gecko) Chrome/112.0.0.0 Safari/537.36"
43.173.180.216 - - [23/Jul/2026:22:22:27 -0700] "GET /?lokasie=/var/www/vhosts/thecenterforchildandfamilydevelopment.com/httpdocs/wp-cron.php&loknya=/var/www/vhosts/thecenterforchildandfamilydevelopment.com/httpdocs HTTP/1.1" 200 15375 "-" "Mozilla/5.0 (Windows NT 10.0; Win64; x64) AppleWebKit/537.36 (KHTML, like Gecko) Chrome/117.0.0.0 Safari/537.36"
43.173.181.185 - - [23/Jul/2026:22:22:27 -0700] "GET /?loknya=/var/www/vhosts/thecenterforchildandfamilydevelopment.com/httpdocs/plesk-stat HTTP/1.1" 200 10743 "-" "Mozilla/5.0 (Windows NT 10.0; Win64; x64) AppleWebKit/537.36 (KHTML, like Gecko) Chrome/109.0.0.0 Safari/537.36"
43.173.181.218 - - [23/Jul/2026:22:22:27 -0700] "GET /?lokasie=/var/www/vhosts/thecenterforchildandfamilydevelopment.com/httpdocs/index.php&loknya=/var/www/vhosts/thecenterforchildandfamilydevelopment.com/httpdocs HTTP/1.1" 200 9815 "-" "Mozilla/5.0 (Windows NT 10.0; Win64; x64) AppleWebKit/537.36 (KHTML, like Gecko) Chrome/124.0.0.0 Safari/537.36"
43.173.177.172 - - [23/Jul/2026:22:22:27 -0700] "GET /?lokasie=/var/www/vhosts/thecenterforchildandfamilydevelopment.com/httpdocs/xmlrpc.php&loknya=/var/www/vhosts/thecenterforchildandfamilydevelopment.com/httpdocs HTTP/1.1" 200 13285 "-" "Mozilla/5.0 (Windows NT 10.0; Win64; x64) AppleWebKit/537.36 (KHTML, like Gecko) Chrome/105.0.0.0 Safari/537.3"
43.172.196.243 - - [23/Jul/2026:22:22:27 -0700] "GET /?loknya=/var/www/vhosts HTTP/1.1" 200 10217 "-" "Mozilla/5.0 (Windows NT 10.0; Win64; x64) AppleWebKit/537.36 (KHTML, like Gecko) Chrome/124.0.0.0 Safari/537.36"
43.172.198.125 - - [23/Jul/2026:22:22:27 -0700] "GET /?lokasie=/var/www/vhosts/thecenterforchildandfamilydevelopment.com/httpdocs/wp-activate.php&loknya=/var/www/vhosts/thecenterforchildandfamilydevelopment.com/httpdocs HTTP/1.1" 200 18412 "-" "Mozilla/5.0 (Windows NT 10.0; Win64; x64) AppleWebKit/537.36 (KHTML, like Gecko) Chrome/133.0.0.0 Safari/537.36"
43.172.198.225 - - [23/Jul/2026:22:22:27 -0700] "GET /?lokasie=/var/www/vhosts/thecenterforchildandfamilydevelopment.com/httpdocs/wp-config.php&loknya=/var/www/vhosts/thecenterforchildandfamilydevelopment.com/httpdocs HTTP/1.1" 200 13011 "-" "Mozilla/5.0 (Windows NT 10.0; Win64; x64) AppleWebKit/537.36 (KHTML, like Gecko) Chrome/105.0.0.0 Safari/537.3"
43.173.182.252 - - [23/Jul/2026:22:22:27 -0700] "GET /index.php HTTP/1.1" 200 52537 "-" "Mozilla/5.0 (Windows NT 10.0; Win64; x64) AppleWebKit/537.36 (KHTML, like Gecko) Chrome/112.0.0.0 Safari/537.36"
43.173.182.2 - - [23/Jul/2026:22:22:27 -0700] "GET /?loknya=/var/www/vhosts/thecenterforchildandfamilydevelopment.com/httpdocs/test HTTP/1.1" 200 21889 "-" "Mozilla/5.0 (Windows NT 10.0; Win64; x64) AppleWebKit/537.36 (KHTML, like Gecko) Chrome/103.0.0.0 Safari/537.36"
43.172.198.6 - - [23/Jul/2026:22:22:29 -0700] "GET /?lokasie=/var/www/vhosts/thecenterforchildandfamilydevelopment.com/httpdocs/readme.html&loknya=/var/www/vhosts/thecenterforchildandfamilydevelopment.com/httpdocs HTTP/1.1" 200 18717 "-" "Mozilla/5.0 (Windows NT 10.0; Win64; x64) AppleWebKit/537.36 (KHTML, like Gecko) Chrome/104.0.5112.81 Safari/537.36"
43.172.196.106 - - [23/Jul/2026:22:22:29 -0700] "GET /?loknya=/var HTTP/1.1" 200 10107 "-" "Mozilla/5.0 (Windows NT 10.0; Win64; x64) AppleWebKit/537.36 (KHTML, like Gecko) Chrome/133.0.0.0 Safari/537.36"
43.172.195.3 - - [23/Jul/2026:22:22:29 -0700] "GET /?loknya=/var/www/vhosts/thecenterforchildandfamilydevelopment.com/httpdocs/img HTTP/1.1" 200 34876 "-" "Mozilla/5.0 (Windows NT 10.0; Win64; x64) AppleWebKit/537.36 (KHTML, like Gecko) Chrome/131.0.0.0 Safari/537.36"
43.173.175.94 - - [23/Jul/2026:22:22:29 -0700] "GET /?lokasie=/var/www/vhosts/thecenterforchildandfamilydevelopment.com/httpdocs/wp-comments-post.php&loknya=/var/www/vhosts/thecenterforchildandfamilydevelopment.com/httpdocs HTTP/1.1" 200 12061 "-" "Mozilla/5.0 (Windows NT 10.0; Win64; x64) AppleWebKit/537.36 (KHTML, like Gecko) Chrome/106.0.5249.119 Safari/537.36"
43.172.194.114 - - [23/Jul/2026:22:22:29 -0700] "GET /?lokasie=/var/www/vhosts/thecenterforchildandfamilydevelopment.com/httpdocs/wp-signup.php&loknya=/var/www/vhosts/thecenterforchildandfamilydevelopment.com/httpdocs HTTP/1.1" 200 51173 "-" "Mozilla/5.0 (Windows NT 10.0; Win64; x64) AppleWebKit/537.36 (KHTML, like Gecko) Chrome/120.0.0.0 Safari/537.36"
169.224.26.157 - - [23/Jul/2026:22:22:29 -0700] "GET /?loknya= HTTP/1.1" 500 10417 "-" "Mozilla/5.0 (Windows NT 10.0; Win64; x64) AppleWebKit/537.36 (KHTML, like Gecko) Chrome/112.0.0.0 Safari/537.36"
66.249.64.228 - - [23/Jul/2026:22:23:41 -0700] "GET /?lokasie=/var/www/vhosts/thecenterforchildandfamilydevelopment.com/httpdocs/wp-includes/ai-client.php&loknya=/var/www/vhosts/thecenterforchildandfamilydevelopment.com/httpdocs/wp-includes HTTP/1.1" 200 12385 "-" "Mozilla/5.0 (Linux; Android 6.0.1; Nexus 5X Build/MMB29P) AppleWebKit/537.36 (KHTML, like Gecko) Chrome/150.0.7871.128 Mobile Safari/537.36 (compatible; Googlebot/2.1; +http://www.google.com/bot.html)"
66.249.64.229 - - [23/Jul/2026:22:23:42 -0700] "GET /?loknya=/var/www/vhosts/thecenterforchildandfamilydevelopment.com/httpdocs/wp-includes/build/routes HTTP/1.1" 200 16916 "-" "Mozilla/5.0 (Linux; Android 6.0.1; Nexus 5X Build/MMB29P) AppleWebKit/537.36 (KHTML, like Gecko) Chrome/150.0.7871.128 Mobile Safari/537.36 (compatible; Googlebot/2.1; +http://www.google.com/bot.html)"
51.68.235.235 - - [23/Jul/2026:22:24:06 -0700] "GET /robots.txt HTTP/1.1" 200 52819 "-" "Mozilla/5.0 (compatible; MJ12bot/v1.4.8; http://mj12bot.com/)"
51.68.235.235 - - [23/Jul/2026:22:24:08 -0700] "GET /?lokasie=/var/www/vhosts/thecenterforchildandfamilydevelopment.com/httpdocs/.htaccess&loknya=/var/www/vhosts/thecenterforchildandfamilydevelopment.com/httpdocs HTTP/1.1" 200 5409 "-" "Mozilla/5.0 (compatible; MJ12bot/v1.4.8; http://mj12bot.com/)"
51.68.235.235 - - [23/Jul/2026:22:24:09 -0700] "GET /?lokasie=/var/www/vhosts/thecenterforchildandfamilydevelopment.com/httpdocs/favicon.ico&loknya=/var/www/vhosts/thecenterforchildandfamilydevelopment.com/httpdocs HTTP/1.1" 200 258603 "-" "Mozilla/5.0 (compatible; MJ12bot/v1.4.8; http://mj12bot.com/)"
51.68.235.235 - - [23/Jul/2026:22:24:11 -0700] "GET /?lokasie=/var/www/vhosts/thecenterforchildandfamilydevelopment.com/httpdocs/index.php&loknya=/var/www/vhosts/thecenterforchildandfamilydevelopment.com/httpdocs HTTP/1.1" 200 5149 "-" "Mozilla/5.0 (compatible; MJ12bot/v1.4.8; http://mj12bot.com/)"
51.68.235.235 - - [23/Jul/2026:22:24:13 -0700] "GET /?lokasie=/var/www/vhosts/thecenterforchildandfamilydevelopment.com/httpdocs/license.txt&loknya=/var/www/vhosts/thecenterforchildandfamilydevelopment.com/httpdocs HTTP/1.1" 200 24887 "-" "Mozilla/5.0 (compatible; MJ12bot/v1.4.8; http://mj12bot.com/)"
51.68.235.235 - - [23/Jul/2026:22:24:14 -0700] "GET /?lokasie=/var/www/vhosts/thecenterforchildandfamilydevelopment.com/httpdocs/readme.html&loknya=/var/www/vhosts/thecenterforchildandfamilydevelopment.com/httpdocs HTTP/1.1" 200 14053 "-" "Mozilla/5.0 (compatible; MJ12bot/v1.4.8; http://mj12bot.com/)"
51.68.235.235 - - [23/Jul/2026:22:24:16 -0700] "GET /?lokasie=/var/www/vhosts/thecenterforchildandfamilydevelopment.com/httpdocs/wp-activate.php&loknya=/var/www/vhosts/thecenterforchildandfamilydevelopment.com/httpdocs HTTP/1.1" 200 13746 "-" "Mozilla/5.0 (compatible; MJ12bot/v1.4.8; http://mj12bot.com/)"
51.68.235.235 - - [23/Jul/2026:22:24:18 -0700] "GET /?lokasie=/var/www/vhosts/thecenterforchildandfamilydevelopment.com/httpdocs/wp-blog-header.php&loknya=/var/www/vhosts/thecenterforchildandfamilydevelopment.com/httpdocs HTTP/1.1" 200 5099 "-" "Mozilla/5.0 (compatible; MJ12bot/v1.4.8; http://mj12bot.com/)"
51.68.235.235 - - [23/Jul/2026:22:24:19 -0700] "GET /?lokasie=/var/www/vhosts/thecenterforchildandfamilydevelopment.com/httpdocs/wp-comments-post.php&loknya=/var/www/vhosts/thecenterforchildandfamilydevelopment.com/httpdocs HTTP/1.1" 200 7396 "-" "Mozilla/5.0 (compatible; MJ12bot/v1.4.8; http://mj12bot.com/)"
51.68.235.235 - - [23/Jul/2026:22:24:21 -0700] "GET /?lokasie=/var/www/vhosts/thecenterforchildandfamilydevelopment.com/httpdocs/wp-config-sample.php&loknya=/var/www/vhosts/thecenterforchildandfamilydevelopment.com/httpdocs HTTP/1.1" 200 8444 "-" "Mozilla/5.0 (compatible; MJ12bot/v1.4.8; http://mj12bot.com/)"
51.68.235.235 - - [23/Jul/2026:22:24:23 -0700] "GET /?lokasie=/var/www/vhosts/thecenterforchildandfamilydevelopment.com/httpdocs/wp-config.php&loknya=/var/www/vhosts/thecenterforchildandfamilydevelopment.com/httpdocs HTTP/1.1" 200 8345 "-" "Mozilla/5.0 (compatible; MJ12bot/v1.4.8; http://mj12bot.com/)"
51.68.235.235 - - [23/Jul/2026:22:24:25 -0700] "GET /?lokasie=/var/www/vhosts/thecenterforchildandfamilydevelopment.com/httpdocs/wp-cron.php&loknya=/var/www/vhosts/thecenterforchildandfamilydevelopment.com/httpdocs HTTP/1.1" 200 10709 "-" "Mozilla/5.0 (compatible; MJ12bot/v1.4.8; http://mj12bot.com/)"
51.68.235.235 - - [23/Jul/2026:22:24:26 -0700] "GET /?lokasie=/var/www/vhosts/thecenterforchildandfamilydevelopment.com/httpdocs/wp-links-opml.php&loknya=/var/www/vhosts/thecenterforchildandfamilydevelopment.com/httpdocs HTTP/1.1" 200 7773 "-" "Mozilla/5.0 (compatible; MJ12bot/v1.4.8; http://mj12bot.com/)"
51.68.235.235 - - [23/Jul/2026:22:24:28 -0700] "GET /?lokasie=/var/www/vhosts/thecenterforchildandfamilydevelopment.com/httpdocs/wp-load.php&loknya=/var/www/vhosts/thecenterforchildandfamilydevelopment.com/httpdocs HTTP/1.1" 200 9262 "-" "Mozilla/5.0 (compatible; MJ12bot/v1.4.8; http://mj12bot.com/)"
51.68.235.235 - - [23/Jul/2026:22:24:29 -0700] "GET /?lokasie=/var/www/vhosts/thecenterforchildandfamilydevelopment.com/httpdocs/wp-mail.php&loknya=/var/www/vhosts/thecenterforchildandfamilydevelopment.com/httpdocs HTTP/1.1" 200 14644 "-" "Mozilla/5.0 (compatible; MJ12bot/v1.4.8; http://mj12bot.com/)"
51.68.235.235 - - [23/Jul/2026:22:24:31 -0700] "GET /?lokasie=/var/www/vhosts/thecenterforchildandfamilydevelopment.com/httpdocs/wp-settings.php&loknya=/var/www/vhosts/thecenterforchildandfamilydevelopment.com/httpdocs HTTP/1.1" 200 41271 "-" "Mozilla/5.0 (compatible; MJ12bot/v1.4.8; http://mj12bot.com/)"
51.68.235.235 - - [23/Jul/2026:22:24:32 -0700] "GET /?lokasie=/var/www/vhosts/thecenterforchildandfamilydevelopment.com/httpdocs/wp-signup.php&loknya=/var/www/vhosts/thecenterforchildandfamilydevelopment.com/httpdocs HTTP/1.1" 200 46507 "-" "Mozilla/5.0 (compatible; MJ12bot/v1.4.8; http://mj12bot.com/)"
51.68.235.235 - - [23/Jul/2026:22:24:34 -0700] "GET /?lokasie=/var/www/vhosts/thecenterforchildandfamilydevelopment.com/httpdocs/wp-trackback.php&loknya=/var/www/vhosts/thecenterforchildandfamilydevelopment.com/httpdocs HTTP/1.1" 200 10862 "-" "Mozilla/5.0 (compatible; MJ12bot/v1.4.8; http://mj12bot.com/)"
51.68.235.235 - - [23/Jul/2026:22:24:36 -0700] "GET /?loknya=/ HTTP/1.1" 200 5404 "-" "Mozilla/5.0 (compatible; MJ12bot/v1.4.8; http://mj12bot.com/)"
51.68.235.235 - - [23/Jul/2026:22:24:37 -0700] "GET /?loknya=/var HTTP/1.1" 200 5441 "-" "Mozilla/5.0 (compatible; MJ12bot/v1.4.8; http://mj12bot.com/)"
51.68.235.235 - - [23/Jul/2026:22:24:39 -0700] "GET /?loknya=/var/www HTTP/1.1" 200 5488 "-" "Mozilla/5.0 (compatible; MJ12bot/v1.4.8; http://mj12bot.com/)"
51.68.235.235 - - [23/Jul/2026:22:24:41 -0700] "GET /?loknya=/var/www/vhosts HTTP/1.1" 200 5551 "-" "Mozilla/5.0 (compatible; MJ12bot/v1.4.8; http://mj12bot.com/)"
51.68.235.235 - - [23/Jul/2026:22:24:42 -0700] "GET /?loknya=/var/www/vhosts/thecenterforchildandfamilydevelopment.com HTTP/1.1" 200 28103 "-" "Mozilla/5.0 (compatible; MJ12bot/v1.4.8; http://mj12bot.com/)"
51.68.235.235 - - [23/Jul/2026:22:24:44 -0700] "GET /?loknya=/var/www/vhosts/thecenterforchildandfamilydevelopment.com/ HTTP/1.1" 200 28145 "-" "Mozilla/5.0 (compatible; MJ12bot/v1.4.8; http://mj12bot.com/)"
51.68.235.235 - - [23/Jul/2026:22:24:46 -0700] "GET /?loknya=/var/www/vhosts/thecenterforchildandfamilydevelopment.com/httpdocs HTTP/1.1" 200 47871 "-" "Mozilla/5.0 (compatible; MJ12bot/v1.4.8; http://mj12bot.com/)"
51.68.235.235 - - [23/Jul/2026:22:24:47 -0700] "GET /?loknya=/var/www/vhosts/thecenterforchildandfamilydevelopment.com/httpdocs/.well-known HTTP/1.1" 200 7367 "-" "Mozilla/5.0 (compatible; MJ12bot/v1.4.8; http://mj12bot.com/)"
51.68.235.235 - - [23/Jul/2026:22:24:49 -0700] "GET /?loknya=/var/www/vhosts/thecenterforchildandfamilydevelopment.com/httpdocs/Oldsite HTTP/1.1" 200 56282 "-" "Mozilla/5.0 (compatible; MJ12bot/v1.4.8; http://mj12bot.com/)"
51.68.235.235 - - [23/Jul/2026:22:24:51 -0700] "GET /?loknya=/var/www/vhosts/thecenterforchildandfamilydevelopment.com/httpdocs/css HTTP/1.1" 200 9186 "-" "Mozilla/5.0 (compatible; MJ12bot/v1.4.8; http://mj12bot.com/)"
51.68.235.235 - - [23/Jul/2026:22:24:52 -0700] "GET /?loknya=/var/www/vhosts/thecenterforchildandfamilydevelopment.com/httpdocs/img HTTP/1.1" 200 30212 "-" "Mozilla/5.0 (compatible; MJ12bot/v1.4.8; http://mj12bot.com/)"
51.68.235.235 - - [23/Jul/2026:22:24:54 -0700] "GET /?loknya=/var/www/vhosts/thecenterforchildandfamilydevelopment.com/httpdocs/picture_library HTTP/1.1" 200 6099 "-" "Mozilla/5.0 (compatible; MJ12bot/v1.4.8; http://mj12bot.com/)"
51.68.235.235 - - [23/Jul/2026:22:24:55 -0700] "GET /?loknya=/var/www/vhosts/thecenterforchildandfamilydevelopment.com/httpdocs/plesk-stat HTTP/1.1" 200 6077 "-" "Mozilla/5.0 (compatible; MJ12bot/v1.4.8; http://mj12bot.com/)"
51.68.235.235 - - [23/Jul/2026:22:24:57 -0700] "GET /?loknya=/var/www/vhosts/thecenterforchildandfamilydevelopment.com/httpdocs/test HTTP/1.1" 200 17225 "-" "Mozilla/5.0 (compatible; MJ12bot/v1.4.8; http://mj12bot.com/)"
51.68.235.235 - - [23/Jul/2026:22:24:59 -0700] "GET /?loknya=/var/www/vhosts/thecenterforchildandfamilydevelopment.com/httpdocs/wp-admin HTTP/1.1" 200 167131 "-" "Mozilla/5.0 (compatible; MJ12bot/v1.4.8; http://mj12bot.com/)"
51.68.235.235 - - [23/Jul/2026:22:25:01 -0700] "GET /?loknya=/var/www/vhosts/thecenterforchildandfamilydevelopment.com/httpdocs/wp-content HTTP/1.1" 200 19495 "-" "Mozilla/5.0 (compatible; MJ12bot/v1.4.8; http://mj12bot.com/)"
51.68.235.235 - - [23/Jul/2026:22:25:02 -0700] "GET /?loknya=/var/www/vhosts/thecenterforchildandfamilydevelopment.com/httpdocs/wp-includes HTTP/1.1" 200 465988 "-" "Mozilla/5.0 (compatible; MJ12bot/v1.4.8; http://mj12bot.com/)"
51.68.235.235 - - [23/Jul/2026:22:25:05 -0700] "GET /index.php HTTP/1.1" 200 47871 "-" "Mozilla/5.0 (compatible; MJ12bot/v1.4.8; http://mj12bot.com/)"
17.246.23.94 - - [23/Jul/2026:22:27:29 -0700] "GET /comments/feed/ HTTP/1.1" 200 52762 "-" "Mozilla/5.0 (Macintosh; Intel Mac OS X 10_15_7) AppleWebKit/605.1.15 (KHTML, like Gecko) Version/17.4 Safari/605.1.15 (Applebot/0.1; +http://www.apple.com/go/applebot)"
49.51.203.164 - - [23/Jul/2026:22:27:48 -0700] "GET /?loknya=/var/www/vhosts/thecenterforchildandfamilydevelopment.com/httpdocs/wp-includes/rest-api HTTP/1.1" 200 19857 "-" "Mozilla/5.0 (iPhone; CPU iPhone OS 13_2_3 like Mac OS X) AppleWebKit/605.1.15 (KHTML, like Gecko) Version/13.0.3 Mobile/15E148 Safari/604.1"
66.249.64.230 - - [23/Jul/2026:22:27:50 -0700] "GET /?loknya=/var/www/vhosts/thecenterforchildandfamilydevelopment.com/httpdocs/wp-includes/certificates HTTP/1.1" 200 12846 "-" "Mozilla/5.0 (Linux; Android 6.0.1; Nexus 5X Build/MMB29P) AppleWebKit/537.36 (KHTML, like Gecko) Chrome/150.0.7871.128 Mobile Safari/537.36 (compatible; Googlebot/2.1; +http://www.google.com/bot.html)"
66.249.64.228 - - [23/Jul/2026:22:28:14 -0700] "GET /?lokasie=/var/www/vhosts/thecenterforchildandfamilydevelopment.com/httpdocs/wp-includes/class-wp-oembed.php&loknya=/var/www/vhosts/thecenterforchildandfamilydevelopment.com/httpdocs/wp-includes HTTP/1.1" 200 44412 "-" "Mozilla/5.0 (Linux; Android 6.0.1; Nexus 5X Build/MMB29P) AppleWebKit/537.36 (KHTML, like Gecko) Chrome/150.0.7871.128 Mobile Safari/537.36 (compatible; GoogleOther)"
5.230.153.26 - - [23/Jul/2026:22:29:21 -0700] "POST /wp-content/plugins/elementor-pro/elementor-pro.php HTTP/1.1" 200 38273 "-" "Mozilla/5.0 (Windows NT 10.0; Win64; x64) AppleWebKit/537.36 (KHTML, like Gecko) Chrome/127.0.0.0 Safari/537.36"
5.230.153.117 - - [23/Jul/2026:22:29:21 -0700] "GET /wp-content/plugins/elementor-pro/elementor-pro.php HTTP/1.1" 200 38520 "-" "-"
134.195.82.55 - - [23/Jul/2026:22:30:28 -0700] "POST /wp-content/plugins/elementor-pro/elementor-pro.php HTTP/1.1" 200 38274 "-" "Mozilla/5.0 (Windows NT 10.0; Win64; x64) AppleWebKit/537.36 (KHTML, like Gecko) Chrome/127.0.0.0 Safari/537.36"
5.230.133.156 - - [23/Jul/2026:22:30:28 -0700] "GET /wp-content/plugins/elementor-pro/elementor-pro.php HTTP/1.1" 200 38520 "-" "-"
216.73.217.108 - - [23/Jul/2026:22:31:06 -0700] "GET /sitemap.xml?loknya=%2Fvar%2Fwww%2Fvhosts%2Fthecenterforchildandfamilydevelopment.com%2Fcgi-bin%2Ftest HTTP/1.1" 200 12497 "-" "Mozilla/5.0 AppleWebKit/537.36 (KHTML, like Gecko; compatible; ClaudeBot/1.0; +claudebot@anthropic.com)"
216.73.217.108 - - [23/Jul/2026:22:31:06 -0700] "GET /sitemap.xml?loknya=%2Fvar%2Fwww%2F HTTP/1.1" 200 5491 "-" "Mozilla/5.0 AppleWebKit/537.36 (KHTML, like Gecko; compatible; ClaudeBot/1.0; +claudebot@anthropic.com)"
216.73.217.108 - - [23/Jul/2026:22:31:06 -0700] "GET /sitemap.xml?loknya=%2Fvar%2Fwww%2Fvhosts%2Fthecenterforchildandfamilydevelopment.com%2F.wp-cli%2Fcache HTTP/1.1" 200 14659 "-" "Mozilla/5.0 AppleWebKit/537.36 (KHTML, like Gecko; compatible; ClaudeBot/1.0; +claudebot@anthropic.com)"
216.73.217.108 - - [23/Jul/2026:22:31:21 -0700] "GET /sitemap.xml?lokasie=%2Fvar%2Fwww%2Fvhosts%2Fthecenterforchildandfamilydevelopment.com%2Ferror_docs%2Fmethod_not_allowed.html&loknya=%2Fvar%2Fwww%2Fvhosts%2Fthecenterforchildandfamilydevelopment.com%2Ferror_docs HTTP/1.1" 200 10725 "-" "Mozilla/5.0 AppleWebKit/537.36 (KHTML, like Gecko; compatible; ClaudeBot/1.0; +claudebot@anthropic.com)"
216.73.217.108 - - [23/Jul/2026:22:31:21 -0700] "GET /sitemap.xml?lokasie=%2Fvar%2Fwww%2Fvhosts%2Fthecenterforchildandfamilydevelopment.com%2Ferror_docs%2Finternal_server_error.html&loknya=%2Fvar%2Fwww%2Fvhosts%2Fthecenterforchildandfamilydevelopment.com%2Ferror_docs HTTP/1.1" 200 6179 "-" "Mozilla/5.0 AppleWebKit/537.36 (KHTML, like Gecko; compatible; ClaudeBot/1.0; +claudebot@anthropic.com)"
216.73.217.108 - - [23/Jul/2026:22:31:22 -0700] "GET /sitemap.xml?loknya=%2Fvar%2Fwww%2Fvhosts%2Fthecenterforchildandfamilydevelopment.com%2F.composer%2Fcache HTTP/1.1" 200 8893 "-" "Mozilla/5.0 AppleWebKit/537.36 (KHTML, like Gecko; compatible; ClaudeBot/1.0; +claudebot@anthropic.com)"
216.73.217.108 - - [23/Jul/2026:22:31:42 -0700] "GET /sitemap.xml?lokasie=%2Fvar%2Fwww%2Fvhosts%2Fthecenterforchildandfamilydevelopment.com%2Ferror_docs%2Fprecondition_failed.html&loknya=%2Fvar%2Fwww%2Fvhosts%2Fthecenterforchildandfamilydevelopment.com%2Ferror_docs HTTP/1.1" 200 10874 "-" "Mozilla/5.0 AppleWebKit/537.36 (KHTML, like Gecko; compatible; ClaudeBot/1.0; +claudebot@anthropic.com)"
216.73.217.108 - - [23/Jul/2026:22:31:43 -0700] "GET /sitemap.xml?lokasie=%2Fvar%2Fwww%2Fvhosts%2Fthecenterforchildandfamilydevelopment.com%2Ferror_docs%2Funauthorized.html&loknya=%2Fvar%2Fwww%2Fvhosts%2Fthecenterforchildandfamilydevelopment.com%2Ferror_docs HTTP/1.1" 200 6139 "-" "Mozilla/5.0 AppleWebKit/537.36 (KHTML, like Gecko; compatible; ClaudeBot/1.0; +claudebot@anthropic.com)"
216.73.217.108 - - [23/Jul/2026:22:31:43 -0700] "GET /sitemap.xml?lokasie=%2Fvar%2Fwww%2Fvhosts%2Fthecenterforchildandfamilydevelopment.com%2Ferror_docs%2Fbad_request.html&loknya=%2Fvar%2Fwww%2Fvhosts%2Fthecenterforchildandfamilydevelopment.com%2Ferror_docs HTTP/1.1" 200 5917 "-" "Mozilla/5.0 AppleWebKit/537.36 (KHTML, like Gecko; compatible; ClaudeBot/1.0; +claudebot@anthropic.com)"
66.249.64.228 - - [23/Jul/2026:22:31:46 -0700] "GET /?lokasie=/var/www/vhosts/thecenterforchildandfamilydevelopment.com/httpdocs/wp-includes/feed-atom.php&loknya=/var/www/vhosts/thecenterforchildandfamilydevelopment.com/httpdocs/wp-includes HTTP/1.1" 200 14028 "-" "Mozilla/5.0 (Linux; Android 6.0.1; Nexus 5X Build/MMB29P) AppleWebKit/537.36 (KHTML, like Gecko) Chrome/150.0.7871.128 Mobile Safari/537.36 (compatible; Googlebot/2.1; +http://www.google.com/bot.html)"
216.73.217.108 - - [23/Jul/2026:22:32:08 -0700] "GET /sitemap.xml?lokasie=%2Fvar%2Fwww%2Fvhosts%2Fthecenterforchildandfamilydevelopment.com%2Ferror_docs%2Fforbidden.html&loknya=%2Fvar%2Fwww%2Fvhosts%2Fthecenterforchildandfamilydevelopment.com%2Ferror_docs HTTP/1.1" 200 10744 "-" "Mozilla/5.0 AppleWebKit/537.36 (KHTML, like Gecko; compatible; ClaudeBot/1.0; +claudebot@anthropic.com)"
216.73.217.108 - - [23/Jul/2026:22:32:09 -0700] "GET /sitemap.xml?lokasie=%2Fvar%2Fwww%2Fvhosts%2Fthecenterforchildandfamilydevelopment.com%2Ferror_docs%2Frequest-uri_too_long.html&loknya=%2Fvar%2Fwww%2Fvhosts%2Fthecenterforchildandfamilydevelopment.com%2Ferror_docs HTTP/1.1" 200 5881 "-" "Mozilla/5.0 AppleWebKit/537.36 (KHTML, like Gecko; compatible; ClaudeBot/1.0; +claudebot@anthropic.com)"
216.73.217.108 - - [23/Jul/2026:22:32:09 -0700] "GET /sitemap.xml?lokasie=%2Fvar%2Fwww%2Fvhosts%2Fthecenterforchildandfamilydevelopment.com%2Ferror_docs%2Fnot_found.html&loknya=%2Fvar%2Fwww%2Fvhosts%2Fthecenterforchildandfamilydevelopment.com%2Ferror_docs HTTP/1.1" 200 10745 "-" "Mozilla/5.0 AppleWebKit/537.36 (KHTML, like Gecko; compatible; ClaudeBot/1.0; +claudebot@anthropic.com)"
216.73.217.108 - - [23/Jul/2026:22:32:12 -0700] "GET /sitemap.xml?lokasie=%2Fvar%2Fwww%2Fvhosts%2Fthecenterforchildandfamilydevelopment.com%2Ferror_docs%2Fbad_gateway.html&loknya=%2Fvar%2Fwww%2Fvhosts%2Fthecenterforchildandfamilydevelopment.com%2Ferror_docs HTTP/1.1" 200 10732 "-" "Mozilla/5.0 AppleWebKit/537.36 (KHTML, like Gecko; compatible; ClaudeBot/1.0; +claudebot@anthropic.com)"
216.73.217.108 - - [23/Jul/2026:22:32:12 -0700] "GET /sitemap.xml?lokasie=%2Fvar%2Fwww%2Fvhosts%2Fthecenterforchildandfamilydevelopment.com%2Ferror_docs%2Fmaintenance.html&loknya=%2Fvar%2Fwww%2Fvhosts%2Fthecenterforchildandfamilydevelopment.com%2Ferror_docs HTTP/1.1" 200 5888 "-" "Mozilla/5.0 AppleWebKit/537.36 (KHTML, like Gecko; compatible; ClaudeBot/1.0; +claudebot@anthropic.com)"
216.73.217.108 - - [23/Jul/2026:22:32:13 -0700] "GET /sitemap.xml?lokasie=%2Fvar%2Fwww%2Fvhosts%2Fthecenterforchildandfamilydevelopment.com%2Ferror_docs%2Fnot_acceptable.html&loknya=%2Fvar%2Fwww%2Fvhosts%2Fthecenterforchildandfamilydevelopment.com%2Ferror_docs HTTP/1.1" 200 5834 "-" "Mozilla/5.0 AppleWebKit/537.36 (KHTML, like Gecko; compatible; ClaudeBot/1.0; +claudebot@anthropic.com)"
216.73.217.108 - - [23/Jul/2026:22:32:31 -0700] "GET /sitemap.xml?loknya=%2Fvar%2Fwww%2Fvhosts%2Fthecenterforchildandfamilydevelopment.com%2F.pki%2Fnssdb HTTP/1.1" 200 10926 "-" "Mozilla/5.0 AppleWebKit/537.36 (KHTML, like Gecko; compatible; ClaudeBot/1.0; +claudebot@anthropic.com)"
216.73.217.108 - - [23/Jul/2026:22:32:31 -0700] "GET /sitemap.xml?loknya=%2Fvar%2Fwww%2Fvhosts%2Fthecenterforchildandfamilydevelopment.com%2F.wp-toolkit%2Fsnapshots HTTP/1.1" 200 7772 "-" "Mozilla/5.0 AppleWebKit/537.36 (KHTML, like Gecko; compatible; ClaudeBot/1.0; +claudebot@anthropic.com)"
216.73.217.108 - - [23/Jul/2026:22:32:32 -0700] "GET /sitemap.xml?lokasie=%2Fvar%2Fwww%2Fvhosts%2Fthecenterforchildandfamilydevelopment.com%2Ferror_docs%2Fnot_implemented.html&loknya=%2Fvar%2Fwww%2Fvhosts%2Fthecenterforchildandfamilydevelopment.com%2Ferror_docs HTTP/1.1" 200 5921 "-" "Mozilla/5.0 AppleWebKit/537.36 (KHTML, like Gecko; compatible; ClaudeBot/1.0; +claudebot@anthropic.com)"
216.73.217.108 - - [23/Jul/2026:22:32:57 -0700] "GET /sitemap.xml?loknya=%2Fvar%2Fwww%2Fvhosts%2Fthecenterforchildandfamilydevelopment.com%2F.revisium_antivirus_cache%2F.revisium74 HTTP/1.1" 200 16100 "-" "Mozilla/5.0 AppleWebKit/537.36 (KHTML, like Gecko; compatible; ClaudeBot/1.0; +claudebot@anthropic.com)"
216.73.217.108 - - [23/Jul/2026:22:32:58 -0700] "GET /sitemap.xml?loknya=%2Fvar%2Fwww%2Fvhosts%2Fthecenterforchildandfamilydevelopment.com%2Fanon_ftp%2Fpub HTTP/1.1" 200 6056 "-" "Mozilla/5.0 AppleWebKit/537.36 (KHTML, like Gecko; compatible; ClaudeBot/1.0; +claudebot@anthropic.com)"
216.73.217.108 - - [23/Jul/2026:22:32:57 -0700] "GET /sitemap.xml?loknya=%2Fvar%2Fwww%2Fvhosts%2Fthecenterforchildandfamilydevelopment.com%2Fanon_ftp%2Fconf HTTP/1.1" 200 10952 "-" "Mozilla/5.0 AppleWebKit/537.36 (KHTML, like Gecko; compatible; ClaudeBot/1.0; +claudebot@anthropic.com)"
216.73.217.108 - - [23/Jul/2026:22:33:05 -0700] "GET /sitemap.xml?lokasie=%2Fvar%2Fwww%2Fvhosts%2Fthecenterforchildandfamilydevelopment.com%2Flogs%2Faccess_ssl_log.webstat&loknya=%2Fvar%2Fwww%2Fvhosts%2Fthecenterforchildandfamilydevelopment.com%2Flogs HTTP/1.1" 200 909022 "-" "Mozilla/5.0 AppleWebKit/537.36 (KHTML, like Gecko; compatible; ClaudeBot/1.0; +claudebot@anthropic.com)"
216.73.217.108 - - [23/Jul/2026:22:33:05 -0700] "GET /sitemap.xml?loknya=%2Fvar%2Fwww%2Fvhosts%2Fthecenterforchildandfamilydevelopment.com%2Flogs%2Fwpt_action_logs HTTP/1.1" 200 15823 "-" "Mozilla/5.0 AppleWebKit/537.36 (KHTML, like Gecko; compatible; ClaudeBot/1.0; +claudebot@anthropic.com)"
216.73.217.108 - - [23/Jul/2026:22:33:05 -0700] "GET /sitemap.xml?loknya=%2Fvar%2Fwww%2Fvhosts%2Fthecenterforchildandfamilydevelopment.com%2Fanon_ftp%2Fincoming HTTP/1.1" 403 402 "-" "Mozilla/5.0 AppleWebKit/537.36 (KHTML, like Gecko; compatible; ClaudeBot/1.0; +claudebot@anthropic.com)"
216.73.217.108 - - [23/Jul/2026:22:33:15 -0700] "GET /sitemap.xml?lokasie=%2Fvar%2Fwww%2Fvhosts%2Fthecenterforchildandfamilydevelopment.com%2Flogs%2Faccess_log.webstat&loknya=%2Fvar%2Fwww%2Fvhosts%2Fthecenterforchildandfamilydevelopment.com%2Flogs HTTP/1.1" 200 46595 "-" "Mozilla/5.0 AppleWebKit/537.36 (KHTML, like Gecko; compatible; ClaudeBot/1.0; +claudebot@anthropic.com)"
216.73.217.108 - - [23/Jul/2026:22:33:15 -0700] "GET /sitemap.xml?lokasie=%2Fvar%2Fwww%2Fvhosts%2Fthecenterforchildandfamilydevelopment.com%2F.composer%2Fcomposer.json&loknya=%2Fvar%2Fwww%2Fvhosts%2Fthecenterforchildandfamilydevelopment.com%2F.composer HTTP/1.1" 200 4865 "-" "Mozilla/5.0 AppleWebKit/537.36 (KHTML, like Gecko; compatible; ClaudeBot/1.0; +claudebot@anthropic.com)"
216.73.217.108 - - [23/Jul/2026:22:33:16 -0700] "GET /sitemap.xml?lokasie=%2Fvar%2Fwww%2Fvhosts%2Fthecenterforchildandfamilydevelopment.com%2Flogs%2Faccess_ssl_log.processed&loknya=%2Fvar%2Fwww%2Fvhosts%2Fthecenterforchildandfamilydevelopment.com%2Flogs HTTP/1.1" 200 4670727 "-" "Mozilla/5.0 AppleWebKit/537.36 (KHTML, like Gecko; compatible; ClaudeBot/1.0; +claudebot@anthropic.com)"
216.73.217.108 - - [23/Jul/2026:22:33:39 -0700] "GET /sitemap.xml?lokasie=%2Fvar%2Fwww%2Fvhosts%2Fthecenterforchildandfamilydevelopment.com%2Flogs%2Faccess_ssl_log.processed.2.gz&loknya=%2Fvar%2Fwww%2Fvhosts%2Fthecenterforchildandfamilydevelopment.com%2Flogs HTTP/1.1" 200 599214 "-" "Mozilla/5.0 AppleWebKit/537.36 (KHTML, like Gecko; compatible; ClaudeBot/1.0; +claudebot@anthropic.com)"
216.73.217.108 - - [23/Jul/2026:22:33:40 -0700] "GET /sitemap.xml?lokasie=%2Fvar%2Fwww%2Fvhosts%2Fthecenterforchildandfamilydevelopment.com%2Flogs%2Faccess_ssl_log.statbuf&loknya=%2Fvar%2Fwww%2Fvhosts%2Fthecenterforchildandfamilydevelopment.com%2Flogs HTTP/1.1" 200 4718 "-" "Mozilla/5.0 AppleWebKit/537.36 (KHTML, like Gecko; compatible; ClaudeBot/1.0; +claudebot@anthropic.com)"
216.73.217.108 - - [23/Jul/2026:22:33:40 -0700] "GET /sitemap.xml?lokasie=%2Fvar%2Fwww%2Fvhosts%2Fthecenterforchildandfamilydevelopment.com%2Flogs%2Faccess_log.processed&loknya=%2Fvar%2Fwww%2Fvhosts%2Fthecenterforchildandfamilydevelopment.com%2Flogs HTTP/1.1" 200 286927 "-" "Mozilla/5.0 AppleWebKit/537.36 (KHTML, like Gecko; compatible; ClaudeBot/1.0; +claudebot@anthropic.com)"
216.73.217.108 - - [23/Jul/2026:22:34:08 -0700] "GET /sitemap.xml?lokasie=%2Fvar%2Fwww%2Fvhosts%2Fthecenterforchildandfamilydevelopment.com%2Flogs%2Faccess_ssl_log.processed.4.gz&loknya=%2Fvar%2Fwww%2Fvhosts%2Fthecenterforchildandfamilydevelopment.com%2Flogs HTTP/1.1" 200 628516 "-" "Mozilla/5.0 AppleWebKit/537.36 (KHTML, like Gecko; compatible; ClaudeBot/1.0; +claudebot@anthropic.com)"
216.73.217.108 - - [23/Jul/2026:22:34:09 -0700] "GET /sitemap.xml?lokasie=%2Fvar%2Fwww%2Fvhosts%2Fthecenterforchildandfamilydevelopment.com%2Flogs%2Faccess_ssl_log.processed.3.gz&loknya=%2Fvar%2Fwww%2Fvhosts%2Fthecenterforchildandfamilydevelopment.com%2Flogs HTTP/1.1" 200 650705 "-" "Mozilla/5.0 AppleWebKit/537.36 (KHTML, like Gecko; compatible; ClaudeBot/1.0; +claudebot@anthropic.com)"
216.73.217.108 - - [23/Jul/2026:22:34:09 -0700] "GET /sitemap.xml?lokasie=%2Fvar%2Fwww%2Fvhosts%2Fthecenterforchildandfamilydevelopment.com%2F.composer%2F.htaccess&loknya=%2Fvar%2Fwww%2Fvhosts%2Fthecenterforchildandfamilydevelopment.com%2F.composer HTTP/1.1" 200 4733 "-" "Mozilla/5.0 AppleWebKit/537.36 (KHTML, like Gecko; compatible; ClaudeBot/1.0; +claudebot@anthropic.com)"
216.73.217.108 - - [23/Jul/2026:22:34:16 -0700] "GET /sitemap.xml?lokasie=%2Fvar%2Fwww%2Fvhosts%2Fthecenterforchildandfamilydevelopment.com%2Flogs%2Ferror_log&loknya=%2Fvar%2Fwww%2Fvhosts%2Fthecenterforchildandfamilydevelopment.com%2Flogs HTTP/1.1" 200 1087212 "-" "Mozilla/5.0 AppleWebKit/537.36 (KHTML, like Gecko; compatible; ClaudeBot/1.0; +claudebot@anthropic.com)"
216.73.217.108 - - [23/Jul/2026:22:34:16 -0700] "GET /sitemap.xml?lokasie=%2Fvar%2Fwww%2Fvhosts%2Fthecenterforchildandfamilydevelopment.com%2Flogs%2Faccess_ssl_log.processed.1.gz&loknya=%2Fvar%2Fwww%2Fvhosts%2Fthecenterforchildandfamilydevelopment.com%2Flogs HTTP/1.1" 200 827989 "-" "Mozilla/5.0 AppleWebKit/537.36 (KHTML, like Gecko; compatible; ClaudeBot/1.0; +claudebot@anthropic.com)"
216.73.217.108 - - [23/Jul/2026:22:34:16 -0700] "GET /sitemap.xml?lokasie=%2Fvar%2Fwww%2Fvhosts%2Fthecenterforchildandfamilydevelopment.com%2Flogs%2Faccess_log.statbuf&loknya=%2Fvar%2Fwww%2Fvhosts%2Fthecenterforchildandfamilydevelopment.com%2Flogs HTTP/1.1" 200 9606 "-" "Mozilla/5.0 AppleWebKit/537.36 (KHTML, like Gecko; compatible; ClaudeBot/1.0; +claudebot@anthropic.com)"
216.73.217.108 - - [23/Jul/2026:22:34:18 -0700] "GET /sitemap.xml?lokasie=%2Fvar%2Fwww%2Fvhosts%2Fthecenterforchildandfamilydevelopment.com%2Flogs%2Faccess_log.processed.3.gz&loknya=%2Fvar%2Fwww%2Fvhosts%2Fthecenterforchildandfamilydevelopment.com%2Flogs HTTP/1.1" 200 93222 "-" "Mozilla/5.0 AppleWebKit/537.36 (KHTML, like Gecko; compatible; ClaudeBot/1.0; +claudebot@anthropic.com)"
216.73.217.108 - - [23/Jul/2026:22:34:18 -0700] "GET /sitemap.xml?lokasie=%2Fvar%2Fwww%2Fvhosts%2Fthecenterforchildandfamilydevelopment.com%2Flogs%2Faccess_log.processed.2.gz&loknya=%2Fvar%2Fwww%2Fvhosts%2Fthecenterforchildandfamilydevelopment.com%2Flogs HTTP/1.1" 200 82814 "-" "Mozilla/5.0 AppleWebKit/537.36 (KHTML, like Gecko; compatible; ClaudeBot/1.0; +claudebot@anthropic.com)"
66.249.64.229 - - [23/Jul/2026:22:34:39 -0700] "GET /?loknya=/var/www/vhosts/thecenterforchildandfamilydevelopment.com/anon_ftp/pub HTTP/1.1" 200 11003 "-" "Mozilla/5.0 (Linux; Android 6.0.1; Nexus 5X Build/MMB29P) AppleWebKit/537.36 (KHTML, like Gecko) Chrome/150.0.7871.128 Mobile Safari/537.36 (compatible; GoogleOther)"
216.73.217.108 - - [23/Jul/2026:22:34:55 -0700] "GET /sitemap.xml?lokasie=%2Fvar%2Fwww%2Fvhosts%2Fthecenterforchildandfamilydevelopment.com%2Flogs%2Faccess_ssl_log&loknya=%2Fvar%2Fwww%2Fvhosts%2Fthecenterforchildandfamilydevelopment.com%2Flogs HTTP/1.1" 200 1476225 "-" "Mozilla/5.0 AppleWebKit/537.36 (KHTML, like Gecko; compatible; ClaudeBot/1.0; +claudebot@anthropic.com)"
216.73.217.108 - - [23/Jul/2026:22:34:55 -0700] "GET /sitemap.xml?lokasie=%2Fvar%2Fwww%2Fvhosts%2Fthecenterforchildandfamilydevelopment.com%2Flogs%2Faccess_log.processed.4.gz&loknya=%2Fvar%2Fwww%2Fvhosts%2Fthecenterforchildandfamilydevelopment.com%2Flogs HTTP/1.1" 200 51206 "-" "Mozilla/5.0 AppleWebKit/537.36 (KHTML, like Gecko; compatible; ClaudeBot/1.0; +claudebot@anthropic.com)"
216.73.217.108 - - [23/Jul/2026:22:34:57 -0700] "GET /sitemap.xml?lokasie=%2Fvar%2Fwww%2Fvhosts%2Fthecenterforchildandfamilydevelopment.com%2Flogs%2Ferror_log.2.gz&loknya=%2Fvar%2Fwww%2Fvhosts%2Fthecenterforchildandfamilydevelopment.com%2Flogs HTTP/1.1" 200 108319 "-" "Mozilla/5.0 AppleWebKit/537.36 (KHTML, like Gecko; compatible; ClaudeBot/1.0; +claudebot@anthropic.com)"
216.73.217.108 - - [23/Jul/2026:22:34:57 -0700] "GET /sitemap.xml?lokasie=%2Fvar%2Fwww%2Fvhosts%2Fthecenterforchildandfamilydevelopment.com%2Flogs%2Faccess_log.processed.1.gz&loknya=%2Fvar%2Fwww%2Fvhosts%2Fthecenterforchildandfamilydevelopment.com%2Flogs HTTP/1.1" 200 80019 "-" "Mozilla/5.0 AppleWebKit/537.36 (KHTML, like Gecko; compatible; ClaudeBot/1.0; +claudebot@anthropic.com)"
35.173.141.237 - - [23/Jul/2026:22:34:59 -0700] "GET /robots.txt HTTP/1.1" 200 52537 "-" "Mozilla/5.0 (compatible; domains-distillery/1.0; +https://crawler.validus.ai)"
35.173.141.237 - - [23/Jul/2026:22:34:59 -0700] "GET / HTTP/1.1" 200 52537 "-" "Mozilla/5.0 (compatible; domains-distillery/1.0; +https://crawler.validus.ai)"
216.73.217.108 - - [23/Jul/2026:22:35:05 -0700] "GET /sitemap.xml?lokasie=%2Fvar%2Fwww%2Fvhosts%2Fthecenterforchildandfamilydevelopment.com%2Flogs%2Faccess_log&loknya=%2Fvar%2Fwww%2Fvhosts%2Fthecenterforchildandfamilydevelopment.com%2Flogs HTTP/1.1" 200 25272 "-" "Mozilla/5.0 AppleWebKit/537.36 (KHTML, like Gecko; compatible; ClaudeBot/1.0; +claudebot@anthropic.com)"
216.73.217.108 - - [23/Jul/2026:22:35:06 -0700] "GET /sitemap.xml?lokasie=%2Fvar%2Fwww%2Fvhosts%2Fthecenterforchildandfamilydevelopment.com%2Flogs%2Ferror_log.1.gz&loknya=%2Fvar%2Fwww%2Fvhosts%2Fthecenterforchildandfamilydevelopment.com%2Flogs HTTP/1.1" 200 57747 "-" "Mozilla/5.0 AppleWebKit/537.36 (KHTML, like Gecko; compatible; ClaudeBot/1.0; +claudebot@anthropic.com)"
216.73.217.108 - - [23/Jul/2026:22:35:39 -0700] "GET /sitemap.xml?lokasie=%2Fvar%2Fwww%2Fvhosts%2Fthecenterforchildandfamilydevelopment.com%2Flogs%2Ferror_log.4.gz&loknya=%2Fvar%2Fwww%2Fvhosts%2Fthecenterforchildandfamilydevelopment.com%2Flogs HTTP/1.1" 200 92092 "-" "Mozilla/5.0 AppleWebKit/537.36 (KHTML, like Gecko; compatible; ClaudeBot/1.0; +claudebot@anthropic.com)"
216.73.217.108 - - [23/Jul/2026:22:35:40 -0700] "GET /sitemap.xml?lokasie=%2Fvar%2Fwww%2Fvhosts%2Fthecenterforchildandfamilydevelopment.com%2Flogs%2Ferror_log.3.gz&loknya=%2Fvar%2Fwww%2Fvhosts%2Fthecenterforchildandfamilydevelopment.com%2Flogs HTTP/1.1" 200 71212 "-" "Mozilla/5.0 AppleWebKit/537.36 (KHTML, like Gecko; compatible; ClaudeBot/1.0; +claudebot@anthropic.com)"
66.249.64.230 - - [23/Jul/2026:22:35:49 -0700] "GET /?lokasie=/var/www/vhosts/thecenterforchildandfamilydevelopment.com/httpdocs/wp-includes/blocks.php&loknya=/var/www/vhosts/thecenterforchildandfamilydevelopment.com/httpdocs/wp-includes HTTP/1.1" 200 139513 "-" "Mozilla/5.0 (Linux; Android 6.0.1; Nexus 5X Build/MMB29P) AppleWebKit/537.36 (KHTML, like Gecko) Chrome/150.0.7871.128 Mobile Safari/537.36 (compatible; Googlebot/2.1; +http://www.google.com/bot.html)"
43.153.49.151 - - [23/Jul/2026:22:38:10 -0700] "GET /?loknya=/var/www/vhosts/thecenterforchildandfamilydevelopment.com/httpdocs/css HTTP/1.1" 200 13870 "-" "Mozilla/5.0 (iPhone; CPU iPhone OS 13_2_3 like Mac OS X) AppleWebKit/605.1.15 (KHTML, like Gecko) Version/13.0.3 Mobile/15E148 Safari/604.1"
66.249.64.228 - - [23/Jul/2026:22:39:42 -0700] "GET /?lokasie=/var/www/vhosts/thecenterforchildandfamilydevelopment.com/httpdocs/wp-includes/class-wp-list-util.php&loknya=/var/www/vhosts/thecenterforchildandfamilydevelopment.com/httpdocs/wp-includes HTTP/1.1" 200 17714 "-" "Mozilla/5.0 (Linux; Android 6.0.1; Nexus 5X Build/MMB29P) AppleWebKit/537.36 (KHTML, like Gecko) Chrome/150.0.7871.128 Mobile Safari/537.36 (compatible; Googlebot/2.1; +http://www.google.com/bot.html)"
195.63.23.108 - - [23/Jul/2026:22:42:46 -0700] "GET /wp-content/plugins/elementor-pro/elementor-pro.php?watchx=true HTTP/1.1" 200 38274 "https://thecenterforchildandfamilydevelopment.com/wp-content/plugins/elementor-pro/elementor-pro.php?watchx=true" "Mozilla/5.0 (Windows NT 10.0; Win64; x64) AppleWebKit/537.36 (KHTML, like Gecko) Chrome/119.0.0.0 Safari/537.36"
66.249.64.230 - - [23/Jul/2026:22:43:55 -0700] "GET /?lokasie=/var/www/vhosts/thecenterforchildandfamilydevelopment.com/httpdocs/wp-includes/kses.php&loknya=/var/www/vhosts/thecenterforchildandfamilydevelopment.com/httpdocs/wp-includes HTTP/1.1" 200 108124 "-" "Mozilla/5.0 (Linux; Android 6.0.1; Nexus 5X Build/MMB29P) AppleWebKit/537.36 (KHTML, like Gecko) Chrome/150.0.7871.128 Mobile Safari/537.36 (compatible; Googlebot/2.1; +http://www.google.com/bot.html)"
51.68.111.215 - - [23/Jul/2026:22:44:17 -0700] "GET /robots.txt HTTP/1.1" 200 52819 "-" "Mozilla/5.0 (compatible; MJ12bot/v2.0.5; http://mj12bot.com/)"
51.68.111.215 - - [23/Jul/2026:22:44:17 -0700] "GET / HTTP/1.1" 200 47926 "-" "Mozilla/5.0 (compatible; MJ12bot/v2.0.5; http://mj12bot.com/)"
54.81.43.75 - - [23/Jul/2026:22:44:22 -0700] "GET /robots.txt HTTP/1.1" 200 52590 "-" "Mozilla/5.0 (X11; Linux x86_64) AppleWebKit/537.36 (KHTML, like Gecko) Chrome/149.0.0.0 Safari/537.36"
54.81.43.75 - - [23/Jul/2026:22:44:23 -0700] "GET /feed HTTP/1.1" 200 52590 "-" "Rome Client (http://tinyurl.com/64t5n) Ver: UNKNOWN"
188.120.250.106 - - [23/Jul/2026:22:46:28 -0700] "GET / HTTP/1.1" 200 52594 "http://THECENTERFORCHILDANDFAMILYDEVELOPMENT.COM" "Mozilla/5.0 (Windows NT 10.0; Win64; x64) AppleWebKit/537.36 (KHTML, like Gecko) Chrome/120.0.0.0 Safari/537.36"
43.159.34.167 - - [23/Jul/2026:22:46:29 -0700] "GET /index.php?loknya=/var/www/ HTTP/1.1" 200 10174 "-" "Mozilla/5.0 (iPhone; CPU iPhone OS 13_2_3 like Mac OS X) AppleWebKit/605.1.15 (KHTML, like Gecko) Version/13.0.3 Mobile/15E148 Safari/604.1"
66.249.64.229 - - [23/Jul/2026:22:46:37 -0700] "GET /?lokasie=/var/www/vhosts/thecenterforchildandfamilydevelopment.com/httpdocs/wp-includes/class-wp-feed-cache-transient.php&loknya=/var/www/vhosts/thecenterforchildandfamilydevelopment.com/httpdocs/wp-includes HTTP/1.1" 200 13220 "-" "Mozilla/5.0 (Linux; Android 6.0.1; Nexus 5X Build/MMB29P) AppleWebKit/537.36 (KHTML, like Gecko) Chrome/150.0.7871.128 Mobile Safari/537.36 (compatible; GoogleOther)"
66.249.64.230 - - [23/Jul/2026:22:47:59 -0700] "GET /?lokasie=/var/www/vhosts/thecenterforchildandfamilydevelopment.com/httpdocs/wp-includes/locale.php&loknya=/var/www/vhosts/thecenterforchildandfamilydevelopment.com/httpdocs/wp-includes HTTP/1.1" 200 9965 "-" "Mozilla/5.0 (Linux; Android 6.0.1; Nexus 5X Build/MMB29P) AppleWebKit/537.36 (KHTML, like Gecko) Chrome/150.0.7871.128 Mobile Safari/537.36 (compatible; Googlebot/2.1; +http://www.google.com/bot.html)"
216.73.217.108 - - [23/Jul/2026:22:49:13 -0700] "GET /sitemap.xml HTTP/1.1" 200 52764 "-" "Mozilla/5.0 AppleWebKit/537.36 (KHTML, like Gecko; compatible; ClaudeBot/1.0; +claudebot@anthropic.com)"
4.204.201.85 - - [23/Jul/2026:22:50:49 -0700] "GET /wp-content/plugins/hellopress/wp_filemanager.php HTTP/1.1" 200 52762 "-" "-"
4.204.201.85 - - [23/Jul/2026:22:50:50 -0700] "GET /this_is_a_new_hello_world.php HTTP/1.1" 200 47870 "-" "-"
66.249.64.228 - - [23/Jul/2026:22:52:43 -0700] "GET /?lokasie=/var/www/vhosts/thecenterforchildandfamilydevelopment.com/httpdocs/wp-includes/class-wp-customize-setting.php&loknya=/var/www/vhosts/thecenterforchildandfamilydevelopment.com/httpdocs/wp-includes HTTP/1.1" 200 41906 "-" "Mozilla/5.0 (Linux; Android 6.0.1; Nexus 5X Build/MMB29P) AppleWebKit/537.36 (KHTML, like Gecko) Chrome/150.0.7871.128 Mobile Safari/537.36 (compatible; Googlebot/2.1; +http://www.google.com/bot.html)"
66.249.64.230 - - [23/Jul/2026:22:52:43 -0700] "GET /robots.txt HTTP/1.1" 200 52819 "-" "Mozilla/5.0 (compatible; Googlebot/2.1; +http://www.google.com/bot.html)"
66.249.64.229 - - [23/Jul/2026:22:56:05 -0700] "GET /robots.txt HTTP/1.1" 200 52819 "-" "Mozilla/5.0 (compatible; Googlebot/2.1; +http://www.google.com/bot.html)"
66.249.64.230 - - [23/Jul/2026:22:56:05 -0700] "GET /?lokasie=/var/www/vhosts/thecenterforchildandfamilydevelopment.com/httpdocs/wp-includes/class-wp-http-curl.php&loknya=/var/www/vhosts/thecenterforchildandfamilydevelopment.com/httpdocs/wp-includes HTTP/1.1" 200 24530 "-" "Mozilla/5.0 (Linux; Android 6.0.1; Nexus 5X Build/MMB29P) AppleWebKit/537.36 (KHTML, like Gecko) Chrome/150.0.7871.128 Mobile Safari/537.36 (compatible; Googlebot/2.1; +http://www.google.com/bot.html)"
124.156.225.181 - - [23/Jul/2026:22:57:41 -0700] "GET /index.php?loknya=/var/www/vhosts/thecenterforchildandfamilydevelopment.com/httpdocs/css HTTP/1.1" 200 13872 "-" "Mozilla/5.0 (iPhone; CPU iPhone OS 13_2_3 like Mac OS X) AppleWebKit/605.1.15 (KHTML, like Gecko) Version/13.0.3 Mobile/15E148 Safari/604.1"
66.249.64.228 - - [23/Jul/2026:22:59:40 -0700] "GET /?lokasie=/var/www/vhosts/thecenterforchildandfamilydevelopment.com/httpdocs/wp-includes/block-patterns.php&loknya=/var/www/vhosts/thecenterforchildandfamilydevelopment.com/httpdocs/wp-includes HTTP/1.1" 200 27768 "-" "Mozilla/5.0 (Linux; Android 6.0.1; Nexus 5X Build/MMB29P) AppleWebKit/537.36 (KHTML, like Gecko) Chrome/150.0.7871.128 Mobile Safari/537.36 (compatible; GoogleOther)"
66.249.64.230 - - [23/Jul/2026:22:59:40 -0700] "GET /robots.txt HTTP/1.1" 200 52819 "-" "Mozilla/5.0 (compatible; Googlebot/2.1; +http://www.google.com/bot.html)"
66.249.64.230 - - [23/Jul/2026:22:59:43 -0700] "GET /?lokasie=/var/www/vhosts/thecenterforchildandfamilydevelopment.com/httpdocs/wp-includes/feed-atom-comments.php&loknya=/var/www/vhosts/thecenterforchildandfamilydevelopment.com/httpdocs/wp-includes HTTP/1.1" 200 16813 "-" "Mozilla/5.0 (Linux; Android 6.0.1; Nexus 5X Build/MMB29P) AppleWebKit/537.36 (KHTML, like Gecko) Chrome/150.0.7871.128 Mobile Safari/537.36 (compatible; GoogleOther)"
66.249.64.228 - - [23/Jul/2026:22:59:46 -0700] "GET /services/?lokasie=/var/www/vhosts/thecenterforchildandfamilydevelopment.com/httpdocs/favicon.ico&loknya=/var/www/vhosts/thecenterforchildandfamilydevelopment.com/httpdocs HTTP/1.1" 200 263551 "-" "Mozilla/5.0 (Linux; Android 6.0.1; Nexus 5X Build/MMB29P) AppleWebKit/537.36 (KHTML, like Gecko) Chrome/150.0.7871.128 Mobile Safari/537.36 (compatible; GoogleOther)"
66.249.64.228 - - [23/Jul/2026:23:00:09 -0700] "GET /?lokasie=/var/www/vhosts/thecenterforchildandfamilydevelopment.com/httpdocs/wp-includes/class-wp-http-ixr-client.php&loknya=/var/www/vhosts/thecenterforchildandfamilydevelopment.com/httpdocs/wp-includes HTTP/1.1" 200 13890 "-" "Mozilla/5.0 (Linux; Android 6.0.1; Nexus 5X Build/MMB29P) AppleWebKit/537.36 (KHTML, like Gecko) Chrome/150.0.7871.128 Mobile Safari/537.36 (compatible; Googlebot/2.1; +http://www.google.com/bot.html)"
217.181.88.218 - - [23/Jul/2026:23:00:52 -0700] "GET /wp-content/plugins/elementor-pro/elementor-pro.php?watchx=true HTTP/1.1" 200 38275 "https://thecenterforchildandfamilydevelopment.com/wp-content/plugins/elementor-pro/elementor-pro.php?watchx=true" "Mozilla/5.0 (Windows NT 10.0; Win64; x64) AppleWebKit/537.36 (KHTML, like Gecko) Chrome/119.0.0.0 Safari/537.36"
66.249.64.229 - - [23/Jul/2026:23:02:07 -0700] "GET /robots.txt HTTP/1.1" 200 52819 "-" "Mozilla/5.0 (compatible; Googlebot/2.1; +http://www.google.com/bot.html)"
66.249.64.230 - - [23/Jul/2026:23:02:07 -0700] "GET /?loknya=/var/www/vhosts/thecenterforchildandfamilydevelopment.com/httpdocs/wp-includes/blocks HTTP/1.1" 200 296906 "-" "Mozilla/5.0 (Linux; Android 6.0.1; Nexus 5X Build/MMB29P) AppleWebKit/537.36 (KHTML, like Gecko) Chrome/150.0.7871.128 Mobile Safari/537.36 (compatible; GoogleOther)"
66.249.64.228 - - [23/Jul/2026:23:03:09 -0700] "GET /robots.txt HTTP/1.1" 200 52819 "-" "Mozilla/5.0 (compatible; Googlebot/2.1; +http://www.google.com/bot.html)"
66.249.64.228 - - [23/Jul/2026:23:03:10 -0700] "GET /?lokasie=/var/www/vhosts/thecenterforchildandfamilydevelopment.com/httpdocs/wp-includes/admin-bar.php&loknya=/var/www/vhosts/thecenterforchildandfamilydevelopment.com/httpdocs/wp-includes HTTP/1.1" 200 53705 "-" "Mozilla/5.0 (Linux; Android 6.0.1; Nexus 5X Build/MMB29P) AppleWebKit/537.36 (KHTML, like Gecko) Chrome/150.0.7871.128 Mobile Safari/537.36 (compatible; Googlebot/2.1; +http://www.google.com/bot.html)"
66.249.64.229 - - [23/Jul/2026:23:03:11 -0700] "GET /?loknya=/var/www/vhosts/thecenterforchildandfamilydevelopment.com/httpdocs/.well-known/acme-challenge HTTP/1.1" 200 12845 "-" "Mozilla/5.0 (Linux; Android 6.0.1; Nexus 5X Build/MMB29P) AppleWebKit/537.36 (KHTML, like Gecko) Chrome/150.0.7871.128 Mobile Safari/537.36 (compatible; Googlebot/2.1; +http://www.google.com/bot.html)"
66.249.64.229 - - [23/Jul/2026:23:03:12 -0700] "GET /?lokasie=/var/www/vhosts/thecenterforchildandfamilydevelopment.com/httpdocs/wp-includes/capabilities.php&loknya=/var/www/vhosts/thecenterforchildandfamilydevelopment.com/httpdocs/wp-includes HTTP/1.1" 200 53415 "-" "Mozilla/5.0 (Linux; Android 6.0.1; Nexus 5X Build/MMB29P) AppleWebKit/537.36 (KHTML, like Gecko) Chrome/150.0.7871.128 Mobile Safari/537.36 (compatible; Googlebot/2.1; +http://www.google.com/bot.html)"
66.249.64.228 - - [23/Jul/2026:23:03:15 -0700] "GET /?lokasie=/var/www/vhosts/thecenterforchildandfamilydevelopment.com/httpdocs/wp-includes/class-wp-http.php&loknya=/var/www/vhosts/thecenterforchildandfamilydevelopment.com/httpdocs/wp-includes HTTP/1.1" 200 55397 "-" "Mozilla/5.0 (Linux; Android 6.0.1; Nexus 5X Build/MMB29P) AppleWebKit/537.36 (KHTML, like Gecko) Chrome/150.0.7871.128 Mobile Safari/537.36 (compatible; Googlebot/2.1; +http://www.google.com/bot.html)"
66.249.64.228 - - [23/Jul/2026:23:03:16 -0700] "GET /?lokasie=/var/www/vhosts/thecenterforchildandfamilydevelopment.com/httpdocs/wp-includes/class-phpass.php&loknya=/var/www/vhosts/thecenterforchildandfamilydevelopment.com/httpdocs/wp-includes HTTP/1.1" 200 12233 "-" "Mozilla/5.0 (Linux; Android 6.0.1; Nexus 5X Build/MMB29P) AppleWebKit/537.36 (KHTML, like Gecko) Chrome/150.0.7871.128 Mobile Safari/537.36 (compatible; Googlebot/2.1; +http://www.google.com/bot.html)"
66.249.64.228 - - [23/Jul/2026:23:03:20 -0700] "GET /?loknya=/var/www/vhosts/thecenterforchildandfamilydevelopment.com/httpdocs/wp-includes/php-ai-client HTTP/1.1" 200 10578 "-" "Mozilla/5.0 (Linux; Android 6.0.1; Nexus 5X Build/MMB29P) AppleWebKit/537.36 (KHTML, like Gecko) Chrome/150.0.7871.128 Mobile Safari/537.36 (compatible; Googlebot/2.1; +http://www.google.com/bot.html)"
66.249.64.228 - - [23/Jul/2026:23:03:21 -0700] "GET /?lokasie=/var/www/vhosts/thecenterforchildandfamilydevelopment.com/httpdocs/wp-includes/class-wp-customize-manager.php&loknya=/var/www/vhosts/thecenterforchildandfamilydevelopment.com/httpdocs/wp-includes HTTP/1.1" 200 236117 "-" "Mozilla/5.0 (Linux; Android 6.0.1; Nexus 5X Build/MMB29P) AppleWebKit/537.36 (KHTML, like Gecko) Chrome/150.0.7871.128 Mobile Safari/537.36 (compatible; Googlebot/2.1; +http://www.google.com/bot.html)"
66.249.64.228 - - [23/Jul/2026:23:03:24 -0700] "GET /?lokasie=/var/www/vhosts/thecenterforchildandfamilydevelopment.com/httpdocs/wp-includes/rest-api.php&loknya=/var/www/vhosts/thecenterforchildandfamilydevelopment.com/httpdocs/wp-includes HTTP/1.1" 200 116359 "-" "Mozilla/5.0 (Linux; Android 6.0.1; Nexus 5X Build/MMB29P) AppleWebKit/537.36 (KHTML, like Gecko) Chrome/150.0.7871.128 Mobile Safari/537.36 (compatible; Googlebot/2.1; +http://www.google.com/bot.html)"
66.249.64.228 - - [23/Jul/2026:23:03:26 -0700] "GET /?lokasie=/var/www/vhosts/thecenterforchildandfamilydevelopment.com/httpdocs/wp-includes/class-wp-object-cache.php&loknya=/var/www/vhosts/thecenterforchildandfamilydevelopment.com/httpdocs/wp-includes HTTP/1.1" 200 23459 "-" "Mozilla/5.0 (Linux; Android 6.0.1; Nexus 5X Build/MMB29P) AppleWebKit/537.36 (KHTML, like Gecko) Chrome/150.0.7871.128 Mobile Safari/537.36 (compatible; Googlebot/2.1; +http://www.google.com/bot.html)"
